{"id":119,"date":"2022-04-04T16:20:22","date_gmt":"2022-04-04T14:20:22","guid":{"rendered":"https:\/\/roulettes.vaniseo.top\/index.php\/produit\/patere-murale-decorative-en-resine-cassette-audio-vintage\/"},"modified":"2022-04-04T17:13:47","modified_gmt":"2022-04-04T15:13:47","slug":"patere-murale-decorative-en-resine-cassette-audio-vintage","status":"publish","type":"product","link":"https:\/\/roulettes.vaniseo.top\/index.php\/produit\/patere-murale-decorative-en-resine-cassette-audio-vintage\/","title":{"rendered":"Patere murale decorative en r\u00e9sine cassette audio vintage"},"content":{"rendered":"<h3>Porte manteau cassette audio vintage design en r\u00e9sine<\/h3>\n<p>_x000D_n<strong>1001 Pat\u00e8res<\/strong> est le <strong>n\u00b01 en France de vente de pat\u00e8res et de porte manteaux<\/strong> via son site marchand. Il vous propose ici de d\u00e9couvrir la <strong>patere murale decorative en r\u00e9sine cassette audio vintage<\/strong>._x000D_n_x000D_nEn effet, ce sp\u00e9cialiste vous d\u00e9crit ci dessous l&rsquo;ensemble des informations techniques et d\u00e9coratives de cette r\u00e9f\u00e9rence._x000D_n_x000D_nComme vous avez pu le constater sur ce site, il est expert pour d\u00e9nicher les <strong>meilleurs rapports qualit\u00e9 prix de pat\u00e8res dans le monde entier<\/strong>. Il\u00a0maximise les possibilit\u00e9s de styles et de rangement quelque soit le budget. Ainsi, en soutenant ce site fran\u00e7ais, vous r\u00e9duisez frais et d\u00e9lai de livraison pour profiter du meilleur de ce qui se fait aujourd&rsquo;hui en terme de porte manteaux._x000D_n_x000D_nAinsi, ci-contre, dans l\u2019objectif de cr\u00e9er une\u00a0<strong>v\u00e9ritable d\u00e9co vintage<\/strong>, il propose une cassette audio vintage. Sachez qu\u2019il existe \u00e9galement dans le m\u00eame esprit la <a href=\"https:\/\/1001pateres.com\/produit\/patere-design-et-deco-en-forme-de-camera-de-cinema\/\">cam\u00e9ra de cin\u00e9ma<\/a>, mais aussi la <a href=\"https:\/\/1001pateres.com\/produit\/patere-design-et-deco-en-forme-de-bobine-de-cinema\/\">bobine de cin\u00e9ma<\/a>,\u00a0la <a href=\"https:\/\/1001pateres.com\/produit\/patere-design-et-deco-en-forme-de-disquette-vintage\/\">disquette<\/a> et le <a href=\"https:\/\/1001pateres.com\/produit\/patere-design-et-deco-en-forme-de-disque-vinyle\/\">disque vinyle<\/a>. L\u2019ensemble convient donc parfaitement aux passionn\u00e9s de musique et d&rsquo;objets d&rsquo;\u00e9p_x000D_n_x000D_n&nbsp;_x000D_n<\/p>\n<h3>Patere murale decorative en r\u00e9sine : cassette audio vintage<\/h3>\n<p>_x000D_nPar ailleurs, ci-contre, le porte manteau cassette audio vintage\u00a0est en <strong>r\u00e9sine<\/strong>. Il dispose d\u2019un <strong>crochet en m\u00e9tal<\/strong>\u00a0noir avec une petite boule \u00e0 son extr\u00e9mit\u00e9 pour ne pas marquer ce que vous y suspendrez._x000D_n_x000D_nC\u00f4t\u00e9 installation, l\u2019ensemble du syst\u00e8me d\u2019accrochage est au dos, en <strong>m\u00e9tal dor\u00e9<\/strong>.\u00a0Il inclut vis, plaque et cheville mais n\u00e9cessite l\u2019usage de votre perceuse._x000D_n_x000D_nEnfin, cet objet est juste parfait pour <strong>compl\u00e9ter un th\u00e8me d\u00e9coratif<\/strong>\u00a0vintage ou de musicien dans un bureau, une entr\u00e9e, un couloir, ou encore une chambre._x000D_n_x000D_nA noter qu\u2019il est pr\u00e9f\u00e9rable de l\u2019installer<strong>\u00a0sur un mur clair<\/strong> pour contraster avec ses coloris fonc\u00e9s. Et, pensez \u00e0 tenir compte de ses <strong>dimensions<\/strong> ci dessous, notamment dans le cas o\u00f9 vous souhaitez en mettre plusieurs:_x000D_n<\/p>\n<ul>_x000D_n \t<\/p>\n<li>Pat\u00e8re murale d\u00e9corative en r\u00e9sine: 6,3 cm X 9,7 cm<\/li>\n<p>_x000D_n \t<\/p>\n<li>Hauteur totale avec le crochet: 14,5 cm<\/li>\n<p>_x000D_n \t<\/p>\n<li>Ecartement du mur: 4 cm<\/li>\n<p>_x000D_n<\/ul>\n","protected":false},"excerpt":{"rendered":"<p>Belle pat\u00e8re porte-manteau en forme de <strong>cassette audio<\/strong> <em><strong>vintage<\/strong><\/em>.\u00a0Elle est en r\u00e9sine et peut r\u00e9sister \u00e0 un poids de 5 kg.\u00a0Elle est \u00e0 poser dans la chambre ou dans l&rsquo;entr\u00e9e pour ne plus voir trainer ses affaires ou tout simplement \u00e0 utiliser en d\u00e9co vintage. Sa pose n\u00e9cessite l&rsquo;usage d&rsquo;une perceuse pour plus de r\u00e9sistance.<\/p>\n","protected":false},"featured_media":1009,"comment_status":"closed","ping_status":"open","template":"","meta":[],"product_cat":[29,16],"product_tag":[27],"class_list":["post-119","product","type-product","status-publish","has-post-thumbnail","hentry","product_cat-chambre-adulte","product_cat-chambre-enfant","product_tag-crochet-patere-patere-design-patere-murale-patere-porte-pateres-porte-serviette-porte-torchon-vestiaire","description-off"],"_links":{"self":[{"href":"https:\/\/roulettes.vaniseo.top\/index.php\/wp-json\/wp\/v2\/product\/119","targetHints":{"allow":["GET"]}}],"collection":[{"href":"https:\/\/roulettes.vaniseo.top\/index.php\/wp-json\/wp\/v2\/product"}],"about":[{"href":"https:\/\/roulettes.vaniseo.top\/index.php\/wp-json\/wp\/v2\/types\/product"}],"replies":[{"embeddable":true,"href":"https:\/\/roulettes.vaniseo.top\/index.php\/wp-json\/wp\/v2\/comments?post=119"}],"version-history":[{"count":0,"href":"https:\/\/roulettes.vaniseo.top\/index.php\/wp-json\/wp\/v2\/product\/119\/revisions"}],"wp:featuredmedia":[{"embeddable":true,"href":"https:\/\/roulettes.vaniseo.top\/index.php\/wp-json\/wp\/v2\/media\/1009"}],"wp:attachment":[{"href":"https:\/\/roulettes.vaniseo.top\/index.php\/wp-json\/wp\/v2\/media?parent=119"}],"wp:term":[{"taxonomy":"product_cat","embeddable":true,"href":"https:\/\/roulettes.vaniseo.top\/index.php\/wp-json\/wp\/v2\/product_cat?post=119"},{"taxonomy":"product_tag","embeddable":true,"href":"https:\/\/roulettes.vaniseo.top\/index.php\/wp-json\/wp\/v2\/product_tag?post=119"}],"curies":[{"name":"wp","href":"https:\/\/api.w.org\/{rel}","templated":true}]}}