{"id":122,"date":"2022-04-04T16:20:22","date_gmt":"2022-04-04T14:20:22","guid":{"rendered":"https:\/\/roulettes.vaniseo.top\/index.php\/produit\/porte-manteau-camera-de-cinema-vintage-design-en-resine\/"},"modified":"2022-04-04T17:14:08","modified_gmt":"2022-04-04T15:14:08","slug":"porte-manteau-camera-de-cinema-vintage-design-en-resine","status":"publish","type":"product","link":"https:\/\/roulettes.vaniseo.top\/index.php\/produit\/porte-manteau-camera-de-cinema-vintage-design-en-resine\/","title":{"rendered":"Porte manteau cam\u00e9ra de cin\u00e9ma vintage design en r\u00e9sine"},"content":{"rendered":"<h3>Patere murale decorative en r\u00e9sine : cam\u00e9ra de cin\u00e9ma<\/h3>\n<p>_x000D_n<strong>1001 Pat\u00e8res<\/strong> vous propose de d\u00e9couvrir ici toutes les informations concernant le <strong>porte manteau cam\u00e9ra de cin\u00e9ma vintage<\/strong>. Un v\u00e9ritable objet <strong>design en r\u00e9sine<\/strong>._x000D_n_x000D_nEn effet, 1001 Pat\u00e8res est le <strong>n\u00b01 en France de pat\u00e8res et porte manteaux<\/strong> via son site marchand. Il d\u00e9niche aux 4 coins du monde les <strong>meilleurs rapports qualit\u00e9 prix<\/strong> pour maximiser les possibilit\u00e9s de styles et selon tous budgets._x000D_n_x000D_nAinsi, ci-contre, pour cr\u00e9er un <strong>v\u00e9ritable univers de cin\u00e9ma<\/strong>, il vous est propos\u00e9 un porte manteau cam\u00e9ra. Sachez qu&rsquo;il existe \u00e9galement dans le m\u00eame esprit la <a href=\"https:\/\/1001pateres.com\/produit\/patere-design-et-deco-en-forme-de-bobine-de-cinema\/\">bobine de cin\u00e9ma<\/a>, mais aussi la <a href=\"https:\/\/1001pateres.com\/produit\/patere-design-et-deco-en-forme-de-cassette-audio-vintage\/\">cassette audio<\/a>, la <a href=\"https:\/\/1001pateres.com\/produit\/patere-design-et-deco-en-forme-de-disquette-vintage\/\">disquette<\/a> et le <a href=\"https:\/\/1001pateres.com\/produit\/patere-design-et-deco-en-forme-de-disque-vinyle\/\">disque vinyle<\/a>. L&rsquo;ensemble convient parfaitement pour r\u00e9aliser un <strong>d\u00e9cor vintage<\/strong>!_x000D_n_x000D_n&nbsp;_x000D_n<\/p>\n<h3>Porte manteau cam\u00e9ra de cin\u00e9ma design en r\u00e9sine<\/h3>\n<p>_x000D_nPar ailleurs, ci-contre, la p<strong>atere murale decorative<\/strong> est en <strong>r\u00e9sine<\/strong>. Elle comporte un <strong>crochet en m\u00e9tal<\/strong> avec une petite boule blanche \u00e0 l&rsquo;extr\u00e9mit\u00e9 pour ne pas abimer les v\u00eatements qui y sont suspendus._x000D_n_x000D_nEn revanche, son syst\u00e8me d&rsquo;accrochage est en <strong>m\u00e9tal dor\u00e9<\/strong>.\u00a0Elle est vendue avec son syst\u00e8me d&rsquo;accrochage incluant vis, plaque et cheville. Sa pose n\u00e9cessite l&rsquo;utilisation d&rsquo;une perceuse._x000D_n_x000D_nPour finir, avec un tel style vintage et cette tr\u00e8s belle qualit\u00e9 de cr\u00e9ation en r\u00e9sine, vous n&rsquo;aurez aucun mal \u00e0 lui trouver une place dans un bureau, une entr\u00e9e, un dressing, ou une chambre. L&rsquo;id\u00e9e est bien s\u00fbr de venir <strong>compl\u00e9ter un th\u00e8me d\u00e9coratif<\/strong> autour du vintage ou\/et du cin\u00e9ma._x000D_n_x000D_n1001 Pat\u00e8res vous conseille donc d&rsquo;opter pour une <strong>installation sur un mur clair<\/strong> pour contraster avec son coloris noir. Et, pensez \u00e0 tenir compte de ses <strong>dimensions<\/strong> ci dessous, notamment dans le cas o\u00f9 vous souhaitez en mettre plusieurs:_x000D_n<\/p>\n<ul>_x000D_n \t<\/p>\n<li>Porte manteau cam\u00e9ra de cin\u00e9ma vintage en r\u00e9sine: 8,5 cm X 8 cm<\/li>\n<p>_x000D_n \t<\/p>\n<li>Hauteur totale avec le crochet: 13,5 cm<\/li>\n<p>_x000D_n \t<\/p>\n<li>Ecartement du mur: 4 cm<\/li>\n<p>_x000D_n<\/ul>\n","protected":false},"excerpt":{"rendered":"<p>Belle pat\u00e8re en forme de <em><strong>cam\u00e9ra pour le cin\u00e9ma<\/strong><\/em>. En <strong>r\u00e9sine<\/strong>, elle supporte des poids de 5 kg.\u00a0Elle est \u00e0 poser dans la chambre ou dans l&rsquo;entr\u00e9e pour ne plus voir trainer ses affaires. Facile \u00e0 poser, elle n\u00e9cessite l&rsquo;usage d&rsquo;une perceuse.<\/p>\n","protected":false},"featured_media":1018,"comment_status":"closed","ping_status":"open","template":"","meta":[],"product_cat":[29,16],"product_tag":[27],"class_list":["post-122","product","type-product","status-publish","has-post-thumbnail","hentry","product_cat-chambre-adulte","product_cat-chambre-enfant","product_tag-crochet-patere-patere-design-patere-murale-patere-porte-pateres-porte-serviette-porte-torchon-vestiaire","description-off"],"_links":{"self":[{"href":"https:\/\/roulettes.vaniseo.top\/index.php\/wp-json\/wp\/v2\/product\/122","targetHints":{"allow":["GET"]}}],"collection":[{"href":"https:\/\/roulettes.vaniseo.top\/index.php\/wp-json\/wp\/v2\/product"}],"about":[{"href":"https:\/\/roulettes.vaniseo.top\/index.php\/wp-json\/wp\/v2\/types\/product"}],"replies":[{"embeddable":true,"href":"https:\/\/roulettes.vaniseo.top\/index.php\/wp-json\/wp\/v2\/comments?post=122"}],"version-history":[{"count":0,"href":"https:\/\/roulettes.vaniseo.top\/index.php\/wp-json\/wp\/v2\/product\/122\/revisions"}],"wp:featuredmedia":[{"embeddable":true,"href":"https:\/\/roulettes.vaniseo.top\/index.php\/wp-json\/wp\/v2\/media\/1018"}],"wp:attachment":[{"href":"https:\/\/roulettes.vaniseo.top\/index.php\/wp-json\/wp\/v2\/media?parent=122"}],"wp:term":[{"taxonomy":"product_cat","embeddable":true,"href":"https:\/\/roulettes.vaniseo.top\/index.php\/wp-json\/wp\/v2\/product_cat?post=122"},{"taxonomy":"product_tag","embeddable":true,"href":"https:\/\/roulettes.vaniseo.top\/index.php\/wp-json\/wp\/v2\/product_tag?post=122"}],"curies":[{"name":"wp","href":"https:\/\/api.w.org\/{rel}","templated":true}]}}