{"id":135,"date":"2022-04-04T16:20:22","date_gmt":"2022-04-04T14:20:22","guid":{"rendered":"https:\/\/roulettes.vaniseo.top\/index.php\/produit\/patere-metal-6-crochets\/"},"modified":"2022-04-04T17:15:04","modified_gmt":"2022-04-04T15:15:04","slug":"patere-metal-6-crochets","status":"publish","type":"product","link":"https:\/\/roulettes.vaniseo.top\/index.php\/produit\/patere-metal-6-crochets\/","title":{"rendered":"Pat\u00e8re m\u00e9tal 6 crochets"},"content":{"rendered":"<h4>Porte-serviettes en m\u00e9tal embouti.<\/h4>\n<p>_x000D_n<strong>Pat\u00e8re m\u00e9tal<\/strong> <em><strong>6 crochets<\/strong><\/em>, elle est pratique et discr\u00e8te._x000D_n_x000D_nCette pat\u00e8re est \u00e0 poser partout dans la maison pour ne plus laisser trainer ses affaires et particuli\u00e8rement dans la salle de bain pour les serviettes._x000D_n_x000D_nElle comporte un syst\u00e8me d&rsquo;accrochage simple avec deux vis et chevilles fournies._x000D_n_x000D_n<span style=\"line-height: 1.5\">De belle qualit\u00e9, elle comporte des embouts arrondis pour \u00e9viter d&rsquo;abimer les v\u00eatements et permet de supporter un poids maximum de 5 kg.<\/span>_x000D_n_x000D_nSa pose est facile mais n\u00e9cessite l&rsquo;utilisation d&rsquo;une perceuse pour fixer les chevilles._x000D_n<\/p>\n<h4>Dimensions :<\/h4>\n<p>_x000D_n<\/p>\n<ul>_x000D_n \t<\/p>\n<li>La pat\u00e8re\u00a036,5 cm X 3,6 cm<\/li>\n<p>_x000D_n \t<\/p>\n<li>Le crochet \u00e9cartement 3,5 cm<\/li>\n<p>_x000D_n<\/ul>\n","protected":false},"excerpt":{"rendered":"<p><strong>Pat\u00e8re m\u00e9tal<\/strong> <em><strong>6 crochets<\/strong><\/em>, elle est pratique et discr\u00e8te. Cette pat\u00e8re est \u00e0 poser partout dans la maison pour ne plus laisser trainer ses affaires et particuli\u00e8rement dans la salle de bain pour les serviettes. Cette\u00a0pat\u00e8re est \u00e0 poser partout dans la maison pour ne plus laisser trainer ses affaires.<\/p>\n","protected":false},"featured_media":1044,"comment_status":"closed","ping_status":"open","template":"","meta":[],"product_cat":[20,30,17],"product_tag":[25],"class_list":["post-135","product","type-product","status-publish","has-post-thumbnail","hentry","product_cat-cuisine","product_cat-garage-cellier","product_cat-salle-de-bain","product_tag-crochet-patere-patere-design-patere-murale-patere-porte-pateres-porte-manteau-porte-serviette-porte-torchon-vestiaire","description-off"],"_links":{"self":[{"href":"https:\/\/roulettes.vaniseo.top\/index.php\/wp-json\/wp\/v2\/product\/135","targetHints":{"allow":["GET"]}}],"collection":[{"href":"https:\/\/roulettes.vaniseo.top\/index.php\/wp-json\/wp\/v2\/product"}],"about":[{"href":"https:\/\/roulettes.vaniseo.top\/index.php\/wp-json\/wp\/v2\/types\/product"}],"replies":[{"embeddable":true,"href":"https:\/\/roulettes.vaniseo.top\/index.php\/wp-json\/wp\/v2\/comments?post=135"}],"version-history":[{"count":0,"href":"https:\/\/roulettes.vaniseo.top\/index.php\/wp-json\/wp\/v2\/product\/135\/revisions"}],"wp:featuredmedia":[{"embeddable":true,"href":"https:\/\/roulettes.vaniseo.top\/index.php\/wp-json\/wp\/v2\/media\/1044"}],"wp:attachment":[{"href":"https:\/\/roulettes.vaniseo.top\/index.php\/wp-json\/wp\/v2\/media?parent=135"}],"wp:term":[{"taxonomy":"product_cat","embeddable":true,"href":"https:\/\/roulettes.vaniseo.top\/index.php\/wp-json\/wp\/v2\/product_cat?post=135"},{"taxonomy":"product_tag","embeddable":true,"href":"https:\/\/roulettes.vaniseo.top\/index.php\/wp-json\/wp\/v2\/product_tag?post=135"}],"curies":[{"name":"wp","href":"https:\/\/api.w.org\/{rel}","templated":true}]}}