{"id":137,"date":"2022-04-04T16:20:25","date_gmt":"2022-04-04T14:20:25","guid":{"rendered":"https:\/\/roulettes.vaniseo.top\/index.php\/produit\/pateres-bois-oiseaux-verts-sur-branche\/"},"modified":"2022-04-04T17:15:15","modified_gmt":"2022-04-04T15:15:15","slug":"pateres-bois-oiseaux-verts-sur-branche","status":"publish","type":"product","link":"https:\/\/roulettes.vaniseo.top\/index.php\/produit\/pateres-bois-oiseaux-verts-sur-branche\/","title":{"rendered":"Pat\u00e8res bois oiseaux verts sur branche"},"content":{"rendered":"<h3>Porte manteau mural bois avec oiseaux verts sur branche d&rsquo;arbre<\/h3>\n<p>_x000D_n<strong>1001 Pat\u00e8res<\/strong> vous offre le <strong>printemps<\/strong> dans votre maison! Emplies de douceurs, ces 4<strong> pat\u00e8res\u00a0bois oiseaux\u00a0<\/strong>sont dispos\u00e9es sur une <strong>branche<\/strong> accueillant des <strong>oiseaux verts<\/strong>. D\u00e9couvrez ci dessous l&rsquo;ensemble des informations techniques et informatives de cette r\u00e9f\u00e9rence._x000D_n_x000D_nEn effet, 1001 Pat\u00e8res est le <strong>leader en France<\/strong> de la vente en ligne de porte manteaux. Il propose un large choix de styles et de prix pour convenir \u00e0 la majorit\u00e9. Ainsi, clients\u00a0<strong>particulier<\/strong> comme <strong>professionnel<\/strong> peuvent <strong>d\u00e9corer et ranger<\/strong> leur int\u00e9rieur. En plus, la s\u00e9lection des r\u00e9f\u00e9rences est faite au travers des meilleurs designers internationaux du secteur.\u00a0Offrez-vous donc la cr\u00e8me de la cr\u00e8me \u00e0 moindre frais, tout <strong>en soutenant un site marchand fran\u00e7ais<\/strong>!_x000D_n_x000D_n&nbsp;_x000D_n<\/p>\n<h3>Pat\u00e8res bois oiseaux verts sur branches<\/h3>\n<p>_x000D_nAinsi, ci contre, il s&rsquo;agit d&rsquo;une cr\u00e9ation de la marque <a href=\"https:\/\/1001pateres.com\/brand\/1001pateres\/\">1001 Pat\u00e8res<\/a>. Le principe de cette r\u00e9f\u00e9rence est une alliance de coloris bois naturel, blanc et de verts. Une <strong>branche<\/strong> principale, <strong>couleur bois naturelle<\/strong>, accueille 5 oiseaux type <strong>moineaux en cama\u00efeu de verts<\/strong>. Les <strong>4 petites<\/strong> pat\u00e8res sont en forme de <strong>boules blanches<\/strong> et sont dispos\u00e9es r\u00e9guli\u00e8rement sur la branche._x000D_n_x000D_nBien s\u00fbr, avec une telle harmonie de couleurs, vous pourrez l&rsquo;installer dans <strong>n&rsquo;importe quelle pi\u00e8ce<\/strong> de la maison: l&rsquo;entr\u00e9e, comme la cuisine, ou une chambre seront parfaites._x000D_n_x000D_nToutefois, nous vous conseillons d&rsquo;opter pour un <strong>pan de mur aux couleurs chaudes<\/strong>, restant dans l&rsquo;harmonie des pastels jaunes, comme sur l&rsquo;image. Bien s\u00fbr une teinte franche de blanc ou de noir, la feront contraster mais sans doute de mani\u00e8re trop brutale&#8230; Voir image ci-contre._x000D_n_x000D_nEnfin, c\u00f4t\u00e9 <strong>installation<\/strong>, les pat\u00e8res bois oiseaux comportent un syst\u00e8me d&rsquo;accrochage simple avec deux attaches au dos \u00e0 positionner\u00a0sur un crochet de votre choix. La pose de ce porte manteaux est donc tr\u00e8s facile et n\u00e9cessite des attaches au mur non fournies. \u00a0Voici ses <strong>dimensions<\/strong> sp\u00e9cifiques:_x000D_n<\/p>\n<ul>_x000D_n \t<\/p>\n<li>Pat\u00e8res bois oiseaux: 48 cm X 12 cm<\/li>\n<p>_x000D_n \t<\/p>\n<li>Ecartement du mur: 4 cm<\/li>\n<p>_x000D_n<\/ul>\n","protected":false},"excerpt":{"rendered":"<p>Belle pat\u00e8re branche aux <em><strong>oiseaux<\/strong><\/em> comportant 4 accroches\u00a0en <strong>bois vert<\/strong>.\u00a0Cette pat\u00e8re est \u00e0 poser partout dans la maison pour ne plus laisser trainer ses affaires.\u00a0Avec ses couleurs tendance, elle s&rsquo;adaptera parfaitement dans les chambres ou dans l&rsquo;entr\u00e9e.<\/p>\n","protected":false},"featured_media":1048,"comment_status":"closed","ping_status":"open","template":"","meta":[],"product_cat":[29,16,32,17],"product_tag":[25],"class_list":["post-137","product","type-product","status-publish","has-post-thumbnail","hentry","product_cat-chambre-adulte","product_cat-chambre-enfant","product_cat-entree-sejour","product_cat-salle-de-bain","product_tag-crochet-patere-patere-design-patere-murale-patere-porte-pateres-porte-manteau-porte-serviette-porte-torchon-vestiaire","description-off"],"_links":{"self":[{"href":"https:\/\/roulettes.vaniseo.top\/index.php\/wp-json\/wp\/v2\/product\/137","targetHints":{"allow":["GET"]}}],"collection":[{"href":"https:\/\/roulettes.vaniseo.top\/index.php\/wp-json\/wp\/v2\/product"}],"about":[{"href":"https:\/\/roulettes.vaniseo.top\/index.php\/wp-json\/wp\/v2\/types\/product"}],"replies":[{"embeddable":true,"href":"https:\/\/roulettes.vaniseo.top\/index.php\/wp-json\/wp\/v2\/comments?post=137"}],"version-history":[{"count":0,"href":"https:\/\/roulettes.vaniseo.top\/index.php\/wp-json\/wp\/v2\/product\/137\/revisions"}],"wp:featuredmedia":[{"embeddable":true,"href":"https:\/\/roulettes.vaniseo.top\/index.php\/wp-json\/wp\/v2\/media\/1048"}],"wp:attachment":[{"href":"https:\/\/roulettes.vaniseo.top\/index.php\/wp-json\/wp\/v2\/media?parent=137"}],"wp:term":[{"taxonomy":"product_cat","embeddable":true,"href":"https:\/\/roulettes.vaniseo.top\/index.php\/wp-json\/wp\/v2\/product_cat?post=137"},{"taxonomy":"product_tag","embeddable":true,"href":"https:\/\/roulettes.vaniseo.top\/index.php\/wp-json\/wp\/v2\/product_tag?post=137"}],"curies":[{"name":"wp","href":"https:\/\/api.w.org\/{rel}","templated":true}]}}