{"id":141,"date":"2022-04-04T16:20:25","date_gmt":"2022-04-04T14:20:25","guid":{"rendered":"https:\/\/roulettes.vaniseo.top\/index.php\/produit\/porte-manteau-mural-bois-blanc-ajoure-a-5-crochets\/"},"modified":"2022-04-04T17:15:29","modified_gmt":"2022-04-04T15:15:29","slug":"porte-manteau-mural-bois-blanc-ajoure-a-5-crochets","status":"publish","type":"product","link":"https:\/\/roulettes.vaniseo.top\/index.php\/produit\/porte-manteau-mural-bois-blanc-ajoure-a-5-crochets\/","title":{"rendered":"Porte manteau mural bois blanc ajour\u00e9 \u00e0 5 crochets"},"content":{"rendered":"<h3>Pat\u00e8re ajour\u00e9e style anglais 5 crochets en bois<\/h3>\n<p>_x000D_n<strong>1001 Pat\u00e8res<\/strong> vous propose ici un <strong>style anglais<\/strong>! D\u00e9couvrez toutes les informations concernant l&rsquo;installation et l&rsquo;utilisation de ce <strong>porte manteau mural bois blanc ajour\u00e9 \u00e0 5 crochets<\/strong>._x000D_n_x000D_nTout d&rsquo;abord, rappelons que <strong>1001 Pat\u00e8res<\/strong> est \u00e0 l&rsquo;origine de la s\u00e9lection de cette pat\u00e8re. En effet, <strong>n\u00b01 en France de la vente en ligne de pat\u00e8res<\/strong>, elle propose de nombreuses marques internationales, mais aussi ses propres r\u00e9f\u00e9rences.\u00a0Ainsi, ici il s&rsquo;agit d&rsquo;une\u00a0pat\u00e8re \u00e0 positionner dans tout univers d&rsquo;une maison ou d&rsquo;une entreprise pour \u00e0 la fois <strong>d\u00e9corer et ranger en douceur<\/strong>._x000D_n_x000D_nAvec son c\u00f4t\u00e9 <em>rococo<\/em>, elle s&rsquo;adapte parfaitement dans une <strong><a href=\"https:\/\/1001pateres.com\/categorie-produit\/chambre-adulte\/\">chambre<\/a> romantique<\/strong> ou dans une <strong><a href=\"https:\/\/1001pateres.com\/categorie-produit\/entree-sejour\/\">entr\u00e9e<\/a> traditionnelle<\/strong>, classique. Son objectif est de <strong>se fondre dans l&rsquo;ambiance<\/strong>, tout en offrant <strong>douceur et \u00e9l\u00e9gance<\/strong>._x000D_n_x000D_nSp\u00e9cifiquement, celle-ci est faite en <strong>bois peint en blanc<\/strong>. Vous retrouvez sur sa partie <strong>sup\u00e9rieure des \u00e9l\u00e9ments d\u00e9coratifs<\/strong>, en forme de <strong>volutes ajour\u00e9es<\/strong> \u00e0 m\u00eame le <strong>bois d\u00e9coup\u00e9<\/strong>. Sa<strong> partie m\u00e9diane vient offrir 5 boutons<\/strong> pour suspendre ce dont vous avez besoin de ranger. Enfin, sa partie <strong>inf\u00e9rieure<\/strong> reprend l&rsquo;esprit de volutes plus l\u00e9g\u00e8res qu&rsquo;en haut._x000D_n_x000D_n&nbsp;_x000D_n<\/p>\n<h3>Installation du porte manteau mural bois blanc ajour\u00e9 \u00e0 5 crochets<\/h3>\n<p>_x000D_nPour finir, cette pat\u00e8re ajour\u00e9e style anglais 5 crochets en bois\u00a0comporte aussi un <strong>syst\u00e8me d&rsquo;accrochage simple avec deux trous<\/strong> permettant de positionner des vis\u00a0de votre choix. Sa pose est tr\u00e8s facile et n\u00e9cessite donc chevilles et vis non fournies._x000D_n_x000D_nUne fois l&rsquo;installation termin\u00e9e, vous appr\u00e9cierez son <strong>efficacit\u00e9<\/strong> et sa\u00a0<span style=\"line-height: 1.5\">belle <strong>qualit\u00e9<\/strong>. Elle permet d&rsquo;ailleurs, de supporter un <strong>poids d&rsquo;environ 5 kg<\/strong>. Voici ses dimensions :<\/span>_x000D_n<\/p>\n<ul>_x000D_n \t<\/p>\n<li>Dimensions totales de ce porte manteau mural: 43,5 cm X 15 cm<\/li>\n<p>_x000D_n \t<\/p>\n<li>Ecartement du mur au bout des boutons: 6,5 cm<\/li>\n<p>_x000D_n<\/ul>\n<p>_x000D_nPensez \u00e0 bien tenir compte de ses <strong>dimensions<\/strong> pour qu&rsquo;elles s&rsquo;accordent parfaitement avec celles de votre pan de mur s\u00e9lectionn\u00e9. Vous serez ainsi s\u00fbr de ne commettre aucun impair dans votre achat.<\/p>\n","protected":false},"excerpt":{"rendered":"<p>Belle <strong>pat\u00e8re ajour\u00e9e<\/strong> style anglais <em><strong>5 crochets<\/strong><\/em> en bois.\u00a0Cette pat\u00e8re est \u00e0 positionner partout dans les univers de la maison pour ne plus laisser trainer ses affaires.\u00a0Avec son cot\u00e9 rococo, elle s&rsquo;adaptera parfaitement dans les chambres ou dans l&rsquo;entr\u00e9e.<\/p>\n","protected":false},"featured_media":1057,"comment_status":"closed","ping_status":"open","template":"","meta":[],"product_cat":[29,32],"product_tag":[25],"class_list":["post-141","product","type-product","status-publish","has-post-thumbnail","hentry","product_cat-chambre-adulte","product_cat-entree-sejour","product_tag-crochet-patere-patere-design-patere-murale-patere-porte-pateres-porte-manteau-porte-serviette-porte-torchon-vestiaire","description-off"],"_links":{"self":[{"href":"https:\/\/roulettes.vaniseo.top\/index.php\/wp-json\/wp\/v2\/product\/141","targetHints":{"allow":["GET"]}}],"collection":[{"href":"https:\/\/roulettes.vaniseo.top\/index.php\/wp-json\/wp\/v2\/product"}],"about":[{"href":"https:\/\/roulettes.vaniseo.top\/index.php\/wp-json\/wp\/v2\/types\/product"}],"replies":[{"embeddable":true,"href":"https:\/\/roulettes.vaniseo.top\/index.php\/wp-json\/wp\/v2\/comments?post=141"}],"version-history":[{"count":0,"href":"https:\/\/roulettes.vaniseo.top\/index.php\/wp-json\/wp\/v2\/product\/141\/revisions"}],"wp:featuredmedia":[{"embeddable":true,"href":"https:\/\/roulettes.vaniseo.top\/index.php\/wp-json\/wp\/v2\/media\/1057"}],"wp:attachment":[{"href":"https:\/\/roulettes.vaniseo.top\/index.php\/wp-json\/wp\/v2\/media?parent=141"}],"wp:term":[{"taxonomy":"product_cat","embeddable":true,"href":"https:\/\/roulettes.vaniseo.top\/index.php\/wp-json\/wp\/v2\/product_cat?post=141"},{"taxonomy":"product_tag","embeddable":true,"href":"https:\/\/roulettes.vaniseo.top\/index.php\/wp-json\/wp\/v2\/product_tag?post=141"}],"curies":[{"name":"wp","href":"https:\/\/api.w.org\/{rel}","templated":true}]}}