{"id":153,"date":"2022-04-04T16:20:25","date_gmt":"2022-04-04T14:20:25","guid":{"rendered":"https:\/\/roulettes.vaniseo.top\/index.php\/produit\/cadre-photo-aimante-avec-patere-en-acier-rose-presse-citron\/"},"modified":"2022-04-04T17:15:54","modified_gmt":"2022-04-04T15:15:54","slug":"cadre-photo-aimante-avec-patere-en-acier-rose-presse-citron","status":"publish","type":"product","link":"https:\/\/roulettes.vaniseo.top\/index.php\/produit\/cadre-photo-aimante-avec-patere-en-acier-rose-presse-citron\/","title":{"rendered":"Cadre photo aimant\u00e9 avec pat\u00e8re en acier rose PRESSE CITRON"},"content":{"rendered":"<div class=\"woocommerce-tabs wc-tabs-wrapper\">_x000D_n<\/p>\n<div id=\"tab-description\" class=\"woocommerce-Tabs-panel woocommerce-Tabs-panel--description panel entry-content wc-tab\" role=\"tabpanel\" aria-labelledby=\"tab-title-description\">_x000D_n<\/p>\n<h3>Pat\u00e8re avec cadre en m\u00e9tal rose<\/h3>\n<p>_x000D_nLeader en France de pat\u00e8res et porte manteaux,\u00a0<strong>1001 Pat\u00e8res<\/strong>\u00a0vous propose ici toutes les caract\u00e9ristiques techniques et d\u00e9coratives du\u00a0<strong>cadre photo aimant\u00e9 avec pat\u00e8re en acier rose\u00a0<\/strong>et de sa marque <strong>Presse Citron<\/strong>._x000D_n_x000D_nAinsi, sur ce site, la boutique propose des produits au meilleur rapport qualit\u00e9 prix issus de marques internationales. Et,\u00a0<a href=\"https:\/\/1001pateres.com\/brand\/presse-citron\">Presse Citron<\/a>\u00a0en fait partie! Il s&rsquo;agit d&rsquo;une marque fran\u00e7aise proposant des produits \u00e0 la fois<strong>\u00a0originaux, modernes\u00a0<\/strong>et d\u2019une <strong>tr\u00e8s belle\u00a0qualit\u00e9<\/strong>._x000D_n_x000D_nCi-contre, voyez ce cadre photo aimant\u00e9 avec pat\u00e8re en acier rose qui vient dynamiser toute d\u00e9coration d&rsquo;int\u00e9rieur. Il s\u2019int\u00e8gre facilement \u00e0 n\u2019importe quelle pi\u00e8ce d&rsquo;une maison moderne et offre une v\u00e9ritable aide au rangement. Chambres comme entr\u00e9e accepteront volontiers un tel objet._x000D_n_x000D_nD\u2019ailleurs, son support est fait en <strong>acier teint\u00e9 dans la masse, de couleur rose\u00a0<\/strong><b>flashy<\/b>. Son\u00a0<strong>cadre photo<\/strong> accueille bien s\u00fbr n\u2019importe quelle <strong>image<\/strong> ou <strong>photo\u00a0<\/strong>pour le\u00a0<strong>personnaliser<\/strong>. Ainsi, maman comme fille pourront disposer d&rsquo;une repr\u00e9sentation personnelle, tout comme les autres membres de la famille. En effet, sachez que cette r\u00e9f\u00e9rence fait partie d&rsquo;une <strong>collection compl\u00e8te aux coloris<\/strong>\u00a0vari\u00e9s comme le vert anglais, le rose saumon, le <a href=\"https:\/\/1001pateres.com\/produit\/patere-design-avec-cadre-photo-aimante-bleu-glacial-presse-citron\/\">bleu glacial<\/a>, le noir, le gris, et le rouge._x000D_n_x000D_n&nbsp;_x000D_n<\/p>\n<h3>Accrocher le cadre photo aimant\u00e9 avec pat\u00e8re en acier<\/h3>\n<p>_x000D_nEnfin, la pat\u00e8re avec cadre en m\u00e9tal dispose d\u2019un <strong>syst\u00e8me d\u2019accrochage rapide et simple<\/strong> d&rsquo;installation. Elle inclut deux vis et chevilles mais n\u00e9cessite l\u2019usage de votre perceuse._x000D_n_x000D_nPour finir, voici ses <strong>dimensions<\/strong> ci dessous. Pensez \u00e0 en tenir compte, surtout dans le cas o\u00f9 vous d\u00e9multipliez la collection en ligne sur un m\u00eame pan de mur:_x000D_n<\/p>\n<ul>_x000D_n \t<\/p>\n<li>Dimensions du cadre photo aimant\u00e9 avec pat\u00e8re: 9 cm X 14,5 cm<\/li>\n<p>_x000D_n \t<\/p>\n<li>Ecartement du mur: 4,5 cm<\/li>\n<p>_x000D_n<\/ul>\n<p>_x000D_nNos clients retiennent incontestablement ce produit pour sa couleur <em>peps<\/em>, sa possibilit\u00e9 de personnalisation, sa facilit\u00e9 d&rsquo;installation et sa tr\u00e8s belle qualit\u00e9._x000D_n_x000D_n<\/div>\n<p>_x000D_n<\/p><\/div>\n<p>_x000D_n<\/p>\n<section class=\"up-sells upsells products\"><\/section>\n","protected":false},"excerpt":{"rendered":"<p><strong>Pat\u00e8re design<\/strong> cadre photo rose.\u00a0Ce porte-manteau design de la marque <em><strong>PRESSE CITRON<\/strong><\/em> est en acier teint\u00e9 dans la masse, elle est \u00e0 poser partout dans la maison pour ne plus laisser trainer ses affaires.\u00a0Elle est particuli\u00e8rement adapt\u00e9e \u00e0 l&rsquo;entr\u00e9e et aux chambres pour d\u00e9poser son manteau.<\/p>\n","protected":false},"featured_media":1091,"comment_status":"closed","ping_status":"open","template":"","meta":[],"product_cat":[29,32,17],"product_tag":[27],"class_list":["post-153","product","type-product","status-publish","has-post-thumbnail","hentry","product_cat-chambre-adulte","product_cat-entree-sejour","product_cat-salle-de-bain","product_tag-crochet-patere-patere-design-patere-murale-patere-porte-pateres-porte-serviette-porte-torchon-vestiaire","description-off"],"_links":{"self":[{"href":"https:\/\/roulettes.vaniseo.top\/index.php\/wp-json\/wp\/v2\/product\/153","targetHints":{"allow":["GET"]}}],"collection":[{"href":"https:\/\/roulettes.vaniseo.top\/index.php\/wp-json\/wp\/v2\/product"}],"about":[{"href":"https:\/\/roulettes.vaniseo.top\/index.php\/wp-json\/wp\/v2\/types\/product"}],"replies":[{"embeddable":true,"href":"https:\/\/roulettes.vaniseo.top\/index.php\/wp-json\/wp\/v2\/comments?post=153"}],"version-history":[{"count":0,"href":"https:\/\/roulettes.vaniseo.top\/index.php\/wp-json\/wp\/v2\/product\/153\/revisions"}],"wp:featuredmedia":[{"embeddable":true,"href":"https:\/\/roulettes.vaniseo.top\/index.php\/wp-json\/wp\/v2\/media\/1091"}],"wp:attachment":[{"href":"https:\/\/roulettes.vaniseo.top\/index.php\/wp-json\/wp\/v2\/media?parent=153"}],"wp:term":[{"taxonomy":"product_cat","embeddable":true,"href":"https:\/\/roulettes.vaniseo.top\/index.php\/wp-json\/wp\/v2\/product_cat?post=153"},{"taxonomy":"product_tag","embeddable":true,"href":"https:\/\/roulettes.vaniseo.top\/index.php\/wp-json\/wp\/v2\/product_tag?post=153"}],"curies":[{"name":"wp","href":"https:\/\/api.w.org\/{rel}","templated":true}]}}