{"id":169,"date":"2022-04-04T16:20:29","date_gmt":"2022-04-04T14:20:29","guid":{"rendered":"https:\/\/roulettes.vaniseo.top\/index.php\/produit\/patere-design-zoo-tete-delephant-bleu-laque\/"},"modified":"2022-04-04T17:16:53","modified_gmt":"2022-04-04T15:16:53","slug":"patere-design-zoo-tete-delephant-bleu-laque","status":"publish","type":"product","link":"https:\/\/roulettes.vaniseo.top\/index.php\/produit\/patere-design-zoo-tete-delephant-bleu-laque\/","title":{"rendered":"Pat\u00e8re design ZOO t\u00eate d&rsquo;\u00e9l\u00e9phant bleu laqu\u00e9"},"content":{"rendered":"<h4>Pat\u00e8re \u00ab\u00a0ZOO\u00a0\u00bb \u00e9l\u00e9phant bleu.<\/h4>\n<p>_x000D_nPat\u00e8re design ZOO <strong>t\u00eate d&rsquo;\u00e9l\u00e9phant<\/strong> <em><strong>bleu laqu\u00e9<\/strong><\/em>._x000D_n_x000D_nCette t\u00eate d&rsquo;animal du zoo de la marque CAPVENTURE fait partie de la s\u00e9rie du ZOO et est en r\u00e9sine._x000D_n_x000D_nCe porte-manteau est \u00e0 poser dans la chambre ou dans l&rsquo;entr\u00e9e\u00a0pour ne plus voir trainer ses affaires._x000D_n_x000D_nIl comporte un syst\u00e8me d&rsquo;accrochage avec une vis et une cheville._x000D_n_x000D_nLe d\u00e9cor est original de style moderne\u00a0et de tr\u00e8s belle qualit\u00e9._x000D_n_x000D_nElle est vendue avec\u00a0sa vis et sa cheville. Sa pose n\u00e9cessite l&rsquo;utilisation d&rsquo;une perceuse._x000D_n<\/p>\n<h4>Dimensions :<\/h4>\n<p>_x000D_n<\/p>\n<ul>_x000D_n \t<\/p>\n<li>La t\u00eate d&rsquo;\u00e9l\u00e9phant est de dimension 8,5 cm X 4 cm<\/li>\n<p>_x000D_n \t<\/p>\n<li>Ecartement du mur 7 cm<\/li>\n<p>_x000D_n<\/ul>\n","protected":false},"excerpt":{"rendered":"<p>Belle pat\u00e8re design ZOO <strong>\u00e9l\u00e9phant bleu<\/strong>.\u00a0Cette t\u00eate d&rsquo;animal de la marque <em><strong>CAPVENTURE<\/strong> <\/em>est de la s\u00e9rie du zoo et est en r\u00e9sine.\u00a0Elle est \u00e0 poser dans la chambre ou dans l&rsquo;entr\u00e9e pour ne plus voir trainer ses affaires. Une fois fix\u00e9e correctement au mur, ce porte-manteau permet de supporter un poids d&rsquo;environ 3 kg.<\/p>\n","protected":false},"featured_media":1137,"comment_status":"closed","ping_status":"open","template":"","meta":[],"product_cat":[16,32],"product_tag":[27],"class_list":["post-169","product","type-product","status-publish","has-post-thumbnail","hentry","product_cat-chambre-enfant","product_cat-entree-sejour","product_tag-crochet-patere-patere-design-patere-murale-patere-porte-pateres-porte-serviette-porte-torchon-vestiaire","description-off"],"_links":{"self":[{"href":"https:\/\/roulettes.vaniseo.top\/index.php\/wp-json\/wp\/v2\/product\/169","targetHints":{"allow":["GET"]}}],"collection":[{"href":"https:\/\/roulettes.vaniseo.top\/index.php\/wp-json\/wp\/v2\/product"}],"about":[{"href":"https:\/\/roulettes.vaniseo.top\/index.php\/wp-json\/wp\/v2\/types\/product"}],"replies":[{"embeddable":true,"href":"https:\/\/roulettes.vaniseo.top\/index.php\/wp-json\/wp\/v2\/comments?post=169"}],"version-history":[{"count":0,"href":"https:\/\/roulettes.vaniseo.top\/index.php\/wp-json\/wp\/v2\/product\/169\/revisions"}],"wp:featuredmedia":[{"embeddable":true,"href":"https:\/\/roulettes.vaniseo.top\/index.php\/wp-json\/wp\/v2\/media\/1137"}],"wp:attachment":[{"href":"https:\/\/roulettes.vaniseo.top\/index.php\/wp-json\/wp\/v2\/media?parent=169"}],"wp:term":[{"taxonomy":"product_cat","embeddable":true,"href":"https:\/\/roulettes.vaniseo.top\/index.php\/wp-json\/wp\/v2\/product_cat?post=169"},{"taxonomy":"product_tag","embeddable":true,"href":"https:\/\/roulettes.vaniseo.top\/index.php\/wp-json\/wp\/v2\/product_tag?post=169"}],"curies":[{"name":"wp","href":"https:\/\/api.w.org\/{rel}","templated":true}]}}