{"id":170,"date":"2022-04-04T16:20:29","date_gmt":"2022-04-04T14:20:29","guid":{"rendered":"https:\/\/roulettes.vaniseo.top\/index.php\/produit\/patere-design-zoo-tete-delephant-gris-mat-facon-beton\/"},"modified":"2022-04-04T17:16:55","modified_gmt":"2022-04-04T15:16:55","slug":"patere-design-zoo-tete-delephant-gris-mat-facon-beton","status":"publish","type":"product","link":"https:\/\/roulettes.vaniseo.top\/index.php\/produit\/patere-design-zoo-tete-delephant-gris-mat-facon-beton\/","title":{"rendered":"Pat\u00e8re design ZOO t\u00eate d&rsquo;\u00e9l\u00e9phant gris mat fa\u00e7on b\u00e9ton"},"content":{"rendered":"<h4>Pat\u00e8re \u00ab\u00a0ZOO\u00a0\u00bb \u00e9l\u00e9phant gris.<\/h4>\n<p>_x000D_nBelle pat\u00e8re design ZOO t\u00eate d&rsquo;<strong>\u00e9l\u00e9phant gris<\/strong> mat fa\u00e7on b\u00e9ton._x000D_n_x000D_nCette t\u00eate d&rsquo;animal de la s\u00e9rie du zoo de la marque <em><strong>CAPVENTURE<\/strong><\/em> est en r\u00e9sine et peut r\u00e9sister \u00e0 un poids de 5 kg._x000D_n_x000D_nSa\u00a0finition est fa\u00e7on b\u00e9ton cir\u00e9 avec des nuances de gris._x000D_n_x000D_nCe porte-manteau se pose dans la chambre ou dans l&rsquo;entr\u00e9e\u00a0pour ne plus voir trainer ses affaires._x000D_n_x000D_nSon\u00a0syst\u00e8me d&rsquo;accrochage comporte\u00a0une vis et une cheville._x000D_n_x000D_nAussi, le d\u00e9cor est original de style moderne\u00a0et de tr\u00e8s belle qualit\u00e9._x000D_n_x000D_nElle se vend avec\u00a0sa vis et sa cheville. Sa pose n\u00e9cessite l&rsquo;utilisation d&rsquo;une perceuse._x000D_n<\/p>\n<h4>Dimensions :<\/h4>\n<p>_x000D_n<\/p>\n<ul>_x000D_n \t<\/p>\n<li>La t\u00eate d&rsquo;\u00e9l\u00e9phant est de dimension 8,5 cm X 4 cm<\/li>\n<p>_x000D_n \t<\/p>\n<li>Ecartement du mur 7 cm<\/li>\n<p>_x000D_n<\/ul>\n","protected":false},"excerpt":{"rendered":"<p>Belle pat\u00e8re design de la s\u00e9rie ZOO en forme de t\u00eate d&rsquo;<strong>\u00e9l\u00e9phant gris<\/strong> fa\u00e7on b\u00e9ton.\u00a0Cette t\u00eate d&rsquo;animal du zoo de la marque <em><strong>CAPVENTURE<\/strong><\/em> est en r\u00e9sine.\u00a0Ce porte-manteau est \u00e0 poser dans la chambre ou dans l&rsquo;entr\u00e9e pour ne plus voir trainer ses affaires.<\/p>\n","protected":false},"featured_media":1141,"comment_status":"closed","ping_status":"open","template":"","meta":[],"product_cat":[16,32],"product_tag":[27],"class_list":["post-170","product","type-product","status-publish","has-post-thumbnail","hentry","product_cat-chambre-enfant","product_cat-entree-sejour","product_tag-crochet-patere-patere-design-patere-murale-patere-porte-pateres-porte-serviette-porte-torchon-vestiaire","description-off"],"_links":{"self":[{"href":"https:\/\/roulettes.vaniseo.top\/index.php\/wp-json\/wp\/v2\/product\/170","targetHints":{"allow":["GET"]}}],"collection":[{"href":"https:\/\/roulettes.vaniseo.top\/index.php\/wp-json\/wp\/v2\/product"}],"about":[{"href":"https:\/\/roulettes.vaniseo.top\/index.php\/wp-json\/wp\/v2\/types\/product"}],"replies":[{"embeddable":true,"href":"https:\/\/roulettes.vaniseo.top\/index.php\/wp-json\/wp\/v2\/comments?post=170"}],"version-history":[{"count":0,"href":"https:\/\/roulettes.vaniseo.top\/index.php\/wp-json\/wp\/v2\/product\/170\/revisions"}],"wp:featuredmedia":[{"embeddable":true,"href":"https:\/\/roulettes.vaniseo.top\/index.php\/wp-json\/wp\/v2\/media\/1141"}],"wp:attachment":[{"href":"https:\/\/roulettes.vaniseo.top\/index.php\/wp-json\/wp\/v2\/media?parent=170"}],"wp:term":[{"taxonomy":"product_cat","embeddable":true,"href":"https:\/\/roulettes.vaniseo.top\/index.php\/wp-json\/wp\/v2\/product_cat?post=170"},{"taxonomy":"product_tag","embeddable":true,"href":"https:\/\/roulettes.vaniseo.top\/index.php\/wp-json\/wp\/v2\/product_tag?post=170"}],"curies":[{"name":"wp","href":"https:\/\/api.w.org\/{rel}","templated":true}]}}