{"id":179,"date":"2022-04-04T16:20:35","date_gmt":"2022-04-04T14:20:35","guid":{"rendered":"https:\/\/roulettes.vaniseo.top\/index.php\/produit\/porte-manteau-design-color-piet-a-3-pateres\/"},"modified":"2022-04-04T17:17:14","modified_gmt":"2022-04-04T15:17:14","slug":"porte-manteau-design-color-piet-a-3-pateres","status":"publish","type":"product","link":"https:\/\/roulettes.vaniseo.top\/index.php\/produit\/porte-manteau-design-color-piet-a-3-pateres\/","title":{"rendered":"Porte manteau design color PIET \u00e0 3 pat\u00e8res"},"content":{"rendered":"<h3>3 pateres rondes colorees sur lignes en acier\u00a0PIET<\/h3>\n<p>_x000D_n<strong>1001 Pat\u00e8res<\/strong> vous fait d\u00e9couvrir toutes les informations technique et d\u00e9coratives de ce <strong>porte manteau design color PIET\u00a0\u00e0 3 boutons<\/strong>. Il est issu de la marque <strong>Presse Citron<\/strong>._x000D_n_x000D_nEn effet, 1001 Pat\u00e8res est le site de vente en ligne de pat\u00e8res\u00a0<strong>n\u00b01 en France<\/strong>. Toutes sont s\u00e9lectionn\u00e9es parmi les grands designers internationaux du secteur. L\u2019objectif est de vous <strong>donner acc\u00e8s \u00e0 des produits de qualit\u00e9<\/strong>, de styles vari\u00e9s, tout en minimisant les frais de port. <strong>Soutenez un site fran\u00e7ais<\/strong> et <strong>optimisez<\/strong> par la m\u00eame occasion <strong>le rangement et la d\u00e9coration<\/strong> de votre int\u00e9rieur de maison et d\u2019entreprise via un seul site._x000D_n_x000D_nAinsi, ci-contre, il s\u2019agit de la marque <a href=\"https:\/\/1001pateres.com\/brand\/presse-citron\/\">Presse Citron<\/a>. Celle-ci est <strong>fran\u00e7aise<\/strong>. Elle\u00a0propose des produits \u00e0 la fois <strong>\u00e9pur\u00e9s<\/strong>\u00a0et aux <strong>formes atypiques<\/strong>, depuis 1997. Quoi de mieux pour combiner rangement mural et d\u00e9coration d&rsquo;int\u00e9rieur de go\u00fbt?_x000D_n_x000D_n&nbsp;_x000D_n<\/p>\n<h3>Porte manteau design color PIET \u00e0 3 pat\u00e8res<\/h3>\n<p>_x000D_nAinsi, ces 3 pateres rondes colorees repose sur des lignes noires en acier. C&rsquo;est le principe de la gamme PIET. Vous l&rsquo;aurez compris, ce porte manteau design offre 3 boutons.\u00a0Il nous fait penser \u00e0 une <strong>carte d\u2019arr\u00eats de m\u00e9tro<\/strong>!_x000D_n_x000D_nDe plus,<strong> original et de belle qualit\u00e9 en acier peint<\/strong>, ce porte manteau\u00a0offre beaucoup de modernit\u00e9 et de practicit\u00e9. Il se pose partout dans la maison pour ne plus voir trainer ses affaires. Aussi bien dans la chambre que dans l\u2019entr\u00e9e, il reste <strong>tr\u00e8s d\u00e9coratif<\/strong>._x000D_n_x000D_nEn effet, le produit comporte<strong> 3 pat\u00e8res<\/strong>. Il est possible de combiner plusieurs porte manteaux PIET pour maximiser le rangement selon vos besoins. D&rsquo;ailleurs, une seconde r\u00e9f\u00e9rence sur ce site propose un <a href=\"https:\/\/1001pateres.com\/produit\/patere-design-et-deco-color-piet-3-modules\/\">pack de 3 modules<\/a>. Mais vous pouvez bien s\u00fbr opter pour un achat de 2, de 4 etc&#8230;_x000D_n_x000D_nEt, c\u00f4t\u00e9 installation, le syst\u00e8me de fixation murale se fait \u00e0 l\u2019aide de vis et cheville fournies. Bien s\u00fbr, sa pose n\u00e9cessite l\u2019usage d\u2019une perceuse. Il supportera ensuite une charge globale de 5 kg._x000D_n_x000D_n<strong>Dimensions<\/strong> d\u2019un module PIET:_x000D_n<\/p>\n<ul>_x000D_n \t<\/p>\n<li>Le porte manteau design PIET: 50 cm X 25 cm<\/li>\n<p>_x000D_n \t<\/p>\n<li>Ecartement du mur: 4,5 cm<\/li>\n<p>_x000D_n<\/ul>\n","protected":false},"excerpt":{"rendered":"<p>Porte-manteaux moderniste \u00e0 d\u00e9cor cubique <strong>mod\u00e8le PIET<\/strong> de la marque <em><strong>PRESSE CITRON<\/strong><\/em>.\u00a0Cette pat\u00e8re est \u00e0 poser partout dans la maison pour ne plus voir trainer ses affaires, dans la chambre ou dans l&rsquo;entr\u00e9e tout en restant d\u00e9corative. Elle permet de r\u00e9sister \u00e0 des poids de 5 kg environ.<\/p>\n","protected":false},"featured_media":1174,"comment_status":"closed","ping_status":"open","template":"","meta":[],"product_cat":[29,19,32,21],"product_tag":[25],"class_list":["post-179","product","type-product","status-publish","has-post-thumbnail","hentry","product_cat-chambre-adulte","product_cat-collectivite","product_cat-entree-sejour","product_cat-entreprise","product_tag-crochet-patere-patere-design-patere-murale-patere-porte-pateres-porte-manteau-porte-serviette-porte-torchon-vestiaire","description-off"],"_links":{"self":[{"href":"https:\/\/roulettes.vaniseo.top\/index.php\/wp-json\/wp\/v2\/product\/179","targetHints":{"allow":["GET"]}}],"collection":[{"href":"https:\/\/roulettes.vaniseo.top\/index.php\/wp-json\/wp\/v2\/product"}],"about":[{"href":"https:\/\/roulettes.vaniseo.top\/index.php\/wp-json\/wp\/v2\/types\/product"}],"replies":[{"embeddable":true,"href":"https:\/\/roulettes.vaniseo.top\/index.php\/wp-json\/wp\/v2\/comments?post=179"}],"version-history":[{"count":0,"href":"https:\/\/roulettes.vaniseo.top\/index.php\/wp-json\/wp\/v2\/product\/179\/revisions"}],"wp:featuredmedia":[{"embeddable":true,"href":"https:\/\/roulettes.vaniseo.top\/index.php\/wp-json\/wp\/v2\/media\/1174"}],"wp:attachment":[{"href":"https:\/\/roulettes.vaniseo.top\/index.php\/wp-json\/wp\/v2\/media?parent=179"}],"wp:term":[{"taxonomy":"product_cat","embeddable":true,"href":"https:\/\/roulettes.vaniseo.top\/index.php\/wp-json\/wp\/v2\/product_cat?post=179"},{"taxonomy":"product_tag","embeddable":true,"href":"https:\/\/roulettes.vaniseo.top\/index.php\/wp-json\/wp\/v2\/product_tag?post=179"}],"curies":[{"name":"wp","href":"https:\/\/api.w.org\/{rel}","templated":true}]}}