{"id":183,"date":"2022-04-04T16:20:35","date_gmt":"2022-04-04T14:20:35","guid":{"rendered":"https:\/\/roulettes.vaniseo.top\/index.php\/produit\/patere-porte-manteau-design-lignes-de-metro-multicolor-umbra\/"},"modified":"2022-04-04T17:17:20","modified_gmt":"2022-04-04T15:17:20","slug":"patere-porte-manteau-design-lignes-de-metro-multicolor-umbra","status":"publish","type":"product","link":"https:\/\/roulettes.vaniseo.top\/index.php\/produit\/patere-porte-manteau-design-lignes-de-metro-multicolor-umbra\/","title":{"rendered":"Pat\u00e8re porte manteau design lignes de m\u00e9tro multicolor UMBRA"},"content":{"rendered":"<h3>Porte manteau design SUBWAY multicolor UMBRA<\/h3>\n<p>_x000D_n1001 Pat\u00e8res vous propose une <strong>pat\u00e8re porte manteau design<\/strong> en forme de<strong> lignes de m\u00e9tro<\/strong> de la collection <strong>Subway<\/strong> <strong>multicolor<\/strong> de <a href=\"https:\/\/1001pateres.com\/brand\/umbra\/\">UMBRA<\/a>._x000D_n_x000D_n<strong><a href=\"https:\/\/eu.umbra.com\" target=\"_blank\" rel=\"noopener noreferrer\">Umbra<\/a><\/strong> est une marque canadienne d\u00e9veloppant des <strong>pat\u00e8res<\/strong> et <strong>porte-manteaux<\/strong> tr\u00e8s <strong>\u00e9l\u00e9gants<\/strong> et <strong>stylis\u00e9s<\/strong>. Ainsi, les collections <a href=\"https:\/\/1001pateres.com\/produit\/porte-manteaux-sticks-umbra-blanc\/\"><strong>Sticks<\/strong><\/a>, <strong><a href=\"https:\/\/1001pateres.com\/produit\/porte-manteaux-ville-umbra-noir\/\">Skyline<\/a><\/strong> ou encore <strong><a href=\"https:\/\/1001pateres.com\/produit\/porte-manteaux-en-bois-naturel-picket-umbra\/\">Pickets<\/a><\/strong> proposent par exemple de jolis designs avec <strong>pat\u00e8res d\u00e9ployantes<\/strong>. D&rsquo;autres comme les <strong><a href=\"https:\/\/1001pateres.com\/produit\/set-de-3-pateres-buddy-hooks-nuances-de-gris-umbra\/\">Buddy Hooks<\/a><\/strong>, ces portants en forme d&rsquo;escaladeurs sont vraiment originaux. Bref, miser sur Umbra chez 1001 Pat\u00e8res, c&rsquo;est miser sur de la qualit\u00e9._x000D_n_x000D_nDe ce fait, la collection <strong>Subway<\/strong>\u00a0elle, est un <strong>porte manteau de 10 pat\u00e8res multicolor<\/strong>. Il\u00a0est \u00e0 poser partout dans la maison, notamment dans une chambre ou une entr\u00e9e, pour offrir style et rangement \u00e0 son int\u00e9rieur._x000D_n<\/p>\n<h2><\/h2>\n<p>_x000D_n<\/p>\n<h2>Installations et Dimensions<\/h2>\n<p>_x000D_nC\u00f4t\u00e9 accrochage, Subway dispose d&rsquo;un syst\u00e8me \u00e0 <strong>3 vis et chevilles<\/strong>. Toutes sont <strong>inclues<\/strong> avec le produit \u00e0 la livraison. Il sera bien \u00e9videmment n\u00e9cessaire de disposer d&rsquo;une perceuse pour la r\u00e9alisation. Toutefois, cette belle qualit\u00e9 d&rsquo;<strong>acier peint<\/strong> sera facile \u00e0 installer.\u00a0Vous l&rsquo;aurez compris, l&rsquo;installation n&rsquo;est pas un probl\u00e8me puisque le produit est de <strong>qualit\u00e9<\/strong>, avec des <strong>finitions bien pens\u00e9es<\/strong>._x000D_n_x000D_nEn revanche pensez \u00e0 anticiper son installation sur le pan de mur imagin\u00e9, en v\u00e9rifiant les <strong>dimensions<\/strong> de celui-ci vis \u00e0 vis de celles de la <strong>pat\u00e8re porte manteau Subway.\u00a0<\/strong>Ci dessous, prenez connaissance aussi de l&rsquo;espacement du mur._x000D_n<\/p>\n<ul>_x000D_n \t<\/p>\n<li>Pat\u00e8re Subway: 50 X 25 cm<\/li>\n<p>_x000D_n \t<\/p>\n<li>Ecartement du mur: 4,5 cm<\/li>\n<p>_x000D_n<\/ul>\n<p>_x000D_n&nbsp;_x000D_n_x000D_nN\u2019h\u00e9sitez donc pas \u00e0 contacter l\u2019\u00e9quipe 1001 Pat\u00e8res en cas de question subsidiaire via le formulaire de la page <a href=\"https:\/\/1001pateres.com\/contactez-nous\/\">Contact<\/a>.<\/p>\n","protected":false},"excerpt":{"rendered":"<p>Pat\u00e8res design en forme de lignes de m\u00e9tro <strong>multicolor<\/strong> de la marque <em><strong>UMBRA<\/strong><\/em>.\u00a0Ce porte-manteaux subway comporte 10 pat\u00e8res et est \u00e0 poser partout dans la maison pour ne plus voir trainer ses affaires, dans la chambre ou dans l&rsquo;entr\u00e9e.\u00a0Elle est originale et de belle qualit\u00e9 en acier peint.<\/p>\n","protected":false},"featured_media":1184,"comment_status":"closed","ping_status":"open","template":"","meta":[],"product_cat":[29,16,32],"product_tag":[25],"class_list":["post-183","product","type-product","status-publish","has-post-thumbnail","hentry","product_cat-chambre-adulte","product_cat-chambre-enfant","product_cat-entree-sejour","product_tag-crochet-patere-patere-design-patere-murale-patere-porte-pateres-porte-manteau-porte-serviette-porte-torchon-vestiaire","description-off"],"_links":{"self":[{"href":"https:\/\/roulettes.vaniseo.top\/index.php\/wp-json\/wp\/v2\/product\/183","targetHints":{"allow":["GET"]}}],"collection":[{"href":"https:\/\/roulettes.vaniseo.top\/index.php\/wp-json\/wp\/v2\/product"}],"about":[{"href":"https:\/\/roulettes.vaniseo.top\/index.php\/wp-json\/wp\/v2\/types\/product"}],"replies":[{"embeddable":true,"href":"https:\/\/roulettes.vaniseo.top\/index.php\/wp-json\/wp\/v2\/comments?post=183"}],"version-history":[{"count":0,"href":"https:\/\/roulettes.vaniseo.top\/index.php\/wp-json\/wp\/v2\/product\/183\/revisions"}],"wp:featuredmedia":[{"embeddable":true,"href":"https:\/\/roulettes.vaniseo.top\/index.php\/wp-json\/wp\/v2\/media\/1184"}],"wp:attachment":[{"href":"https:\/\/roulettes.vaniseo.top\/index.php\/wp-json\/wp\/v2\/media?parent=183"}],"wp:term":[{"taxonomy":"product_cat","embeddable":true,"href":"https:\/\/roulettes.vaniseo.top\/index.php\/wp-json\/wp\/v2\/product_cat?post=183"},{"taxonomy":"product_tag","embeddable":true,"href":"https:\/\/roulettes.vaniseo.top\/index.php\/wp-json\/wp\/v2\/product_tag?post=183"}],"curies":[{"name":"wp","href":"https:\/\/api.w.org\/{rel}","templated":true}]}}