{"id":186,"date":"2022-04-04T16:20:35","date_gmt":"2022-04-04T14:20:35","guid":{"rendered":"https:\/\/roulettes.vaniseo.top\/index.php\/produit\/rangement-egouttoir-a-ventouses-coccinelle-rouge\/"},"modified":"2022-04-04T17:17:22","modified_gmt":"2022-04-04T15:17:22","slug":"rangement-egouttoir-a-ventouses-coccinelle-rouge","status":"publish","type":"product","link":"https:\/\/roulettes.vaniseo.top\/index.php\/produit\/rangement-egouttoir-a-ventouses-coccinelle-rouge\/","title":{"rendered":"Rangement \u00e9gouttoir \u00e0 ventouses : Coccinelle rouge"},"content":{"rendered":"<h3>Rangement ventouses de salle de bain: coccinelle rouge en plastique<\/h3>\n<p>_x000D_nQuoi de mieux qu\u2019un objet rigolo pour donner envie \u00e0 vos enfants de faire \u00e9goutter leurs jouets ou leurs brosses \u00e0 dent? D\u00e9couvrez avec 1001 Pat\u00e8res, le <strong>rangement \u00e9gouttoir \u00e0 ventouses en forme de coccinelle rouge<\/strong>. Tous ses d\u00e9tails techniques et d\u00e9coratifs sont d\u00e9voil\u00e9s ci-dessous._x000D_n_x000D_nD&rsquo;ailleurs, chez <b>1001 Pat\u00e8res, n\u00b01 en France<\/b> des ventes en ligne de pat\u00e8res et porte manteaux, il y a en a pour tous les go\u00fbts et pour tous les budgets. Chaque recherche d&rsquo;un meilleur rangement dispose ici de 1001 solutions. Ainsi, c&rsquo;est tout votre int\u00e9rieur qui y gagne en clart\u00e9. Pour cela, la boutique s\u00e9lectionne les meilleurs designers de pat\u00e8res internationaux qui offrent des <strong>produits de qualit\u00e9<\/strong>. Ainsi, vous disposez sur un m\u00eame site de la cr\u00e8me de la cr\u00e8me, et vous limitez vos frais de livraison!_x000D_n_x000D_n&nbsp;_x000D_n<\/p>\n<h3>Rangement \u00e9gouttoir \u00e0 ventouses : coccinelle rouge<\/h3>\n<p>_x000D_nDe plus, ci-contre, la\u00a0<strong>coccinelle rouge en plastique<\/strong> dispose d\u2019une large ouverture sur le dessus et de fins trous sur le dessous. Cette coccinelle accueillera donc volontiers\u00a0<b>brosses \u00e0 dent<\/b>,\u00a0<b>dentifrice<\/b>\u00a0et autres <b>jouets<\/b>. Pinceaux de maquillage, lingettes humides dans les toilettes, et \u00e9ponges de cuisine pourront aussi b\u00e9n\u00e9ficier d\u2019un tel rangement. <strong>L\u2019id\u00e9e est que tout soit ranger mais que tout puisse \u00e0 la fois s\u00e9cher<\/strong>.\u00a0Le syst\u00e8me de fixation ventouses \u00e9tant tr\u00e8s pratique sur du carrelage, il convient donc non seulement dans la\u00a0<strong>salle de bain<\/strong> mais aussi dans la\u00a0<strong>cuisine<\/strong> et les\u00a0<strong>toilettes<\/strong>._x000D_n_x000D_nEnfin, retrouvez ce site 1001 Pat\u00e8res ce rangement \u00e9gouttoir \u00e0 ventouses en<b> plusieurs coloris<\/b>: <a href=\"https:\/\/1001pateres.com\/produit\/rangement-de-salle-de-bain-coccinelle-a-ventouses-bleue\/\">bleue<\/a>, <a href=\"https:\/\/1001pateres.com\/produit\/rangement-de-salle-de-bain-coccinelle-a-ventouses-verte\/\">verte<\/a>, <a href=\"https:\/\/1001pateres.com\/produit\/rangement-de-salle-de-bain-coccinelle-a-ventouses-jaune\/\">jaune<\/a> et rouge.\u00a0Evidemment pour son utilisation, aucun outil n\u2019est \u00e0 pr\u00e9voir. Tenez tout de m\u00eame compte de ses dimensions, \u00e0 savoir un <b>diam\u00e8tre de 13,7 cm<\/b>._x000D_n_x000D_nA vous le rangement fun et ludique pour toute la famille!<\/p>\n","protected":false},"excerpt":{"rendered":"<p>Rangement de salle de bain <strong>coccinelle<\/strong> \u00e0 <em><strong>ventouses rouge<\/strong><\/em>.\u00a0Ce rangement est \u00e0 poser dans la salle de bain pour ne plus voir trainer les brosses \u00e0 dents, dentifrice ou pinceaux de maquillage.\u00a0Cette coccinelle en plastique est un tr\u00e8s bel objet de d\u00e9coration.<\/p>\n","protected":false},"featured_media":1189,"comment_status":"closed","ping_status":"open","template":"","meta":[],"product_cat":[17],"product_tag":[27],"class_list":["post-186","product","type-product","status-publish","has-post-thumbnail","hentry","product_cat-salle-de-bain","product_tag-crochet-patere-patere-design-patere-murale-patere-porte-pateres-porte-serviette-porte-torchon-vestiaire","description-off"],"_links":{"self":[{"href":"https:\/\/roulettes.vaniseo.top\/index.php\/wp-json\/wp\/v2\/product\/186","targetHints":{"allow":["GET"]}}],"collection":[{"href":"https:\/\/roulettes.vaniseo.top\/index.php\/wp-json\/wp\/v2\/product"}],"about":[{"href":"https:\/\/roulettes.vaniseo.top\/index.php\/wp-json\/wp\/v2\/types\/product"}],"replies":[{"embeddable":true,"href":"https:\/\/roulettes.vaniseo.top\/index.php\/wp-json\/wp\/v2\/comments?post=186"}],"version-history":[{"count":0,"href":"https:\/\/roulettes.vaniseo.top\/index.php\/wp-json\/wp\/v2\/product\/186\/revisions"}],"wp:featuredmedia":[{"embeddable":true,"href":"https:\/\/roulettes.vaniseo.top\/index.php\/wp-json\/wp\/v2\/media\/1189"}],"wp:attachment":[{"href":"https:\/\/roulettes.vaniseo.top\/index.php\/wp-json\/wp\/v2\/media?parent=186"}],"wp:term":[{"taxonomy":"product_cat","embeddable":true,"href":"https:\/\/roulettes.vaniseo.top\/index.php\/wp-json\/wp\/v2\/product_cat?post=186"},{"taxonomy":"product_tag","embeddable":true,"href":"https:\/\/roulettes.vaniseo.top\/index.php\/wp-json\/wp\/v2\/product_tag?post=186"}],"curies":[{"name":"wp","href":"https:\/\/api.w.org\/{rel}","templated":true}]}}