{"id":198,"date":"2022-04-04T16:20:43","date_gmt":"2022-04-04T14:20:43","guid":{"rendered":"https:\/\/roulettes.vaniseo.top\/index.php\/produit\/porte-manteau-double-porte-chapeau-chrome\/"},"modified":"2022-04-04T17:17:33","modified_gmt":"2022-04-04T15:17:33","slug":"porte-manteau-double-porte-chapeau-chrome","status":"publish","type":"product","link":"https:\/\/roulettes.vaniseo.top\/index.php\/produit\/porte-manteau-double-porte-chapeau-chrome\/","title":{"rendered":"Porte-manteau double porte-chapeau chrom\u00e9"},"content":{"rendered":"<h4>Porte-manteau double porte-chapeau chrom\u00e9.<\/h4>\n<p>_x000D_nPorte-manteau double <strong>porte-chapeau<\/strong> chrom\u00e9\u00a0en alliage de zinc\u00a0qui peut servir de porte-\u00e9charpe, <em><strong>porte-serviette<\/strong><\/em> ou porte-chapeau._x000D_n_x000D_nCelui-ci est de couleur chrome\u00a0avec une forme <em>douce<\/em> et pratique._x000D_n_x000D_nDe plus, ce mod\u00e8le comporte deux crochets ainsi qu&rsquo;un syst\u00e8me d&rsquo;accrochage avec ses vis de la m\u00eame couleur._x000D_n_x000D_nIl s&rsquo;adaptera facilement \u00e0 toute d\u00e9coration int\u00e9rieure et saura se faire discret mais indispensable._x000D_n_x000D_nAussi ce porte-manteau est facile \u00e0 poser mais n\u00e9cessite un tournevis._x000D_n<\/p>\n<h4>Dimensions :<\/h4>\n<p>_x000D_n<\/p>\n<ul>_x000D_n \t<\/p>\n<li>La base de la pat\u00e8re est de\u00a0dimension 2,8 cm X 3,8 cm<\/li>\n<p>_x000D_n \t<\/p>\n<li>Ecartement du mur du crochet bas 5,3 cm, \u00e9cartement du mur du crochet haut 7 cm<\/li>\n<p>_x000D_n \t<\/p>\n<li>Vis de 1,5 cm<\/li>\n<p>_x000D_n<\/ul>\n","protected":false},"excerpt":{"rendered":"<p>Porte-manteau, <strong>porte-serviette<\/strong> double de type porte-chapeau en <em><strong>acier chrom\u00e9<\/strong><\/em> alliage de zinc qui peut servir de porte-\u00e9charpe.\u00a0Il est de couleur chrome\u00a0avec une forme douce et pratique pour tout les univers et particuli\u00e8rement pour la salle de bain.<\/p>\n","protected":false},"featured_media":1218,"comment_status":"closed","ping_status":"open","template":"","meta":[],"product_cat":[17,23],"product_tag":[37],"class_list":["post-198","product","type-product","status-publish","has-post-thumbnail","hentry","product_cat-salle-de-bain","product_cat-toilette-wc","product_tag-crochet-patere-patere-design-patere-murale-patere-porte-pateres-porte-chapeau-porte-serviette-porte-torchon-vestiaire","description-off"],"_links":{"self":[{"href":"https:\/\/roulettes.vaniseo.top\/index.php\/wp-json\/wp\/v2\/product\/198","targetHints":{"allow":["GET"]}}],"collection":[{"href":"https:\/\/roulettes.vaniseo.top\/index.php\/wp-json\/wp\/v2\/product"}],"about":[{"href":"https:\/\/roulettes.vaniseo.top\/index.php\/wp-json\/wp\/v2\/types\/product"}],"replies":[{"embeddable":true,"href":"https:\/\/roulettes.vaniseo.top\/index.php\/wp-json\/wp\/v2\/comments?post=198"}],"version-history":[{"count":0,"href":"https:\/\/roulettes.vaniseo.top\/index.php\/wp-json\/wp\/v2\/product\/198\/revisions"}],"wp:featuredmedia":[{"embeddable":true,"href":"https:\/\/roulettes.vaniseo.top\/index.php\/wp-json\/wp\/v2\/media\/1218"}],"wp:attachment":[{"href":"https:\/\/roulettes.vaniseo.top\/index.php\/wp-json\/wp\/v2\/media?parent=198"}],"wp:term":[{"taxonomy":"product_cat","embeddable":true,"href":"https:\/\/roulettes.vaniseo.top\/index.php\/wp-json\/wp\/v2\/product_cat?post=198"},{"taxonomy":"product_tag","embeddable":true,"href":"https:\/\/roulettes.vaniseo.top\/index.php\/wp-json\/wp\/v2\/product_tag?post=198"}],"curies":[{"name":"wp","href":"https:\/\/api.w.org\/{rel}","templated":true}]}}