{"id":207,"date":"2022-04-04T16:20:43","date_gmt":"2022-04-04T14:20:43","guid":{"rendered":"https:\/\/roulettes.vaniseo.top\/index.php\/produit\/pateres-design-superman-super-heros\/"},"modified":"2022-04-04T17:17:39","modified_gmt":"2022-04-04T15:17:39","slug":"pateres-design-superman-super-heros","status":"publish","type":"product","link":"https:\/\/roulettes.vaniseo.top\/index.php\/produit\/pateres-design-superman-super-heros\/","title":{"rendered":"Pat\u00e8res design superman super h\u00e9ros"},"content":{"rendered":"<h4>\u00a0Pat\u00e8res design superman<\/h4>\n<p>_x000D_nPat\u00e8res design <em><strong>superman<\/strong><\/em> qui feront la joie des enfants_x000D_n_x000D_nCes pat\u00e8res super <strong>h\u00e9ros<\/strong> des enfants<b>\u00a0<\/b><b>\u00a0<\/b>sont autocollantes et de plus comportent un syst\u00e8me simple d&rsquo;accrochage\u00a0en m\u00e9tal ._x000D_n_x000D_nAussi celles-ci poss\u00e8dent un embout form\u00e9 d&rsquo;une <em>boule<\/em> en m\u00e9tal et cela pour plus de s\u00e9curit\u00e9 pour les enfants et pour ne pas endommager le linge accroch\u00e9._x000D_n_x000D_nElles sont en bois peint aux couleurs du personnage et seront id\u00e9ales pour l&rsquo;univers d&rsquo;une chambre d\u2019enfant. C&rsquo;est pourquoi elles feront le plaisirs des enfants en leur rappelant leur h\u00e9ros pr\u00e9f\u00e9r\u00e9._x000D_n_x000D_nDe plus ce mod\u00e8le ne n\u00e9cessitent aucun outil pour sa fixation.Car, il suffit tout simplement de le positionner et le l&rsquo;adh\u00e9rer au mur._x000D_n<\/p>\n<h4>Dimensions<\/h4>\n<p>_x000D_n<\/p>\n<ul>_x000D_n \t<\/p>\n<li>Superman\u00a0est de dimension 6 cm X 3,7 cm<\/li>\n<p>_x000D_n \t<\/p>\n<li>Le logo\u00a0est de dimension 4 cm X 5,5 cm<\/li>\n<p>_x000D_n \t<\/p>\n<li>Avec le crochet Hauteur 8,5 cm et 6 cm<\/li>\n<p>_x000D_n \t<\/p>\n<li>Ecartement du mur 2,5 cm<\/li>\n<p>_x000D_n<\/ul>\n","protected":false},"excerpt":{"rendered":"<p>Pat\u00e8res design <em><strong>superman<\/strong><\/em>. Elles sont en <strong>bois peint<\/strong> id\u00e9ales pour une chambre d\u2019enfant.\u00a0Elles ne n\u00e9cessitent aucun outils pour leur fixation et sont \u00e0 coller partout dans la maison m\u00eame en d\u00e9coration.<\/p>\n","protected":false},"featured_media":1246,"comment_status":"closed","ping_status":"open","template":"","meta":[],"product_cat":[16],"product_tag":[25],"class_list":["post-207","product","type-product","status-publish","has-post-thumbnail","hentry","product_cat-chambre-enfant","product_tag-crochet-patere-patere-design-patere-murale-patere-porte-pateres-porte-manteau-porte-serviette-porte-torchon-vestiaire","description-off"],"_links":{"self":[{"href":"https:\/\/roulettes.vaniseo.top\/index.php\/wp-json\/wp\/v2\/product\/207","targetHints":{"allow":["GET"]}}],"collection":[{"href":"https:\/\/roulettes.vaniseo.top\/index.php\/wp-json\/wp\/v2\/product"}],"about":[{"href":"https:\/\/roulettes.vaniseo.top\/index.php\/wp-json\/wp\/v2\/types\/product"}],"replies":[{"embeddable":true,"href":"https:\/\/roulettes.vaniseo.top\/index.php\/wp-json\/wp\/v2\/comments?post=207"}],"version-history":[{"count":0,"href":"https:\/\/roulettes.vaniseo.top\/index.php\/wp-json\/wp\/v2\/product\/207\/revisions"}],"wp:featuredmedia":[{"embeddable":true,"href":"https:\/\/roulettes.vaniseo.top\/index.php\/wp-json\/wp\/v2\/media\/1246"}],"wp:attachment":[{"href":"https:\/\/roulettes.vaniseo.top\/index.php\/wp-json\/wp\/v2\/media?parent=207"}],"wp:term":[{"taxonomy":"product_cat","embeddable":true,"href":"https:\/\/roulettes.vaniseo.top\/index.php\/wp-json\/wp\/v2\/product_cat?post=207"},{"taxonomy":"product_tag","embeddable":true,"href":"https:\/\/roulettes.vaniseo.top\/index.php\/wp-json\/wp\/v2\/product_tag?post=207"}],"curies":[{"name":"wp","href":"https:\/\/api.w.org\/{rel}","templated":true}]}}