{"id":208,"date":"2022-04-04T16:20:43","date_gmt":"2022-04-04T14:20:43","guid":{"rendered":"https:\/\/roulettes.vaniseo.top\/index.php\/produit\/patere-reglable-5-crochets-en-aluminium-brosse\/"},"modified":"2022-04-04T17:17:40","modified_gmt":"2022-04-04T15:17:40","slug":"patere-reglable-5-crochets-en-aluminium-brosse","status":"publish","type":"product","link":"https:\/\/roulettes.vaniseo.top\/index.php\/produit\/patere-reglable-5-crochets-en-aluminium-brosse\/","title":{"rendered":"Pat\u00e8re r\u00e9glable 5 crochets en aluminium bross\u00e9"},"content":{"rendered":"<h3>Patere porte serviette salle de bain aluminium 5 crochets r\u00e9glables<\/h3>\n<p>_x000D_nEt si vos\u00a0<strong>5 crochets en aluminium\u00a0<\/strong><b>inoxydable<\/b>\u00a0de\u00a0<strong>porte manteau mural<\/strong>\u00a0se mettaient \u00e0 bouger? En effet, d\u00e9couvrez ici la\u00a0<strong>pat\u00e8re r\u00e9glable 5\u00a0crochets en aluminium bross\u00e9 <\/strong>sign\u00e9e<strong> 1001 Pat\u00e8res<\/strong>.\u00a0Ci dessous, lisez rapidement toutes ses caract\u00e9ristiques et astuces d&rsquo;installation._x000D_n_x000D_nRappelons seulement que <a href=\"https:\/\/1001pateres.com\/brand\/1001pateres\/\">1001 Pat\u00e8res<\/a>\u00a0est le <strong>N\u00b01 en France des ventes de pat\u00e8res<\/strong>. Sa boutique en ligne offre des <strong>designs vari\u00e9s et \u00e0 tous les\u00a0<\/strong><b>prix <\/b>permettant de r\u00e9pondre \u00e0 chacune de vos recherches. Son objectif est de pouvoir jouir d\u2019une\u00a0maison ou d\u2019une soci\u00e9t\u00e9 \u00e9l\u00e9gante et rang\u00e9e._x000D_n_x000D_nC&rsquo;est pourquoi, ci-contre, la patere porte serviette salle de bain est si\u00a0<strong>polyvalente<\/strong>.\u00a0Elle se fixe au mur pour s\u2019int\u00e9grer avec discr\u00e9tion \u00e0 tout int\u00e9rieur. Ses\u00a0<strong>5 crochets pat\u00e8res r\u00e9glables en<\/strong>\u00a0<strong>aluminium bross\u00e9 sont inoxydables<\/strong>. Ils garantissent sa flexibilit\u00e9 d&rsquo;utilisation, sa promesse produit. Ainsi, le positionnement des crochets se fait \u00e0 votre convenance. Le b\u00e9n\u00e9fice est alors de\u00a0<strong>maximiser le rangement<\/strong> en faisant glisser les crochets de gauche \u00e0 droite selon ce que vous souhaitez ranger._x000D_n_x000D_nPar exemple, les foulards et autres bijoux qui ne requi\u00e8rent que peu de place pourront \u00eatre suspendus sur des <strong>crochets resserr\u00e9s<\/strong>\u00a0alors que des uniformes ou des manteaux qui prennent plus de place, pourront \u00eatre suspendus sur des <strong>crochets \u00e9cart\u00e9s<\/strong>._x000D_n_x000D_n&nbsp;_x000D_n<\/p>\n<h3>Comment fixer au mur la pat\u00e8re r\u00e9glable 5 crochets en aluminium bross\u00e9?<\/h3>\n<p>_x000D_nC\u00f4t\u00e9 <strong>installation<\/strong>, cette patere porte serviette en aluminium bross\u00e9 comporte 5 crochets pat\u00e8res et son\u00a0syst\u00e8me d\u2019accrochage avec ses vis, ses chevilles. Cela rend l\u2019ensemble<strong> facile et rapide \u00e0 poser <\/strong>avec\u00a0votre propre perceuse._x000D_n_x000D_nVoici ses <strong>dimensions <\/strong>ci dessous. Choisissez plut\u00f4t un pan de mur dans un angle pour jouer la discr\u00e9tion:_x000D_n<\/p>\n<ul>_x000D_n \t<\/p>\n<li>Base du support: 37 cm X 3 cm<\/li>\n<p>_x000D_n \t<\/p>\n<li>Ecartement maxi: 5 cm<\/li>\n<p>_x000D_n \t<\/p>\n<li>Hauteur de chaque pat\u00e8re: 5,2 cm<\/li>\n<p>_x000D_n \t<\/p>\n<li>Vis: 2,8 cm<\/li>\n<p>_x000D_n<\/ul>\n<p>_x000D_nEnfin, ce mod\u00e8le existe aussi avec <a href=\"https:\/\/1001pateres.com\/produit\/patere-double-en-aluminium-brosse\/\">2<\/a>,\u00a0<a href=\"https:\/\/1001pateres.com\/produit\/patere-3-crochets-en-aluminium-brosse-reglable\/\">3<\/a>, <a href=\"https:\/\/1001pateres.com\/produit\/patere-4-reglable-en-aluminium-brosse\/\">4<\/a>, <a href=\"https:\/\/1001pateres.com\/produit\/patere-7-crochets-en-aluminium-brosse-reglable\/\">7<\/a>\u00a0et <a href=\"https:\/\/1001pateres.com\/produit\/patere-8-crochets-en-aluminium-brosse\/\">8<\/a> crochets r\u00e9glables. Vous avez l\u2019embarras du choix!<\/p>\n","protected":false},"excerpt":{"rendered":"<p>Porte-serviette de salle de bain en <em><strong>aluminium<\/strong><\/em> avec <strong>5 pat\u00e8res<\/strong>. Belle pat\u00e8re 5 crochets en aluminium bross\u00e9 qui peut servir pour de multiples usages dans la maison ou l&rsquo;entreprise et qui est particuli\u00e8rement adapt\u00e9 aux pi\u00e8ces humide.\u00a0Elle est murale au design simple et passe-partout.<\/p>\n","protected":false},"featured_media":1250,"comment_status":"closed","ping_status":"open","template":"","meta":[],"product_cat":[20,17],"product_tag":[25],"class_list":["post-208","product","type-product","status-publish","has-post-thumbnail","hentry","product_cat-cuisine","product_cat-salle-de-bain","product_tag-crochet-patere-patere-design-patere-murale-patere-porte-pateres-porte-manteau-porte-serviette-porte-torchon-vestiaire","description-off"],"_links":{"self":[{"href":"https:\/\/roulettes.vaniseo.top\/index.php\/wp-json\/wp\/v2\/product\/208","targetHints":{"allow":["GET"]}}],"collection":[{"href":"https:\/\/roulettes.vaniseo.top\/index.php\/wp-json\/wp\/v2\/product"}],"about":[{"href":"https:\/\/roulettes.vaniseo.top\/index.php\/wp-json\/wp\/v2\/types\/product"}],"replies":[{"embeddable":true,"href":"https:\/\/roulettes.vaniseo.top\/index.php\/wp-json\/wp\/v2\/comments?post=208"}],"version-history":[{"count":0,"href":"https:\/\/roulettes.vaniseo.top\/index.php\/wp-json\/wp\/v2\/product\/208\/revisions"}],"wp:featuredmedia":[{"embeddable":true,"href":"https:\/\/roulettes.vaniseo.top\/index.php\/wp-json\/wp\/v2\/media\/1250"}],"wp:attachment":[{"href":"https:\/\/roulettes.vaniseo.top\/index.php\/wp-json\/wp\/v2\/media?parent=208"}],"wp:term":[{"taxonomy":"product_cat","embeddable":true,"href":"https:\/\/roulettes.vaniseo.top\/index.php\/wp-json\/wp\/v2\/product_cat?post=208"},{"taxonomy":"product_tag","embeddable":true,"href":"https:\/\/roulettes.vaniseo.top\/index.php\/wp-json\/wp\/v2\/product_tag?post=208"}],"curies":[{"name":"wp","href":"https:\/\/api.w.org\/{rel}","templated":true}]}}