{"id":222,"date":"2022-04-04T16:20:49","date_gmt":"2022-04-04T14:20:49","guid":{"rendered":"https:\/\/roulettes.vaniseo.top\/index.php\/produit\/pateres-design-et-amusantes-en-bois-les-minions\/"},"modified":"2022-04-04T17:17:50","modified_gmt":"2022-04-04T15:17:50","slug":"pateres-design-et-amusantes-en-bois-les-minions","status":"publish","type":"product","link":"https:\/\/roulettes.vaniseo.top\/index.php\/produit\/pateres-design-et-amusantes-en-bois-les-minions\/","title":{"rendered":"Pat\u00e8res design et amusantes en bois LES MINIONS"},"content":{"rendered":"<h4>Porte-manteaux pour chambre d&rsquo;enfant LES MINIONS.<\/h4>\n<p>_x000D_n<strong>Pat\u00e8res design<\/strong> et amusantes en bois <em><strong>Les minions<\/strong><\/em>._x000D_n_x000D_nJolies pat\u00e8res design repr\u00e9sentant les personnages des\u00a0\u00bb minions\u00a0\u00bb. Elles sont d\u00e9coratives et amusantes pour les enfants._x000D_n_x000D_nCelles-ci sont autocollantes et comportent un syst\u00e8me d&rsquo;accrochage\u00a0en m\u00e9tal avec un embout form\u00e9 d&rsquo;une boule en m\u00e9tal\u00a0pour plus de s\u00e9curit\u00e9._x000D_n_x000D_nElles sont en bois peint, de grande qualit\u00e9 et id\u00e9ales pour une chambre d\u2019enfant._x000D_n_x000D_nElles ne n\u00e9cessitent aucun outil pour leur fixation, il suffit simplement de les coller sur le mur de la chambre._x000D_n<\/p>\n<h4>Dimensions :<\/h4>\n<p>_x000D_n<\/p>\n<ul>_x000D_n \t<\/p>\n<li>Les minions\u00a0sont de dimension 6,5 cm X 4 cm<\/li>\n<p>_x000D_n \t<\/p>\n<li>Avec le crochet Hauteur 8,5 cm<\/li>\n<p>_x000D_n \t<\/p>\n<li>Ecartement du mur 2,5 cm<\/li>\n<p>_x000D_n<\/ul>\n","protected":false},"excerpt":{"rendered":"<p><strong>Pat\u00e8res design<\/strong> <em><strong>les minions<\/strong><\/em>. Elles sont en bois peint id\u00e9ales pour une chambre d\u2019enfant.\u00a0Elles ne n\u00e9cessitent aucun outils pour leur fixation.<\/p>\n","protected":false},"featured_media":1290,"comment_status":"closed","ping_status":"open","template":"","meta":[],"product_cat":[16,17],"product_tag":[25],"class_list":["post-222","product","type-product","status-publish","has-post-thumbnail","hentry","product_cat-chambre-enfant","product_cat-salle-de-bain","product_tag-crochet-patere-patere-design-patere-murale-patere-porte-pateres-porte-manteau-porte-serviette-porte-torchon-vestiaire","description-off"],"_links":{"self":[{"href":"https:\/\/roulettes.vaniseo.top\/index.php\/wp-json\/wp\/v2\/product\/222","targetHints":{"allow":["GET"]}}],"collection":[{"href":"https:\/\/roulettes.vaniseo.top\/index.php\/wp-json\/wp\/v2\/product"}],"about":[{"href":"https:\/\/roulettes.vaniseo.top\/index.php\/wp-json\/wp\/v2\/types\/product"}],"replies":[{"embeddable":true,"href":"https:\/\/roulettes.vaniseo.top\/index.php\/wp-json\/wp\/v2\/comments?post=222"}],"version-history":[{"count":0,"href":"https:\/\/roulettes.vaniseo.top\/index.php\/wp-json\/wp\/v2\/product\/222\/revisions"}],"wp:featuredmedia":[{"embeddable":true,"href":"https:\/\/roulettes.vaniseo.top\/index.php\/wp-json\/wp\/v2\/media\/1290"}],"wp:attachment":[{"href":"https:\/\/roulettes.vaniseo.top\/index.php\/wp-json\/wp\/v2\/media?parent=222"}],"wp:term":[{"taxonomy":"product_cat","embeddable":true,"href":"https:\/\/roulettes.vaniseo.top\/index.php\/wp-json\/wp\/v2\/product_cat?post=222"},{"taxonomy":"product_tag","embeddable":true,"href":"https:\/\/roulettes.vaniseo.top\/index.php\/wp-json\/wp\/v2\/product_tag?post=222"}],"curies":[{"name":"wp","href":"https:\/\/api.w.org\/{rel}","templated":true}]}}