{"id":227,"date":"2022-04-04T16:20:49","date_gmt":"2022-04-04T14:20:49","guid":{"rendered":"https:\/\/roulettes.vaniseo.top\/index.php\/produit\/patere-bois-en-forme-detoile-de-mer-orange-et-bleu\/"},"modified":"2022-04-04T17:17:55","modified_gmt":"2022-04-04T15:17:55","slug":"patere-bois-en-forme-detoile-de-mer-orange-et-bleu","status":"publish","type":"product","link":"https:\/\/roulettes.vaniseo.top\/index.php\/produit\/patere-bois-en-forme-detoile-de-mer-orange-et-bleu\/","title":{"rendered":"Pat\u00e8re bois en forme d&rsquo;\u00e9toile de mer orange et bleu"},"content":{"rendered":"<h4>Pat\u00e8re bois \u00e9toile de mer orange<\/h4>\n<p>_x000D_nJolie pat\u00e8re bois\u00a0<strong>\u00e9toile\u00a0de mer<\/strong>\u00a0de couleur orange et bleu._x000D_n_x000D_nCelle-ci est \u00e0 poser partout dans la maison pour ne plus voir trainer ses affaires par exemple, que ce soit dans la chambre,dans l&rsquo;entr\u00e9e ou encore dans la salle de bain._x000D_n_x000D_nAussi, elle comporte un crochet avec une petite boule \u00e0 l&rsquo;extr\u00e9mit\u00e9. celle-ci est utile pour ne pas abimer les affaires. Le syst\u00e8me d&rsquo;accrochage est simple en m\u00e9tal blanc._x000D_n_x000D_nLe <em><strong>d\u00e9cor marin<\/strong><\/em> est original et de belle qualit\u00e9, de finitions grossi\u00e8res elle peut avoir de petits d\u00e9fauts cependant qui font tout son charme._x000D_n_x000D_nElle tient au mur avec un crochet ou une vis de votre choix._x000D_n<\/p>\n<h4>Dimensions :<\/h4>\n<p>_x000D_n<\/p>\n<ul>_x000D_n \t<\/p>\n<li>L&rsquo;\u00e9toile de mer orange est de dimension 9,5 cm X 9,5 cm<\/li>\n<p>_x000D_n \t<\/p>\n<li>Hauteur totale = 17,5 cm<\/li>\n<p>_x000D_n \t<\/p>\n<li>Ecartement du mur 4,5 cm<\/li>\n<p>_x000D_n<\/ul>\n","protected":false},"excerpt":{"rendered":"<p>Porte-manteau <strong>d\u00e9cor marin<\/strong> en forme d&rsquo;\u00e9toile de mer. Pat\u00e8re en bois en forme d&rsquo;<em><strong>\u00e9toile\u00a0de mer<\/strong><\/em> de couleur orange et bleu. Elle est \u00e0 poser partout dans la maison pour ne plus voir trainer ses affaires, dans la chambre, dans l&rsquo;entr\u00e9e mais aussi dans la salle de bain. Une fois fix\u00e9e elle permettra de supporter un poids de 5 kg environ.<\/p>\n","protected":false},"featured_media":1306,"comment_status":"closed","ping_status":"open","template":"","meta":[],"product_cat":[20,17],"product_tag":[27],"class_list":["post-227","product","type-product","status-publish","has-post-thumbnail","hentry","product_cat-cuisine","product_cat-salle-de-bain","product_tag-crochet-patere-patere-design-patere-murale-patere-porte-pateres-porte-serviette-porte-torchon-vestiaire","description-off"],"_links":{"self":[{"href":"https:\/\/roulettes.vaniseo.top\/index.php\/wp-json\/wp\/v2\/product\/227","targetHints":{"allow":["GET"]}}],"collection":[{"href":"https:\/\/roulettes.vaniseo.top\/index.php\/wp-json\/wp\/v2\/product"}],"about":[{"href":"https:\/\/roulettes.vaniseo.top\/index.php\/wp-json\/wp\/v2\/types\/product"}],"replies":[{"embeddable":true,"href":"https:\/\/roulettes.vaniseo.top\/index.php\/wp-json\/wp\/v2\/comments?post=227"}],"version-history":[{"count":0,"href":"https:\/\/roulettes.vaniseo.top\/index.php\/wp-json\/wp\/v2\/product\/227\/revisions"}],"wp:featuredmedia":[{"embeddable":true,"href":"https:\/\/roulettes.vaniseo.top\/index.php\/wp-json\/wp\/v2\/media\/1306"}],"wp:attachment":[{"href":"https:\/\/roulettes.vaniseo.top\/index.php\/wp-json\/wp\/v2\/media?parent=227"}],"wp:term":[{"taxonomy":"product_cat","embeddable":true,"href":"https:\/\/roulettes.vaniseo.top\/index.php\/wp-json\/wp\/v2\/product_cat?post=227"},{"taxonomy":"product_tag","embeddable":true,"href":"https:\/\/roulettes.vaniseo.top\/index.php\/wp-json\/wp\/v2\/product_tag?post=227"}],"curies":[{"name":"wp","href":"https:\/\/api.w.org\/{rel}","templated":true}]}}