{"id":23,"date":"2022-04-04T16:20:00","date_gmt":"2022-04-04T14:20:00","guid":{"rendered":"https:\/\/roulettes.vaniseo.top\/index.php\/produit\/patere-crochet-double-en-acier-inoxydable\/"},"modified":"2022-04-04T17:08:38","modified_gmt":"2022-04-04T15:08:38","slug":"patere-crochet-double-en-acier-inoxydable","status":"publish","type":"product","link":"https:\/\/roulettes.vaniseo.top\/index.php\/produit\/patere-crochet-double-en-acier-inoxydable\/","title":{"rendered":"Pat\u00e8re crochet double en acier inoxydable"},"content":{"rendered":"<h4>Crochet acier double.<\/h4>\n<p>_x000D_nPat\u00e8re <strong>crochet double<\/strong> en <em><strong>acier inoxydable<\/strong><\/em>._x000D_n_x000D_nJolie pat\u00e8re avec deux crochet double en acier inoxydable pour porte torchon, porte serviette ou porte gant._x000D_n_x000D_nOriginale\u00a0et \u00e9pur\u00e9e avec une forme douce et pratique._x000D_n_x000D_nElle comporte deux crochets et un syst\u00e8me de fixation au mur avec ses vis et ses chevilles, vis comportant des caches en acier._x000D_n_x000D_nCette pat\u00e8re s&rsquo;adaptera et apportera une touche de gait\u00e9 \u00e0 votre univers dans les pi\u00e8ces humides comme la salle de bain._x000D_n_x000D_nFacile \u00e0 poser, elle n\u00e9cessite une per\u00e7euse pour positionner les chevilles._x000D_n<\/p>\n<h4>Dimensions :<\/h4>\n<p>_x000D_n<\/p>\n<ul>_x000D_n \t<\/p>\n<li>La pat\u00e8re 6 cm X 5 cm<\/li>\n<p>_x000D_n \t<\/p>\n<li>\u00e9cartement maxi 4,3 cm<\/li>\n<p>_x000D_n \t<\/p>\n<li>Vis de 2\u00a0cm<\/li>\n<p>_x000D_n<\/ul>\n","protected":false},"excerpt":{"rendered":"<p>Pat\u00e8re <strong>crochet double<\/strong> en <em><strong>acier inoxydable<\/strong><\/em>. ce crochet peut servir de porte torchon, porte serviette, porte gant ou tout autre usage dans la maison mais aussi en collectivit\u00e9.\u00a0Elle est originale et \u00e9pur\u00e9e avec une forme douce et pratique. Elle est vendue avec ses vis, ses caches vis et ses chevilles.<\/p>\n","protected":false},"featured_media":732,"comment_status":"closed","ping_status":"open","template":"","meta":[],"product_cat":[19,20,21,22,17,23],"product_tag":[25],"class_list":["post-23","product","type-product","status-publish","has-post-thumbnail","hentry","product_cat-collectivite","product_cat-cuisine","product_cat-entreprise","product_cat-pro","product_cat-salle-de-bain","product_cat-toilette-wc","product_tag-crochet-patere-patere-design-patere-murale-patere-porte-pateres-porte-manteau-porte-serviette-porte-torchon-vestiaire","description-off"],"_links":{"self":[{"href":"https:\/\/roulettes.vaniseo.top\/index.php\/wp-json\/wp\/v2\/product\/23","targetHints":{"allow":["GET"]}}],"collection":[{"href":"https:\/\/roulettes.vaniseo.top\/index.php\/wp-json\/wp\/v2\/product"}],"about":[{"href":"https:\/\/roulettes.vaniseo.top\/index.php\/wp-json\/wp\/v2\/types\/product"}],"replies":[{"embeddable":true,"href":"https:\/\/roulettes.vaniseo.top\/index.php\/wp-json\/wp\/v2\/comments?post=23"}],"version-history":[{"count":0,"href":"https:\/\/roulettes.vaniseo.top\/index.php\/wp-json\/wp\/v2\/product\/23\/revisions"}],"wp:featuredmedia":[{"embeddable":true,"href":"https:\/\/roulettes.vaniseo.top\/index.php\/wp-json\/wp\/v2\/media\/732"}],"wp:attachment":[{"href":"https:\/\/roulettes.vaniseo.top\/index.php\/wp-json\/wp\/v2\/media?parent=23"}],"wp:term":[{"taxonomy":"product_cat","embeddable":true,"href":"https:\/\/roulettes.vaniseo.top\/index.php\/wp-json\/wp\/v2\/product_cat?post=23"},{"taxonomy":"product_tag","embeddable":true,"href":"https:\/\/roulettes.vaniseo.top\/index.php\/wp-json\/wp\/v2\/product_tag?post=23"}],"curies":[{"name":"wp","href":"https:\/\/api.w.org\/{rel}","templated":true}]}}