{"id":237,"date":"2022-04-04T16:20:57","date_gmt":"2022-04-04T14:20:57","guid":{"rendered":"https:\/\/roulettes.vaniseo.top\/index.php\/produit\/porte-chapeau-boule-rustique-vieilli\/"},"modified":"2022-04-04T17:18:06","modified_gmt":"2022-04-04T15:18:06","slug":"porte-chapeau-boule-rustique-vieilli","status":"publish","type":"product","link":"https:\/\/roulettes.vaniseo.top\/index.php\/produit\/porte-chapeau-boule-rustique-vieilli\/","title":{"rendered":"Porte chapeau boule rustique vieilli"},"content":{"rendered":"<h3>Pat\u00e8re pour chapeau boule rustique vieilli<\/h3>\n<p>_x000D_n<strong>1001 Pat\u00e8res<\/strong> vous propose ici de d\u00e9couvrir toutes les <strong>informations techniques<\/strong> et nos meilleurs <strong>conseils d&rsquo;installation<\/strong> pour ce p<strong>orte chapeau boule rustique vieilli<\/strong>._x000D_n_x000D_nTout d&rsquo;abord, elle est de la marque <a href=\"https:\/\/1001pateres.com\/brand\/1001pateres\/\">1001 Pat\u00e8res<\/a>. Cette pat\u00e8re dispose \u00e0 la fois d&rsquo;une fonction <strong>porte manteau<\/strong> et donc aussi de<strong> porte chapeau<\/strong>. Pour donner cet effet<strong>\u00a0<em>rustique<\/em> vieilli<\/strong>, la marque a choisi un <strong>alliage de zinc<\/strong>._x000D_n_x000D_nVous aimerez donc l&rsquo;utiliser \u00e0 la fois comme <strong>porte \u00e9charpes<\/strong> et <strong>porte v\u00eatements<\/strong> car gr\u00e2ce \u00e0 son crochet en forme de <strong>boule<\/strong>. En effet, gr\u00e2ce \u00e0 lui, vous ne subirez <strong>pas de marque sur vos\u00a0v\u00eatements<\/strong>._x000D_n_x000D_nCet alliage permet en plus d&rsquo;offrir une <strong>texture douce<\/strong>, <strong>n&rsquo;accrochant pas les mailles<\/strong> d&rsquo;une \u00e9charpe en laine, ou d&rsquo;un foulard en soie._x000D_n_x000D_nDe plus, ce mod\u00e8le est de <strong>couleur bronze<\/strong>\u00a0avec une <strong>forme douce et pratique<\/strong>. Assez fonc\u00e9e, c&rsquo;est un <strong>passe-partout discret<\/strong>. Celui-ci s&rsquo;adapte facilement \u00e0 toute d\u00e9coration int\u00e9rieure et sait <strong>se faire discret mais indispensable<\/strong>. Il est donc tr\u00e8s utile dans une maison ou une entreprise pour am\u00e9liorer la clart\u00e9 de l&rsquo;espace et limiter les affaires qui trainent._x000D_n_x000D_n&nbsp;_x000D_n<\/p>\n<h3>Nos conseils d&rsquo;installation du porte chapeau 1001 Pat\u00e8res<\/h3>\n<p>_x000D_nEnfin, ce porte chapeau boule rustique vieilli comporte <strong>deux crochets<\/strong>\u00a0avec des <strong>embouts boules<\/strong> et un syst\u00e8me d&rsquo;accrochage avec deux emplacements. Les vis sont fournies.\u00a0Il est facile \u00e0 poser mais n\u00e9cessite un <strong>tournevis<\/strong>._x000D_n_x000D_nPour finir, il supporte une <strong>charge de 5 kg environ<\/strong> et ses <strong>dimensions<\/strong> sont les suivantes:_x000D_n<\/p>\n<ul>_x000D_n \t<\/p>\n<li>La base de la pat\u00e8re est de dimensions 2,3 cm X 4,4 cm<\/li>\n<p>_x000D_n \t<\/p>\n<li>Ecartement du mur du crochet bas 5,3 cm, \u00e9cartement du mur du crochet haut 7 cm<\/li>\n<p>_x000D_n \t<\/p>\n<li>Longueur de la vis 1,2 cm<\/li>\n<p>_x000D_n<\/ul>\n<p>_x000D_nContactez nous pour toutes questions compl\u00e9mentaires via l&rsquo;espace de contact disponible sur ce site. Nous nous ferons un plaisir de vous r\u00e9pondre et vous conseiller au mieux selon vos besoins et vos recherches.<\/p>\n","protected":false},"excerpt":{"rendered":"<p>Belle <strong>pat\u00e8re double<\/strong> <em><strong>style rustique<\/strong><\/em>. Pouvant servir de porte-manteau et de\u00a0porte-chapeau cette pat\u00e8re est\u00a0en alliage de zinc et\u00a0peut aussi servir de porte-\u00e9charpe ou porte-v\u00eatement.\u00a0Il est de couleur bronze avec une forme douce et pratique, et permet de supporter un poids de 5 kg environ.<\/p>\n","protected":false},"featured_media":1338,"comment_status":"closed","ping_status":"open","template":"","meta":[],"product_cat":[19,32,30,22,17],"product_tag":[37],"class_list":["post-237","product","type-product","status-publish","has-post-thumbnail","hentry","product_cat-collectivite","product_cat-entree-sejour","product_cat-garage-cellier","product_cat-pro","product_cat-salle-de-bain","product_tag-crochet-patere-patere-design-patere-murale-patere-porte-pateres-porte-chapeau-porte-serviette-porte-torchon-vestiaire","description-off"],"_links":{"self":[{"href":"https:\/\/roulettes.vaniseo.top\/index.php\/wp-json\/wp\/v2\/product\/237","targetHints":{"allow":["GET"]}}],"collection":[{"href":"https:\/\/roulettes.vaniseo.top\/index.php\/wp-json\/wp\/v2\/product"}],"about":[{"href":"https:\/\/roulettes.vaniseo.top\/index.php\/wp-json\/wp\/v2\/types\/product"}],"replies":[{"embeddable":true,"href":"https:\/\/roulettes.vaniseo.top\/index.php\/wp-json\/wp\/v2\/comments?post=237"}],"version-history":[{"count":0,"href":"https:\/\/roulettes.vaniseo.top\/index.php\/wp-json\/wp\/v2\/product\/237\/revisions"}],"wp:featuredmedia":[{"embeddable":true,"href":"https:\/\/roulettes.vaniseo.top\/index.php\/wp-json\/wp\/v2\/media\/1338"}],"wp:attachment":[{"href":"https:\/\/roulettes.vaniseo.top\/index.php\/wp-json\/wp\/v2\/media?parent=237"}],"wp:term":[{"taxonomy":"product_cat","embeddable":true,"href":"https:\/\/roulettes.vaniseo.top\/index.php\/wp-json\/wp\/v2\/product_cat?post=237"},{"taxonomy":"product_tag","embeddable":true,"href":"https:\/\/roulettes.vaniseo.top\/index.php\/wp-json\/wp\/v2\/product_tag?post=237"}],"curies":[{"name":"wp","href":"https:\/\/api.w.org\/{rel}","templated":true}]}}