{"id":248,"date":"2022-04-04T16:20:57","date_gmt":"2022-04-04T14:20:57","guid":{"rendered":"https:\/\/roulettes.vaniseo.top\/index.php\/produit\/patere-capventure-zoo-tete-delan-bleu-petrole\/"},"modified":"2022-04-04T17:18:14","modified_gmt":"2022-04-04T15:18:14","slug":"patere-capventure-zoo-tete-delan-bleu-petrole","status":"publish","type":"product","link":"https:\/\/roulettes.vaniseo.top\/index.php\/produit\/patere-capventure-zoo-tete-delan-bleu-petrole\/","title":{"rendered":"Pat\u00e8re CapVenture ZOO t\u00eate d&rsquo;\u00e9lan bleu p\u00e9trole"},"content":{"rendered":"<h3>Pat\u00e8re \u00e9lan bleu p\u00e9trole en r\u00e9sine, collection ZOO par CapVenture<\/h3>\n<p>_x000D_n<strong>1001 Pat\u00e8res<\/strong> vous pr\u00e9sente ci dessous l&rsquo;ensemble des caract\u00e9ristiques de la <strong>pat\u00e8re CapVenture ZOO<\/strong> en forme d&rsquo;<strong>\u00e9lan\u00a0bleu p\u00e9trole<\/strong>._x000D_n_x000D_nEn effet, 1001 Pat\u00e8res est le<strong> n\u00b01 en France de la pat\u00e8re et du porte manteau<\/strong>. Il trouve pour vous partout dans le monde les meilleures affaires en mati\u00e8re de portants. Par \u00ab\u00a0affaires\u00a0\u00bb, on entend ici un produit <strong>au meilleur rapport qualit\u00e9 prix<\/strong>, capable \u00e0 la fois de <strong>d\u00e9corer<\/strong> et bien s\u00fbr de <strong>ranger<\/strong>._x000D_n_x000D_nAinsi, CapVenture, venu tout droit des Pays-Bas, imagine des <strong>pat\u00e8res murales en forme de t\u00eate d&rsquo;animaux<\/strong>. Vous d\u00e9couvrirez sur notre site plusieurs <strong>collections<\/strong> au th\u00e9matique d&rsquo;<strong>animaux sauvages<\/strong>, de <strong>zoo<\/strong>, ou encore de la <strong>ferme<\/strong>._x000D_n_x000D_n&nbsp;_x000D_n<\/p>\n<h3>Pat\u00e8re CapVenture ZOO : la t\u00eate d&rsquo;\u00e9lan bleu p\u00e9trole<\/h3>\n<p>_x000D_nD&rsquo;ailleurs, ci-contre, la t\u00eate d&rsquo;\u00e9lan bleu p\u00e9trole appartient \u00e0 la collection <strong>ZOO<\/strong>. Dans cette collection, retrouvez \u00e9galement d&rsquo;autres t\u00eates uniques et\/ou d\u00e9clin\u00e9es en plusieurs coloris. Ainsi, parmi les <strong>t\u00eates uniques<\/strong>, on retrouve celles de:_x000D_n<\/p>\n<ul>_x000D_n \t<\/p>\n<li><a href=\"https:\/\/1001pateres.com\/produit\/patere-design-animal-zoo-tete-de-leopard\/\"><strong>L\u00e9opard<\/strong><\/a><\/li>\n<p>_x000D_n \t<\/p>\n<li><strong>Ours brun<\/strong><\/li>\n<p>_x000D_n \t<\/p>\n<li><strong>Faon fa\u00e7on Bambi<\/strong><\/li>\n<p>_x000D_n \t<\/p>\n<li><strong>Loup bleu<\/strong><\/li>\n<p>_x000D_n \t<\/p>\n<li><strong>Renard roux<\/strong><\/li>\n<p>_x000D_n<\/ul>\n<p>_x000D_nEnfin pour les <strong>t\u00eates disponibles en plusieurs couleurs<\/strong>, on d\u00e9couvre donc cette fameuse <strong>t\u00eate\u00a0<\/strong><b>d&rsquo;\u00e9lan bleu p\u00e9trole<\/b>\u00a0mais aussi disponible en <strong>blanc laqu\u00e9<\/strong>, <strong>argent\u00e9<\/strong>, <strong>beige, noir<\/strong> et <strong><a href=\"https:\/\/1001pateres.com\/produit\/patere-design-zoo-tete-elan-vert-d-eau\/\">vert d&rsquo;eau<\/a><\/strong>. C\u2019est aussi le cas pour les <strong>t\u00eates d\u2019\u00e9l\u00e9phant, de girafe, de cerf et de lapin<\/strong>._x000D_n_x000D_nCette pat\u00e8re comme toutes les autres de la marque CapVenture est\u00a0en <strong>r\u00e9sine<\/strong> de couleur. Elle <strong>r\u00e9siste \u00e0 un poids pouvant aller \u00e0 5 kg<\/strong>. Gr\u00e2ce \u00e0 cette robustesse, elle est \u00e0 poser aussi bien dans la <strong>chambre<\/strong> que dans l&rsquo;<strong>entr\u00e9e<\/strong> pour ne plus voir trainer ses affaires._x000D_n_x000D_n&nbsp;_x000D_n<\/p>\n<h3>Installer la pat\u00e8re \u00e9lan bleu p\u00e9trole en r\u00e9sine<\/h3>\n<p>_x000D_nPour finir, c\u00f4t\u00e9 <strong>installation<\/strong>, la pat\u00e8re CapVenture ZOO comporte un syst\u00e8me d&rsquo;accrochage avec une vis et une cheville, ultra simple. Elle est vendue avec cette vis et cheville. Sa pose n\u00e9cessite donc seulement l&rsquo;utilisation de votre perceuse._x000D_n_x000D_n<strong>Dimensions<\/strong> :_x000D_n<\/p>\n<ul>_x000D_n \t<\/p>\n<li>La t\u00eate d&rsquo;\u00e9lan : 8,3 cm X 6 cm<\/li>\n<p>_x000D_n \t<\/p>\n<li>Ecartement du mur : 5 cm<\/li>\n<p>_x000D_n<\/ul>\n","protected":false},"excerpt":{"rendered":"<p>Belle pat\u00e8re design de la s\u00e9rie du ZOO en forme de t\u00eate d&rsquo;<strong>\u00e9lan bleu p\u00e9trole<\/strong>\u00a0mat en r\u00e9sine.\u00a0Cette t\u00eate d&rsquo;animal du zoo de la marque <em><strong>CAPVENTURE<\/strong><\/em> est en r\u00e9sine.\u00a0Elle est \u00e0 poser dans la chambre ou dans l&rsquo;entr\u00e9e pour ne plus voir trainer ses affaires.<\/p>\n","protected":false},"featured_media":1374,"comment_status":"closed","ping_status":"open","template":"","meta":[],"product_cat":[16,32],"product_tag":[27],"class_list":["post-248","product","type-product","status-publish","has-post-thumbnail","hentry","product_cat-chambre-enfant","product_cat-entree-sejour","product_tag-crochet-patere-patere-design-patere-murale-patere-porte-pateres-porte-serviette-porte-torchon-vestiaire","description-off"],"_links":{"self":[{"href":"https:\/\/roulettes.vaniseo.top\/index.php\/wp-json\/wp\/v2\/product\/248","targetHints":{"allow":["GET"]}}],"collection":[{"href":"https:\/\/roulettes.vaniseo.top\/index.php\/wp-json\/wp\/v2\/product"}],"about":[{"href":"https:\/\/roulettes.vaniseo.top\/index.php\/wp-json\/wp\/v2\/types\/product"}],"replies":[{"embeddable":true,"href":"https:\/\/roulettes.vaniseo.top\/index.php\/wp-json\/wp\/v2\/comments?post=248"}],"version-history":[{"count":0,"href":"https:\/\/roulettes.vaniseo.top\/index.php\/wp-json\/wp\/v2\/product\/248\/revisions"}],"wp:featuredmedia":[{"embeddable":true,"href":"https:\/\/roulettes.vaniseo.top\/index.php\/wp-json\/wp\/v2\/media\/1374"}],"wp:attachment":[{"href":"https:\/\/roulettes.vaniseo.top\/index.php\/wp-json\/wp\/v2\/media?parent=248"}],"wp:term":[{"taxonomy":"product_cat","embeddable":true,"href":"https:\/\/roulettes.vaniseo.top\/index.php\/wp-json\/wp\/v2\/product_cat?post=248"},{"taxonomy":"product_tag","embeddable":true,"href":"https:\/\/roulettes.vaniseo.top\/index.php\/wp-json\/wp\/v2\/product_tag?post=248"}],"curies":[{"name":"wp","href":"https:\/\/api.w.org\/{rel}","templated":true}]}}