{"id":258,"date":"2022-04-04T16:21:02","date_gmt":"2022-04-04T14:21:02","guid":{"rendered":"https:\/\/roulettes.vaniseo.top\/index.php\/produit\/patere-branche-aux-oiseaux-4-crochets-en-bois-bleu\/"},"modified":"2022-04-04T17:18:28","modified_gmt":"2022-04-04T15:18:28","slug":"patere-branche-aux-oiseaux-4-crochets-en-bois-bleu","status":"publish","type":"product","link":"https:\/\/roulettes.vaniseo.top\/index.php\/produit\/patere-branche-aux-oiseaux-4-crochets-en-bois-bleu\/","title":{"rendered":"Pat\u00e8re branche aux oiseaux 4 crochets en bois bleu"},"content":{"rendered":"<h4>Porte-manteaux branche aux oiseaux en bois naturel.<\/h4>\n<p>_x000D_nPat\u00e8re <strong>branche aux oiseaux<\/strong> 4 crochets en <em><strong>bois bleu<\/strong><\/em>._x000D_n_x000D_nCette pat\u00e8re est \u00e0 poser partout dans la maison pour ne plus laisser trainer ses affaires._x000D_n_x000D_nAvec ses couleurs tendance, elle s&rsquo;adaptera parfaitement dans les chambres ou dans l&rsquo;entr\u00e9e._x000D_n_x000D_nElle comporte un syst\u00e8me d&rsquo;accrochage simple avec deux attaches au dos \u00e0 positionner\u00a0sur un crochet de votre choix._x000D_n_x000D_n<span style=\"line-height: 1.5\">Originale et de belle qualit\u00e9 avec ses oiseaux en bois peint multicolor.<\/span>_x000D_n_x000D_nSa pose est tr\u00e8s facile et n\u00e9cessite des attaches au mur non fournies._x000D_n<\/p>\n<h4>Dimensions :<\/h4>\n<p>_x000D_n<\/p>\n<ul>_x000D_n \t<\/p>\n<li>La pat\u00e8re 48 cm X 12 cm<\/li>\n<p>_x000D_n \t<\/p>\n<li>La pat\u00e8re \u00e9cartement 4 cm<\/li>\n<p>_x000D_n<\/ul>\n","protected":false},"excerpt":{"rendered":"<p>Beau porte-manteaux en forme de <strong>branche aux oiseaux<\/strong> compos\u00e9 de 4 crochets en bois <em><strong>\u00e0 dominance bleu<\/strong><\/em>.\u00a0Cette pat\u00e8re est \u00e0 poser partout dans la maison pour ne plus laisser trainer ses affaires.\u00a0Avec ses couleurs tendance, elle s&rsquo;adaptera parfaitement dans les chambres ou dans l&rsquo;entr\u00e9e.<\/p>\n","protected":false},"featured_media":1411,"comment_status":"closed","ping_status":"open","template":"","meta":[],"product_cat":[29,16,32,17],"product_tag":[25],"class_list":["post-258","product","type-product","status-publish","has-post-thumbnail","hentry","product_cat-chambre-adulte","product_cat-chambre-enfant","product_cat-entree-sejour","product_cat-salle-de-bain","product_tag-crochet-patere-patere-design-patere-murale-patere-porte-pateres-porte-manteau-porte-serviette-porte-torchon-vestiaire","description-off"],"_links":{"self":[{"href":"https:\/\/roulettes.vaniseo.top\/index.php\/wp-json\/wp\/v2\/product\/258","targetHints":{"allow":["GET"]}}],"collection":[{"href":"https:\/\/roulettes.vaniseo.top\/index.php\/wp-json\/wp\/v2\/product"}],"about":[{"href":"https:\/\/roulettes.vaniseo.top\/index.php\/wp-json\/wp\/v2\/types\/product"}],"replies":[{"embeddable":true,"href":"https:\/\/roulettes.vaniseo.top\/index.php\/wp-json\/wp\/v2\/comments?post=258"}],"version-history":[{"count":0,"href":"https:\/\/roulettes.vaniseo.top\/index.php\/wp-json\/wp\/v2\/product\/258\/revisions"}],"wp:featuredmedia":[{"embeddable":true,"href":"https:\/\/roulettes.vaniseo.top\/index.php\/wp-json\/wp\/v2\/media\/1411"}],"wp:attachment":[{"href":"https:\/\/roulettes.vaniseo.top\/index.php\/wp-json\/wp\/v2\/media?parent=258"}],"wp:term":[{"taxonomy":"product_cat","embeddable":true,"href":"https:\/\/roulettes.vaniseo.top\/index.php\/wp-json\/wp\/v2\/product_cat?post=258"},{"taxonomy":"product_tag","embeddable":true,"href":"https:\/\/roulettes.vaniseo.top\/index.php\/wp-json\/wp\/v2\/product_tag?post=258"}],"curies":[{"name":"wp","href":"https:\/\/api.w.org\/{rel}","templated":true}]}}