{"id":26,"date":"2022-04-04T16:20:00","date_gmt":"2022-04-04T14:20:00","guid":{"rendered":"https:\/\/roulettes.vaniseo.top\/index.php\/produit\/patere-ventouse-en-forme-darriere-train-de-cheval-marron\/"},"modified":"2022-04-04T17:08:38","modified_gmt":"2022-04-04T15:08:38","slug":"patere-ventouse-en-forme-darriere-train-de-cheval-marron","status":"publish","type":"product","link":"https:\/\/roulettes.vaniseo.top\/index.php\/produit\/patere-ventouse-en-forme-darriere-train-de-cheval-marron\/","title":{"rendered":"Pat\u00e8re ventouse en forme d&rsquo;arri\u00e8re train de cheval marron"},"content":{"rendered":"<h3>Porte-torchon ventouse en forme d&rsquo;arri\u00e8re train de cheval<\/h3>\n<p>_x000D_nA la recherche d\u2019astuces pour que chacun participe au rangement de la maison? Oubliez l\u2019autorit\u00e9, passez \u00e0 la m\u00e9thode ludique avec l\u2019utilisation de <strong>pat\u00e8re ventouse<\/strong>. Ici, il s\u2019agit d&rsquo;un\u00a0<strong>arri\u00e8re train de\u00a0cheval marron<\/strong>! Quoi de plus rigolo?!_x000D_n_x000D_nD\u00e9couvrez ici toutes les informations techniques et d\u00e9coratives de cette pat\u00e8re._x000D_n_x000D_nMais tout d\u2019abord, voici une br\u00e8ve pr\u00e9sentation de sa marque,\u00a0<a href=\"https:\/\/1001pateres.com\/brand\/1001pateres\/\"><strong>1001 Pat\u00e8res<\/strong><\/a>. En effet, celle-ci est \u00e0 la fois une marque et un site marchand fran\u00e7ais de pat\u00e8res. Leader <strong>n\u00b01 en France<\/strong>, 1001 Pat\u00e8res dispose de\u00a0<strong>choix et de produits de qualit\u00e9<\/strong> quelque soit le style de d\u00e9coration d&rsquo;int\u00e9rieur et le budget disponible. Particuliers comme professionnels trouvent ici leurs bonheurs._x000D_n_x000D_n&nbsp;_x000D_n<\/p>\n<h3>Pat\u00e8re ventouse porte torchon: arri\u00e8re train de cheval marron<\/h3>\n<p>_x000D_nIci concr\u00e8tement il s&rsquo;agit donc d&rsquo;une\u00a0<strong>pat\u00e8re ventouse <\/strong>de la marque. Cette arri\u00e8re train d\u2019animal color\u00e9 est une<strong>\u00a0astuce<\/strong> originale de rangement, notamment pour la <strong>cuisine comme porte torchon<\/strong>. Mais il est possible de l&rsquo;installer comme porte gant, porte serviette dans\u00a0la salle de bain ou encore dans les toilettes._x000D_n_x000D_nCet arri\u00e8re train de cheval marron compl\u00e8te une gamme de 5 autres<strong>\u00a0queues et pattes diff\u00e9rentes<\/strong> inspir\u00e9es du <strong>crocodile<\/strong>, du <strong>chien<\/strong>, de l\u2019<strong>oie<\/strong>, du <strong>tigre<\/strong> et du <strong>kangourou<\/strong>._x000D_n_x000D_nAinsi, retrouvez sur le site la vente du\u00a0<a href=\"https:\/\/1001pateres.com\/produit\/lot-de-6-pateres-rigolotes-ventouses-animaux\/\"><strong>lot de 6<\/strong><\/a> ou de <strong>chaque pat\u00e8re ventouse \u00e0 l\u2019unit\u00e9<\/strong>._x000D_n_x000D_nC\u00f4t\u00e9 installation enfin, rien de plus simple gr\u00e2ce \u00e0 la <strong>ventouse transparente<\/strong> pr\u00e9sente au dos du produit. En <strong>plastique<\/strong>, elle est id\u00e9ale pour \u00eatre installer sur du carrelage. Elle supporte un <strong>poids d\u2019environ 2 kg<\/strong>. Elle conviend donc aussi bien pour un gant de toilette, que pour un pyjama, ou une serviette de taille moyenne._x000D_n_x000D_nEnfin, nos clients choisissent cette pat\u00e8re murale pour sa rapidit\u00e9 d&rsquo;utilisation, sans manipulation d&rsquo;outil, sans per\u00e7age n\u00e9cessaire. car elle ne n\u00e9cessite aucun outil pour sa pose._x000D_n_x000D_nVoici ses <strong>dimensions<\/strong> sp\u00e9cifiques \u00e0 l\u2019unit\u00e9:_x000D_n<\/p>\n<ul>_x000D_n \t<\/p>\n<li>Diam\u00e8tre de la ventouse: 4,3\u00a0cm<\/li>\n<p>_x000D_n \t<\/p>\n<li>Ecartement du mur: 4,5 cm<\/li>\n<p>_x000D_n<\/ul>\n","protected":false},"excerpt":{"rendered":"<p>Jolie <strong>pat\u00e8re ventouse<\/strong> <em><strong>cheval marron<\/strong><\/em>.\u00a0Elle comporte un syst\u00e8me d&rsquo;accrochage form\u00e9 de la queue du cheval.\u00a0Le design est simple et naif pour apporter une touche de couleur dans la salle de bain ou dans la cuisine.<\/p>\n","protected":false},"featured_media":740,"comment_status":"closed","ping_status":"open","template":"","meta":[],"product_cat":[20,17,23],"product_tag":[24],"class_list":["post-26","product","type-product","status-publish","has-post-thumbnail","hentry","product_cat-cuisine","product_cat-salle-de-bain","product_cat-toilette-wc","product_tag-crochet-patere-patere-design-patere-murale-patere-porte-porte-serviette-porte-torchon","description-off"],"_links":{"self":[{"href":"https:\/\/roulettes.vaniseo.top\/index.php\/wp-json\/wp\/v2\/product\/26","targetHints":{"allow":["GET"]}}],"collection":[{"href":"https:\/\/roulettes.vaniseo.top\/index.php\/wp-json\/wp\/v2\/product"}],"about":[{"href":"https:\/\/roulettes.vaniseo.top\/index.php\/wp-json\/wp\/v2\/types\/product"}],"replies":[{"embeddable":true,"href":"https:\/\/roulettes.vaniseo.top\/index.php\/wp-json\/wp\/v2\/comments?post=26"}],"version-history":[{"count":0,"href":"https:\/\/roulettes.vaniseo.top\/index.php\/wp-json\/wp\/v2\/product\/26\/revisions"}],"wp:featuredmedia":[{"embeddable":true,"href":"https:\/\/roulettes.vaniseo.top\/index.php\/wp-json\/wp\/v2\/media\/740"}],"wp:attachment":[{"href":"https:\/\/roulettes.vaniseo.top\/index.php\/wp-json\/wp\/v2\/media?parent=26"}],"wp:term":[{"taxonomy":"product_cat","embeddable":true,"href":"https:\/\/roulettes.vaniseo.top\/index.php\/wp-json\/wp\/v2\/product_cat?post=26"},{"taxonomy":"product_tag","embeddable":true,"href":"https:\/\/roulettes.vaniseo.top\/index.php\/wp-json\/wp\/v2\/product_tag?post=26"}],"curies":[{"name":"wp","href":"https:\/\/api.w.org\/{rel}","templated":true}]}}