{"id":265,"date":"2022-04-04T16:21:02","date_gmt":"2022-04-04T14:21:02","guid":{"rendered":"https:\/\/roulettes.vaniseo.top\/index.php\/produit\/trophee-pour-pateres-animaux-zoo-capventure\/"},"modified":"2022-04-04T17:18:31","modified_gmt":"2022-04-04T15:18:31","slug":"trophee-pour-pateres-animaux-zoo-capventure","status":"publish","type":"product","link":"https:\/\/roulettes.vaniseo.top\/index.php\/produit\/trophee-pour-pateres-animaux-zoo-capventure\/","title":{"rendered":"Troph\u00e9e pour pat\u00e8res animaux ZOO CAPVENTURE"},"content":{"rendered":"<h4>Planche en bois pour accueillir 3 pat\u00e8res animaux CAPVENTURE<\/h4>\n<p>_x000D_n<strong>1001 Pat\u00e8res<\/strong> vous conseille r\u00e9guli\u00e8rement de <strong>d\u00e9multiplier<\/strong> le nombre de <strong>pat\u00e8res animaux Capventure<\/strong>. En effet, cela permet de cr\u00e9er de <strong>v\u00e9ritables univers animaliers<\/strong> dans chacune des pi\u00e8ces o\u00f9 vous pr\u00e9voyez de les installer. Ici, nous avons la solution pour vous pour <strong>minimiser le nombre de trous au mur<\/strong>. D\u00e9couvrez toutes les informations concernant le <strong>troph\u00e9e pour pat\u00e8res animaux ZOO<\/strong> de la marque <strong>CAPVENTURE<\/strong>._x000D_n_x000D_nMais tout d&rsquo;abord, revenons sur <strong>CapVenture<\/strong>. <strong>1001 Pat\u00e8res est le site en ligne leader en France<\/strong> pour la vente de pat\u00e8res et porte manteaux. Pour cela, elle s\u00e9lectionne les meilleures marques dans le monde proposant des pat\u00e8res et porte manteaux aux meilleurs rapports qualit\u00e9 prix. C&rsquo;est ainsi que <a href=\"https:\/\/1001pateres.com\/brand\/capventure\/\">CapVenture<\/a> a \u00e9t\u00e9 s\u00e9lectionn\u00e9e pour son <strong>design de pat\u00e8res ludiques en forme d&rsquo;animaux<\/strong>._x000D_n_x000D_nCes pat\u00e8res sont d&rsquo;une tr\u00e8s belle qualit\u00e9, en <strong>r\u00e9sine<\/strong>, et <strong>peintes \u00e0 la main<\/strong>. Chaque\u00a0t\u00eate d&rsquo;animal du zoo\u00a0est en r<strong>\u00e9sine tr\u00e8s r\u00e9sistante<\/strong> et permet un <strong>support de charge sup\u00e9rieur \u00e0 5 kilogrammes<\/strong>._x000D_n_x000D_nAinsi, dans cette marque, il est actuellement possible de retrouver diff\u00e9rentes collections sur le site 1001 Pat\u00e8res: <a href=\"https:\/\/1001pateres.com\/produit\/patere-design-et-deco-zoo-tete-ours-brun\/\">Zoo<\/a>, mais aussi <a href=\"https:\/\/1001pateres.com\/produit\/patere-design-animal-sauvage-ecureuil\/\">animaux sauvages<\/a>, <a href=\"https:\/\/1001pateres.com\/produit\/patere-design-animal-marin-etoile-de-mer-capventure\/\">animaux marines<\/a>, et <a href=\"https:\/\/1001pateres.com\/produit\/patere-design-animal-de-la-ferme-tete-de-petit-lapin-brun\/\">Ferme<\/a>._x000D_n_x000D_n&nbsp;_x000D_n<\/p>\n<h3>Troph\u00e9e pour pat\u00e8res animaux CapVenture<\/h3>\n<p>_x000D_nAinsi, cette <strong>planche en bois vieilli<\/strong> devient le v\u00e9ritable troph\u00e9e pour pat\u00e8res animaux. Concr\u00e8tement, elle permet de positionner 3 pat\u00e8res <strong>ZOO<\/strong>\u00a0<em><strong>CAPVENTURE\u00a0<\/strong><\/em> de votre choix._x000D_n_x000D_nCe <strong>troph\u00e9e<\/strong> transforme donc une <strong>pat\u00e8re unique en un porte manteau multiple<\/strong> pour optimiser le rangement d&rsquo;une <strong>maison<\/strong>, d&rsquo;une <strong>boutique<\/strong>, ou toute autre <strong>entreprise<\/strong>._x000D_n_x000D_nEnfin, pour sa fixation, il comporte un syst\u00e8me d&rsquo;accrochage avec deux vis et chevilles incluses. Sa pose n\u00e9cessite donc l&rsquo;utilisation d&rsquo;une perceuse. Pensez \u00e0 tenir compte de ses <strong>dimensions<\/strong> sp\u00e9cifique ci-dessous avant toute installation:_x000D_n<\/p>\n<ul>_x000D_n \t<\/p>\n<li>Dimensions du troph\u00e9e CapVenture: 50\u00a0cm X 13 cm<\/li>\n<p>_x000D_n \t<\/p>\n<li>\u00c9cartement du mur: 4 cm<\/li>\n<p>_x000D_n<\/ul>\n<p>_x000D_nVous l&rsquo;aurez compris, cet ensemble permet d&rsquo;<strong>accrocher\u00a0les pat\u00e8res ZOO<\/strong> de votre choix. Cet objet compl\u00e8te parfaitement l&rsquo;<strong>originalit\u00e9<\/strong> de ce style <strong>animalier<\/strong>. Il est <strong>moderne<\/strong>\u00a0et de <strong>tr\u00e8s belle qualit\u00e9<\/strong>.<\/p>\n","protected":false},"excerpt":{"rendered":"<p>Troph\u00e9e pour positionner les pat\u00e8res de la s\u00e9rie <strong>ZOO<\/strong> ou de la s\u00e9rie de la <strong>FERME<\/strong> de la marque <em><strong>CAPVENTURE<\/strong><\/em>. Planche en bois vieilli permettant de fixer\u00a03 pat\u00e8res\u00a0t\u00eate d&rsquo;animal en r\u00e9sine tr\u00e8s r\u00e9sistante et permet un support de charge sup\u00e9rieur \u00e0 5 kilogrammes par animal.\u00a0Ce porte-manteau est \u00e0 poser dans la chambre ou dans l&rsquo;entr\u00e9e pour ne plus voir trainer ses affaires.<\/p>\n","protected":false},"featured_media":732,"comment_status":"closed","ping_status":"open","template":"","meta":[],"product_cat":[16,32],"product_tag":[25],"class_list":["post-265","product","type-product","status-publish","has-post-thumbnail","hentry","product_cat-chambre-enfant","product_cat-entree-sejour","product_tag-crochet-patere-patere-design-patere-murale-patere-porte-pateres-porte-manteau-porte-serviette-porte-torchon-vestiaire","description-off"],"_links":{"self":[{"href":"https:\/\/roulettes.vaniseo.top\/index.php\/wp-json\/wp\/v2\/product\/265","targetHints":{"allow":["GET"]}}],"collection":[{"href":"https:\/\/roulettes.vaniseo.top\/index.php\/wp-json\/wp\/v2\/product"}],"about":[{"href":"https:\/\/roulettes.vaniseo.top\/index.php\/wp-json\/wp\/v2\/types\/product"}],"replies":[{"embeddable":true,"href":"https:\/\/roulettes.vaniseo.top\/index.php\/wp-json\/wp\/v2\/comments?post=265"}],"version-history":[{"count":0,"href":"https:\/\/roulettes.vaniseo.top\/index.php\/wp-json\/wp\/v2\/product\/265\/revisions"}],"wp:featuredmedia":[{"embeddable":true,"href":"https:\/\/roulettes.vaniseo.top\/index.php\/wp-json\/wp\/v2\/media\/732"}],"wp:attachment":[{"href":"https:\/\/roulettes.vaniseo.top\/index.php\/wp-json\/wp\/v2\/media?parent=265"}],"wp:term":[{"taxonomy":"product_cat","embeddable":true,"href":"https:\/\/roulettes.vaniseo.top\/index.php\/wp-json\/wp\/v2\/product_cat?post=265"},{"taxonomy":"product_tag","embeddable":true,"href":"https:\/\/roulettes.vaniseo.top\/index.php\/wp-json\/wp\/v2\/product_tag?post=265"}],"curies":[{"name":"wp","href":"https:\/\/api.w.org\/{rel}","templated":true}]}}