{"id":299,"date":"2022-04-04T16:21:11","date_gmt":"2022-04-04T14:21:11","guid":{"rendered":"https:\/\/roulettes.vaniseo.top\/index.php\/produit\/pateres-bois-scandinave-swing-puhlmann\/"},"modified":"2022-04-04T17:18:58","modified_gmt":"2022-04-04T15:18:58","slug":"pateres-bois-scandinave-swing-puhlmann","status":"publish","type":"product","link":"https:\/\/roulettes.vaniseo.top\/index.php\/produit\/pateres-bois-scandinave-swing-puhlmann\/","title":{"rendered":"Pat\u00e8res bois scandinave SWING PUHLMANN"},"content":{"rendered":"<h4>Porte-manteau design scandinave.<\/h4>\n<p>_x000D_nPat\u00e8res bois scandinave <strong>SWING<\/strong> <em><strong>PUHLMANN<\/strong><\/em>._x000D_n_x000D_nTout d&rsquo;abord, ce porte manteaux muni de 6 pat\u00e8res mobiles est \u00e0 poser et fixer partout dans la maison, il permettra entre autre de ne plus laisser trainer ses affaires._x000D_n_x000D_nAussi, celui-ci se compose de 6 accroches en bois naturel vernis et peut \u00eatre un bel objet de d\u00e9coration. De plus, son\u00a0syst\u00e8me d&rsquo;accrochage reste simple avec deux vis cach\u00e9e par une pastille couleur bois._x000D_n_x000D_nOriginal et de belle qualit\u00e9, la teinte naturelle peut \u00eatre plus ou moins claire en fonction du bois.\u00a0<span style=\"line-height: 1.5\">Il mettra une touche de modernit\u00e9 dans votre int\u00e9rieur.<\/span>_x000D_n_x000D_n<span style=\"line-height: 1.5\">Enfin, il se fixe au mur avec 2 vis, les vis et les chevilles sont fournies. Sa pose n\u00e9cessite l&rsquo;usage d&rsquo;une perceuse.<\/span>_x000D_n<\/p>\n<h4><strong>Dimensions :<\/strong><\/h4>\n<p>_x000D_n<\/p>\n<ul>_x000D_n \t<\/p>\n<li>Le porte-manteaux 37 X 18 X 20 cm<\/li>\n<p>_x000D_n<\/ul>\n","protected":false},"excerpt":{"rendered":"<p>Pat\u00e8res bois scandinave <strong>SWING<\/strong> <em><strong>PUHLMANN<\/strong><\/em>.\u00a0Ce porte manteaux muni de 6 pat\u00e8res mobiles est \u00e0 poser et fixer partout dans la maison, il permettra de ne plus laisser trainer ses affaires.\u00a0Il se compose de 6 accroches en bois naturel vernis et peut \u00eatre un bel objet de d\u00e9coration.<\/p>\n","protected":false},"featured_media":1520,"comment_status":"closed","ping_status":"open","template":"","meta":[],"product_cat":[29,32,21,17],"product_tag":[25],"class_list":["post-299","product","type-product","status-publish","has-post-thumbnail","hentry","product_cat-chambre-adulte","product_cat-entree-sejour","product_cat-entreprise","product_cat-salle-de-bain","product_tag-crochet-patere-patere-design-patere-murale-patere-porte-pateres-porte-manteau-porte-serviette-porte-torchon-vestiaire","description-off"],"_links":{"self":[{"href":"https:\/\/roulettes.vaniseo.top\/index.php\/wp-json\/wp\/v2\/product\/299","targetHints":{"allow":["GET"]}}],"collection":[{"href":"https:\/\/roulettes.vaniseo.top\/index.php\/wp-json\/wp\/v2\/product"}],"about":[{"href":"https:\/\/roulettes.vaniseo.top\/index.php\/wp-json\/wp\/v2\/types\/product"}],"replies":[{"embeddable":true,"href":"https:\/\/roulettes.vaniseo.top\/index.php\/wp-json\/wp\/v2\/comments?post=299"}],"version-history":[{"count":0,"href":"https:\/\/roulettes.vaniseo.top\/index.php\/wp-json\/wp\/v2\/product\/299\/revisions"}],"wp:featuredmedia":[{"embeddable":true,"href":"https:\/\/roulettes.vaniseo.top\/index.php\/wp-json\/wp\/v2\/media\/1520"}],"wp:attachment":[{"href":"https:\/\/roulettes.vaniseo.top\/index.php\/wp-json\/wp\/v2\/media?parent=299"}],"wp:term":[{"taxonomy":"product_cat","embeddable":true,"href":"https:\/\/roulettes.vaniseo.top\/index.php\/wp-json\/wp\/v2\/product_cat?post=299"},{"taxonomy":"product_tag","embeddable":true,"href":"https:\/\/roulettes.vaniseo.top\/index.php\/wp-json\/wp\/v2\/product_tag?post=299"}],"curies":[{"name":"wp","href":"https:\/\/api.w.org\/{rel}","templated":true}]}}