{"id":300,"date":"2022-04-04T16:21:11","date_gmt":"2022-04-04T14:21:11","guid":{"rendered":"https:\/\/roulettes.vaniseo.top\/index.php\/produit\/patere-tete-de-crocodile-blanc-zoo-par-capventure\/"},"modified":"2022-04-04T17:18:59","modified_gmt":"2022-04-04T15:18:59","slug":"patere-tete-de-crocodile-blanc-zoo-par-capventure","status":"publish","type":"product","link":"https:\/\/roulettes.vaniseo.top\/index.php\/produit\/patere-tete-de-crocodile-blanc-zoo-par-capventure\/","title":{"rendered":"Pat\u00e8re t\u00eate de crocodile blanc ZOO par CapVenture"},"content":{"rendered":"<h3>Porte manteau original t\u00eate de crocodile blanc mat par CapVenture<\/h3>\n<p>_x000D_nLe <strong>n\u00b01 en\u00a0France de la pat\u00e8re<\/strong>, <strong>1001 Pat\u00e8res<\/strong>, pr\u00e9sente ci dessous toutes les informations techniques et d\u00e9coratives de cette <strong>pat\u00e8re t\u00eate de crocodile blanc mat<\/strong>. Elle est issue de la collection <strong>ZOO<\/strong> sign\u00e9e <a href=\"https:\/\/1001pateres.com\/brand\/capventure\"><strong>CapVenture<\/strong><\/a>._x000D_n_x000D_nPour ce faire,\u00a0<strong>1001 Pat\u00e8res\u00a0<\/strong>d\u00e9niche aux quatre coins du monde, les pat\u00e8res aux meilleurs rapports qualit\u00e9 prix de pat\u00e8res. Ici, il s\u2019agit donc de CapVenture, issue des\u00a0<strong>Pays-Bas<\/strong>. Elle est sp\u00e9cialis\u00e9e dans le design de pat\u00e8res en forme de\u00a0<strong>t\u00eates d\u2019animaux tr\u00e8s vari\u00e9es<\/strong>. Toutes sont disponibles sur notre site et tri\u00e9es sous forme de <strong>collections<\/strong>: ZOO, Animal Sauvage, et Ferme._x000D_n_x000D_nGr\u00e2ce \u00e0 ces collections, vous <strong>d\u00e9corez<\/strong>\u00a0autant que vous <strong>rangez<\/strong>. Il\u00a0est possible de s&rsquo;offrir une pat\u00e8re\u00a0seule que l&rsquo;on valorise \u00e9l\u00e9gamment ou de\u00a0<strong>cr\u00e9er <\/strong>v\u00e9ritablement un <strong>univers ZOO<\/strong>. Pour ce faire, n\u2019h\u00e9sitez pas \u00e0 <strong>d\u00e9multiplier des t\u00eates<\/strong>\u00a0vari\u00e9es sur un m\u00eame pan de mur, de pr\u00e9f\u00e9rence clair._x000D_n_x000D_nPour aller plus loin dans l&rsquo;humour, certains de nos clients <strong>personnalisent<\/strong> m\u00eame (en caricaturant l\u00e9g\u00e8rement!) le choix de l\u2019animal pour chaque <strong>membre de la famille!<\/strong>_x000D_n_x000D_n&nbsp;_x000D_n<\/p>\n<h3>Pat\u00e8re design t\u00eate de crocodile blanc de la collection ZOO<\/h3>\n<p>_x000D_nDe plus, dans la collection <strong>ZOO<\/strong>, retrouvez des t\u00eates uniques, en <strong>r\u00e9sine<\/strong> et <strong>peintes \u00e0 la main\u00a0<\/strong>comme la t\u00eate d\u2019<strong>\u00e9l\u00e9phant<\/strong> mais aussi celle du <strong>l\u00e9opard<\/strong>, du <strong>z\u00e8bre<\/strong>, de <strong>l\u2019ours<\/strong>, du <strong>faon<\/strong>, du <strong>loup<\/strong> et du <a href=\"https:\/\/1001pateres.com\/produit\/patere-design-et-deco-zoo-tete-de-renard-roux\/\"><strong>renard<\/strong><\/a>._x000D_n_x000D_nCertains des animaux sont aussi disponibles en diff\u00e9rents coloris comme l\u2019<strong>\u00e9l\u00e9phant<\/strong>, la <strong>girafe<\/strong>, l\u2019<strong>\u00e9lan<\/strong>, le\u00a0<strong>cerf<\/strong> et le\u00a0<strong>lapin<\/strong>. Le <strong>crocodile<\/strong> lui est disponible ci contre en <strong>blanc mat<\/strong>, ou en <strong><a href=\"https:\/\/1001pateres.com\/produit\/patere-design-animal-zoo-tete-de-crocodile-beige\/\">beige<\/a><\/strong>._x000D_n_x000D_n&nbsp;_x000D_n<\/p>\n<h3>Installer la pat\u00e8re t\u00eate de crocodile blanc mat<\/h3>\n<p>_x000D_nEnfin, c\u00f4t\u00e9 utilisation, cette t\u00eate d&rsquo;alligator <strong>supporte une charge sup\u00e9rieure \u00e0 5 kg<\/strong>. C&rsquo;est donc un v\u00e9ritable passe partout pour ranger aussi bien manteau dans l&rsquo;entr\u00e9e que serviette dans la salle de bain!_x000D_n_x000D_nPour finir, elle dispose d&rsquo;un <strong>syst\u00e8me d\u2019accrochage<\/strong> simple, <strong>rapide<\/strong>, mais surtout <strong>invisible<\/strong> une fois fix\u00e9. Pr\u00e9parez seulement votre perceuse, plus la vis et la cheville fournies._x000D_n_x000D_n<strong>Dimensions<\/strong> :_x000D_n<\/p>\n<ul>_x000D_n \t<\/p>\n<li>La t\u00eate de la crocodile : 3,5 cm X 5,5 cm<\/li>\n<p>_x000D_n \t<\/p>\n<li>\u00c9cartement du mur : 5,5 cm<\/li>\n<p>_x000D_n<\/ul>\n","protected":false},"excerpt":{"rendered":"<p>Belle pat\u00e8re animal du\u00a0ZOO de la marque <em><strong>CAPVENTURE<\/strong><\/em> en forme de <strong>t\u00eate de crocodile blanc<\/strong> mat.\u00a0Cette t\u00eate d&rsquo;animal du zoo est en r\u00e9sine.\u00a0Elle est \u00e0 poser dans la chambre ou dans l&rsquo;entr\u00e9e pour ne plus voir trainer ses affaires.<\/p>\n","protected":false},"featured_media":744,"comment_status":"closed","ping_status":"open","template":"","meta":[],"product_cat":[16,32],"product_tag":[27],"class_list":["post-300","product","type-product","status-publish","has-post-thumbnail","hentry","product_cat-chambre-enfant","product_cat-entree-sejour","product_tag-crochet-patere-patere-design-patere-murale-patere-porte-pateres-porte-serviette-porte-torchon-vestiaire","description-off"],"_links":{"self":[{"href":"https:\/\/roulettes.vaniseo.top\/index.php\/wp-json\/wp\/v2\/product\/300","targetHints":{"allow":["GET"]}}],"collection":[{"href":"https:\/\/roulettes.vaniseo.top\/index.php\/wp-json\/wp\/v2\/product"}],"about":[{"href":"https:\/\/roulettes.vaniseo.top\/index.php\/wp-json\/wp\/v2\/types\/product"}],"replies":[{"embeddable":true,"href":"https:\/\/roulettes.vaniseo.top\/index.php\/wp-json\/wp\/v2\/comments?post=300"}],"version-history":[{"count":0,"href":"https:\/\/roulettes.vaniseo.top\/index.php\/wp-json\/wp\/v2\/product\/300\/revisions"}],"wp:featuredmedia":[{"embeddable":true,"href":"https:\/\/roulettes.vaniseo.top\/index.php\/wp-json\/wp\/v2\/media\/744"}],"wp:attachment":[{"href":"https:\/\/roulettes.vaniseo.top\/index.php\/wp-json\/wp\/v2\/media?parent=300"}],"wp:term":[{"taxonomy":"product_cat","embeddable":true,"href":"https:\/\/roulettes.vaniseo.top\/index.php\/wp-json\/wp\/v2\/product_cat?post=300"},{"taxonomy":"product_tag","embeddable":true,"href":"https:\/\/roulettes.vaniseo.top\/index.php\/wp-json\/wp\/v2\/product_tag?post=300"}],"curies":[{"name":"wp","href":"https:\/\/api.w.org\/{rel}","templated":true}]}}