{"id":303,"date":"2022-04-04T16:21:11","date_gmt":"2022-04-04T14:21:11","guid":{"rendered":"https:\/\/roulettes.vaniseo.top\/index.php\/produit\/patere-reglable-a-8-crochets-en-aluminium-brosse\/"},"modified":"2022-04-04T17:19:01","modified_gmt":"2022-04-04T15:19:01","slug":"patere-reglable-a-8-crochets-en-aluminium-brosse","status":"publish","type":"product","link":"https:\/\/roulettes.vaniseo.top\/index.php\/produit\/patere-reglable-a-8-crochets-en-aluminium-brosse\/","title":{"rendered":"Pat\u00e8re r\u00e9glable \u00e0 8 crochets en aluminium bross\u00e9"},"content":{"rendered":"<h3>Patere porte serviette salle de bain aluminium 8 crochets r\u00e9glables<\/h3>\n<p>_x000D_nEnfin toute la flexibilit\u00e9 d&rsquo;un <strong>porte manteau multi crochets et inoxydable<\/strong> au meilleur prix! En effet, 1001 Pat\u00e8res vous propose ici une belle <strong>pat\u00e8re r\u00e9glable \u00e0 8\u00a0crochets en aluminium bross\u00e9<\/strong>.\u00a0Ci dessous, d\u00e9couvrez donc l&rsquo;ensemble de ses caract\u00e9ristiques pour ainsi \u00eatre s\u00fbr de votre achat._x000D_n_x000D_nPour commencer, rappelons que <a href=\"https:\/\/1001pateres.com\/brand\/1001pateres\/\"><strong>1001 Pat\u00e8res<\/strong><\/a> est le <strong>leader en France des portants<\/strong> \u00e0 la fois <strong>design<\/strong> et <strong>qualitatifs<\/strong>. Des <strong>styles vari\u00e9s et \u00e0 tous les budgets<\/strong> permettent \u00e0 tous nos clients de trouver leur bonheur pour une maison ou une entreprise rang\u00e9e et styl\u00e9e!_x000D_n_x000D_nAinsi, ici, la patere porte serviette salle de bain\u00a0peut servir pour de <strong>multiples usages<\/strong> dans la maison ou l&rsquo;entreprise.\u00a0Elle est murale au design simple et passe-partout.\u00a0Elle comporte <strong>8 crochets pat\u00e8res r\u00e9glables en aluminium<\/strong>. De couleur <strong>aluminium bross\u00e9<\/strong>,\u00a0elle\u00a0conviendra parfaitement dans un univers moderne._x000D_n_x000D_nVous adorerez pouvoir <strong>maximiser le rangement<\/strong> et d\u00e9placer \u00e0 votre convenance les crochets de gauche \u00e0 droite selon ce que vous souhaitez ranger. Foulard, ceinture et sac ne requi\u00e8rent que peu de place. En revanche, serviette de bain ou doudoune en impose plus._x000D_n_x000D_n&nbsp;_x000D_n<\/p>\n<h3>Comment fixer au mur la pat\u00e8re r\u00e9glable \u00e0 8 crochets en aluminium bross\u00e9?<\/h3>\n<p>_x000D_nPour continuer, c\u00f4t\u00e9 <strong>installation<\/strong>, la r\u00e9f\u00e9rence propose son propre syst\u00e8me d&rsquo;accrochage incluant ses vis et chevilles. Cela rend l&rsquo;ensemble<strong> facile \u00e0 poser<\/strong> et surtout de mani\u00e8re tr\u00e8s <strong>rapide<\/strong>. Toutefois,\u00a0son positionnement n\u00e9cessite une perceuse pour les chevilles._x000D_n_x000D_nTenez compte de ses <strong>dimensions<\/strong> pour choisir un pan de mur dans un angle discret, ou peu large. Ainsi, vous jouerez la discr\u00e9tion et l&rsquo;optimisation de vos espaces. Les voici ci-dessous:_x000D_n<\/p>\n<ul>_x000D_n \t<\/p>\n<li>Support de la pat\u00e8re : Longueur x Hauteur : 58,4 cm X 3,4 cm<\/li>\n<p>_x000D_n \t<\/p>\n<li>Ecartement maxi: 5 cm<\/li>\n<p>_x000D_n \t<\/p>\n<li>Hauteur de chaque pat\u00e8re: 5,2 cm<\/li>\n<p>_x000D_n \t<\/p>\n<li>Vis de 3 cm<\/li>\n<p>_x000D_n<\/ul>\n<p>_x000D_nEnfin, veuillez noter que ce mod\u00e8le existe aussi avec <a href=\"https:\/\/1001pateres.com\/produit\/patere-double-en-aluminium-brosse\/\">2<\/a>, <a href=\"https:\/\/1001pateres.com\/produit\/patere-3-crochets-en-aluminium-brosse-reglable\/\">3<\/a>, <a href=\"https:\/\/1001pateres.com\/produit\/patere-4-reglable-en-aluminium-brosse\/\">4<\/a>, <a href=\"https:\/\/1001pateres.com\/produit\/patere-5-crochets-en-aluminium-brosse\/\">5<\/a>, <a href=\"https:\/\/1001pateres.com\/produit\/patere-7-crochets-en-aluminium-brosse-reglable\/\">7<\/a>\u00a0crochets r\u00e9glables. Vous avez l&#8217;embarras du choix!<\/p>\n","protected":false},"excerpt":{"rendered":"<p><strong>Porte-serviette<\/strong> de salle de bain en aluminium avec 8<em><strong>\u00a0pat\u00e8res<\/strong><\/em>. Belle pat\u00e8re 8 crochets en aluminium bross\u00e9 qui peut servir pour de multiples usages dans la maison ou l&rsquo;entreprise et qui est particuli\u00e8rement adapt\u00e9 aux pi\u00e8ces humide.\u00a0Elle est murale au design simple et passe-partout.<\/p>\n","protected":false},"featured_media":1531,"comment_status":"closed","ping_status":"open","template":"","meta":[],"product_cat":[20,17],"product_tag":[25],"class_list":["post-303","product","type-product","status-publish","has-post-thumbnail","hentry","product_cat-cuisine","product_cat-salle-de-bain","product_tag-crochet-patere-patere-design-patere-murale-patere-porte-pateres-porte-manteau-porte-serviette-porte-torchon-vestiaire","description-off"],"_links":{"self":[{"href":"https:\/\/roulettes.vaniseo.top\/index.php\/wp-json\/wp\/v2\/product\/303","targetHints":{"allow":["GET"]}}],"collection":[{"href":"https:\/\/roulettes.vaniseo.top\/index.php\/wp-json\/wp\/v2\/product"}],"about":[{"href":"https:\/\/roulettes.vaniseo.top\/index.php\/wp-json\/wp\/v2\/types\/product"}],"replies":[{"embeddable":true,"href":"https:\/\/roulettes.vaniseo.top\/index.php\/wp-json\/wp\/v2\/comments?post=303"}],"version-history":[{"count":0,"href":"https:\/\/roulettes.vaniseo.top\/index.php\/wp-json\/wp\/v2\/product\/303\/revisions"}],"wp:featuredmedia":[{"embeddable":true,"href":"https:\/\/roulettes.vaniseo.top\/index.php\/wp-json\/wp\/v2\/media\/1531"}],"wp:attachment":[{"href":"https:\/\/roulettes.vaniseo.top\/index.php\/wp-json\/wp\/v2\/media?parent=303"}],"wp:term":[{"taxonomy":"product_cat","embeddable":true,"href":"https:\/\/roulettes.vaniseo.top\/index.php\/wp-json\/wp\/v2\/product_cat?post=303"},{"taxonomy":"product_tag","embeddable":true,"href":"https:\/\/roulettes.vaniseo.top\/index.php\/wp-json\/wp\/v2\/product_tag?post=303"}],"curies":[{"name":"wp","href":"https:\/\/api.w.org\/{rel}","templated":true}]}}