{"id":306,"date":"2022-04-04T16:21:11","date_gmt":"2022-04-04T14:21:11","guid":{"rendered":"https:\/\/roulettes.vaniseo.top\/index.php\/produit\/patere-double-en-plexiglass-violet-adele-petrozzi\/"},"modified":"2022-04-04T17:19:03","modified_gmt":"2022-04-04T15:19:03","slug":"patere-double-en-plexiglass-violet-adele-petrozzi","status":"publish","type":"product","link":"https:\/\/roulettes.vaniseo.top\/index.php\/produit\/patere-double-en-plexiglass-violet-adele-petrozzi\/","title":{"rendered":"Patere double en plexiglass violet ADELE PETROZZI"},"content":{"rendered":"<h3>Vestiaire double en plexiglass violet PETROZZI<\/h3>\n<p>_x000D_n<strong>1001 Pat\u00e8res<\/strong>, n\u00b01 en France de la vente de <strong>pat\u00e8res et porte manteaux<\/strong>, vous propose de d\u00e9couvrir ici l&rsquo;ensemble des informations concernant cette <strong>patere double en plexiglass violet<\/strong>._x000D_n_x000D_nTout d&rsquo;abord, il s&rsquo;agit d&rsquo;une r\u00e9f\u00e9rence issue de la collection <strong>Adele<\/strong> de la marque italienne <strong><a href=\"https:\/\/1001pateres.com\/brand\/petrozzi\/\">Petrozzi<\/a><\/strong>. Cette marque est sp\u00e9cialis\u00e9e dans le design d&rsquo;objets de d\u00e9coration en <strong>plexiglass<\/strong>. 1001 Pat\u00e8res s&rsquo;efforce jour apr\u00e8s jour de s\u00e9lectionner pour vous les <strong>meilleures collections de designers internationaux<\/strong>, pour leurs <strong>fantastiques rapports qualit\u00e9\/prix<\/strong>._x000D_n_x000D_nAinsi, avec <strong>Petrozzi<\/strong>, retrouvez sur notre site deux collections: <strong>ADELE<\/strong> et <strong><a href=\"https:\/\/1001pateres.com\/produit\/patere-design-italien-fille-plexi-blanc-petrozzi-abiti-kids\/\">ABITI KIDS<\/a><\/strong>._x000D_n_x000D_nCi-contre, d\u00e9couvrez le mod\u00e8le de vestiaire double <strong>violet<\/strong>. Cette collection propose en effet une patere <strong>double crochet<\/strong> pour maximiser le rangement sur un objet aux <strong>ligne minimalistes si modernes<\/strong>. Mais ce qu&rsquo;on adore aussi c&rsquo;est cette possibilit\u00e9 d&rsquo;<strong>accumuler plusieurs mod\u00e8les<\/strong> sur un m\u00eame pan de mur pour donner un <strong>style tutti frutti<\/strong>. Pour ce faire, retrouvez cette r\u00e9f\u00e9rence en bleu, <a href=\"https:\/\/1001pateres.com\/produit\/patere-en-plexi-rose-fuchsia-adele-petrozzi\/\">rose<\/a>, orange &#8230;_x000D_n_x000D_nPar ailleurs, du fait de sa mati\u00e8re, il est possible de l&rsquo;imposer dans toutes les pi\u00e8ces de la maison. En effet, celle-ci \u00e9tant en plexiglass, elle <strong>r\u00e9siste \u00e0 l&rsquo;humidit\u00e9<\/strong> d&rsquo;un garage, d&rsquo;une cave, ou encore d&rsquo;une salle de bain. Elle peut donc prendre le r\u00f4le de porte-serviette, porte-manteau, porte-\u00e9charpe ou porte-v\u00eatement par exemple. Pr\u00e9f\u00e9rez toutefois <strong>un mur clair<\/strong> pour valoriser ses coloris car le <strong>plexiglass<\/strong>\u00a0se joue aussi de la <strong>transparence<\/strong> de sa mati\u00e8re&#8230;_x000D_n_x000D_n&nbsp;_x000D_n<\/p>\n<h3>Patere double violette Adele de Petrozzi: installation<\/h3>\n<p>_x000D_nC\u00f4t\u00e9 <strong>installation<\/strong>, l\u00e0 aussi, tout est bien pens\u00e9! \u00a0La patere double comporte un syst\u00e8me d&rsquo;accrochage avec <strong>deux emplacements pour les vis<\/strong>.\u00a0Les vis, leurs caches-t\u00eates arrondies, et chevilles sont <strong>fournies<\/strong>. Ce vestiaire double est donc tr\u00e8s facile \u00e0 poser mais n\u00e9cessite une perceuse et un tournevis._x000D_n_x000D_nPour finir voici ses <strong>dimensions<\/strong>:_x000D_n<\/p>\n<ul>_x000D_n \t<\/p>\n<li>La base de la pat\u00e8re est de largeur 3,8 cm<\/li>\n<p>_x000D_n \t<\/p>\n<li>Ecartement du mur des accroches 4,3 cm<\/li>\n<p>_x000D_n \t<\/p>\n<li>Hauteur totale 10 cm<\/li>\n<p>_x000D_n<\/ul>\n","protected":false},"excerpt":{"rendered":"<p>Porte-serviette, porte-manteau moderne design en plexiglass qui peut servir de porte-\u00e9charpe ou porte-v\u00eatement par exemple.\u00a0Il s&rsquo;agit du mod\u00e8le <b>ADELE<\/b>\u00a0de la marque <b>PETROZZI<\/b>.\u00a0Ce crochet double particuli\u00e8rement adapt\u00e9 pour les salles de bain est de belle qualit\u00e9 et tr\u00e8s r\u00e9sistant \u00e0 l&rsquo;arrachement.<\/p>\n","protected":false},"featured_media":746,"comment_status":"closed","ping_status":"open","template":"","meta":[],"product_cat":[19,21,22,17],"product_tag":[37],"class_list":["post-306","product","type-product","status-publish","has-post-thumbnail","hentry","product_cat-collectivite","product_cat-entreprise","product_cat-pro","product_cat-salle-de-bain","product_tag-crochet-patere-patere-design-patere-murale-patere-porte-pateres-porte-chapeau-porte-serviette-porte-torchon-vestiaire","description-off"],"_links":{"self":[{"href":"https:\/\/roulettes.vaniseo.top\/index.php\/wp-json\/wp\/v2\/product\/306","targetHints":{"allow":["GET"]}}],"collection":[{"href":"https:\/\/roulettes.vaniseo.top\/index.php\/wp-json\/wp\/v2\/product"}],"about":[{"href":"https:\/\/roulettes.vaniseo.top\/index.php\/wp-json\/wp\/v2\/types\/product"}],"replies":[{"embeddable":true,"href":"https:\/\/roulettes.vaniseo.top\/index.php\/wp-json\/wp\/v2\/comments?post=306"}],"version-history":[{"count":0,"href":"https:\/\/roulettes.vaniseo.top\/index.php\/wp-json\/wp\/v2\/product\/306\/revisions"}],"wp:featuredmedia":[{"embeddable":true,"href":"https:\/\/roulettes.vaniseo.top\/index.php\/wp-json\/wp\/v2\/media\/746"}],"wp:attachment":[{"href":"https:\/\/roulettes.vaniseo.top\/index.php\/wp-json\/wp\/v2\/media?parent=306"}],"wp:term":[{"taxonomy":"product_cat","embeddable":true,"href":"https:\/\/roulettes.vaniseo.top\/index.php\/wp-json\/wp\/v2\/product_cat?post=306"},{"taxonomy":"product_tag","embeddable":true,"href":"https:\/\/roulettes.vaniseo.top\/index.php\/wp-json\/wp\/v2\/product_tag?post=306"}],"curies":[{"name":"wp","href":"https:\/\/api.w.org\/{rel}","templated":true}]}}