{"id":329,"date":"2022-04-04T16:21:14","date_gmt":"2022-04-04T14:21:14","guid":{"rendered":"https:\/\/roulettes.vaniseo.top\/index.php\/produit\/patere-salle-de-bain-en-plexi-noir-autocollante\/"},"modified":"2022-04-04T17:19:20","modified_gmt":"2022-04-04T15:19:20","slug":"patere-salle-de-bain-en-plexi-noir-autocollante","status":"publish","type":"product","link":"https:\/\/roulettes.vaniseo.top\/index.php\/produit\/patere-salle-de-bain-en-plexi-noir-autocollante\/","title":{"rendered":"Pat\u00e8re salle de bain en PLEXI NOIR autocollante"},"content":{"rendered":"<h4>Pat\u00e8re salle de bain base en PLEXI et crochet aluminium bross\u00e9 autocollante.<\/h4>\n<p>_x000D_nPat\u00e8re salle de bain en PLEXI NOIR autocollante._x000D_n_x000D_nJolie pat\u00e8re simple <em><strong>tige autocollante<\/strong><\/em> qui est id\u00e9ale pour accrocher serviettes, gants,\u00a0torchons ou maniques._x000D_n_x000D_nD&rsquo;abord, la pat\u00e8re de salle de bain en\u00a0<strong>PLEXI NOIR<\/strong>\u00a0autocollante est pratique et a un design moderne._x000D_n_x000D_nPat\u00e8re autocollante, elle se placera \u00e0 l&rsquo;int\u00e9rieur des placards ou directement sur le carrelage dans les univers de la salle de bain\u00a0comme de la cuisine._x000D_n_x000D_nAussi, ce mod\u00e8le est \u00e0 coller partout o\u00f9 vous en avez besoin._x000D_n_x000D_nIl comporte une tige avec un crochet en acier inoxydable ainsi qu&rsquo; un syst\u00e8me d&rsquo;accrochage avec un patin autocollant au dos de la plaque en bambou._x000D_n_x000D_nElle s&rsquo;adaptera et apportera une touche de modernit\u00e9\u00a0\u00e0 votre univers._x000D_n_x000D_nElle est facile \u00e0 poser._x000D_n<\/p>\n<h4>Dimensions :<\/h4>\n<p>_x000D_n<\/p>\n<ul>_x000D_n \t<\/p>\n<li>La base en plexi diam\u00e8tre 5 cm.<\/li>\n<p>_x000D_n \t<\/p>\n<li>La tige m\u00e9tal diam\u00e8tre 1,5 cm et longueur 2,5 cm.<\/li>\n<p>_x000D_n<\/ul>\n","protected":false},"excerpt":{"rendered":"<p>Jolie pat\u00e8re simple <em><strong>autocollante<\/strong><\/em> id\u00e9ale pour accrocher serviettes, gants, torchons ou maniques.\u00a0La pat\u00e8re salle de bain <strong>en plexiglass noir<\/strong> autocollante est pratique au design moderne.\u00a0Pat\u00e8re autocollante, elle se placera \u00e0 l&rsquo;int\u00e9rieur des placards ou sur le carrelage dans les univers de la salle de bain comme de la cuisine.\u00a0Elle est \u00e0 coller partout o\u00f9 vous en avez besoin.<\/p>\n","protected":false},"featured_media":1612,"comment_status":"closed","ping_status":"open","template":"","meta":[],"product_cat":[20,17,23],"product_tag":[26],"class_list":["post-329","product","type-product","status-publish","has-post-thumbnail","hentry","product_cat-cuisine","product_cat-salle-de-bain","product_cat-toilette-wc","product_tag-crochet-patere-patere-design-patere-murale-patere-porte-pateres-porte-serviette-porte-torchon","description-off"],"_links":{"self":[{"href":"https:\/\/roulettes.vaniseo.top\/index.php\/wp-json\/wp\/v2\/product\/329","targetHints":{"allow":["GET"]}}],"collection":[{"href":"https:\/\/roulettes.vaniseo.top\/index.php\/wp-json\/wp\/v2\/product"}],"about":[{"href":"https:\/\/roulettes.vaniseo.top\/index.php\/wp-json\/wp\/v2\/types\/product"}],"replies":[{"embeddable":true,"href":"https:\/\/roulettes.vaniseo.top\/index.php\/wp-json\/wp\/v2\/comments?post=329"}],"version-history":[{"count":0,"href":"https:\/\/roulettes.vaniseo.top\/index.php\/wp-json\/wp\/v2\/product\/329\/revisions"}],"wp:featuredmedia":[{"embeddable":true,"href":"https:\/\/roulettes.vaniseo.top\/index.php\/wp-json\/wp\/v2\/media\/1612"}],"wp:attachment":[{"href":"https:\/\/roulettes.vaniseo.top\/index.php\/wp-json\/wp\/v2\/media?parent=329"}],"wp:term":[{"taxonomy":"product_cat","embeddable":true,"href":"https:\/\/roulettes.vaniseo.top\/index.php\/wp-json\/wp\/v2\/product_cat?post=329"},{"taxonomy":"product_tag","embeddable":true,"href":"https:\/\/roulettes.vaniseo.top\/index.php\/wp-json\/wp\/v2\/product_tag?post=329"}],"curies":[{"name":"wp","href":"https:\/\/api.w.org\/{rel}","templated":true}]}}