{"id":34,"date":"2022-04-04T16:20:00","date_gmt":"2022-04-04T14:20:00","guid":{"rendered":"https:\/\/roulettes.vaniseo.top\/index.php\/produit\/crochet-color-design-aluminium-bleu-roi\/"},"modified":"2022-04-04T17:08:39","modified_gmt":"2022-04-04T15:08:39","slug":"crochet-color-design-aluminium-bleu-roi","status":"publish","type":"product","link":"https:\/\/roulettes.vaniseo.top\/index.php\/produit\/crochet-color-design-aluminium-bleu-roi\/","title":{"rendered":"Crochet color design aluminium bleu roi"},"content":{"rendered":"<h3>Porte manteau dor\u00e9 type crochet Color Design<\/h3>\n<p>_x000D_n<strong>1001 Pat\u00e8res<\/strong> vous fait d\u00e9couvrir l&rsquo;ensemble des informations techniques et d\u00e9coratives de ce\u00a0<strong>crochet\u00a0Color\u00a0Design<\/strong> <strong>aluminium bleu roi<\/strong>._x000D_n_x000D_nEn effet, <strong>1001 Pat\u00e8res<\/strong> est le <strong>n\u00b01 en France de la vente des porte manteaux<\/strong>. Pour cela, il propose de nombreuses collections de sa propre marque mais aussi d&rsquo;autres de qualit\u00e9 et de marques internationales._x000D_n_x000D_nD&rsquo;ailleurs, ci contre voici la <strong>collection Color Design aluminium<\/strong>. Il s\u2019agit donc d\u2019un mod\u00e8le <strong>mural<\/strong> au <strong>design \u00e9pur\u00e9<\/strong> et \u00e0 la<strong> forme arrondie<\/strong>. De tr\u00e8s belle qualit\u00e9, cette\u00a0pat\u00e8re est polyvalente. Sa qualit\u00e9 comme sa forme lui permettent de servir autant de porte torchon, porte serviette, porte v\u00eatement, ou encore porte manteau. Elle s\u2019adapte donc parfaitement \u00e0 tout espace de maison, de collectivit\u00e9 et d\u2019entreprise._x000D_n_x000D_nIci, en<strong>\u00a0bleu roi brillant<\/strong>, elle convient \u00e0 un univers contemporain. Toutefois, comme il s\u2019agit d\u2019une <strong>collection<\/strong>, celle-ci est aussi disponible en d\u2019<strong>autres coloris aluminium<\/strong>. Toujours tr\u00e8s moderne, vous pourrez aussi en profiter en\u00a0gris, dor\u00e9, <a href=\"https:\/\/1001pateres.com\/produit\/patere-color-design-aluminium-mauve\/\">mauve<\/a>, bleu turquoise, rouge, brun, vert, et orange._x000D_n_x000D_n&nbsp;_x000D_n<\/p>\n<h3>Syst\u00e8me d\u2019accrochage du crochet Color Design aluminium bleu roi<\/h3>\n<p>_x000D_nPour terminer, ce porte manteau dispose d\u2019un syst\u00e8me d\u2019accrochage avec ses vis, ses chevilles et sa clef allen incluses. Une fois install\u00e9, les vis du porte manteau sont invisibles.\u00a0Il est rapide et facile \u00e0 poser mais n\u00e9cessite une perceuse pour les chevilles._x000D_n_x000D_nVoici ses <strong>dimensions<\/strong>:_x000D_n<\/p>\n<ul>_x000D_n \t<\/p>\n<li>Pat\u00e8re aluminium Color Design: 5 cm X 1,3 cm<\/li>\n<p>_x000D_n \t<\/p>\n<li>Ecartement maxi du mur: 4\u00a0cm<\/li>\n<p>_x000D_n \t<\/p>\n<li>Vis de 2,3 cm<\/li>\n<p>_x000D_n<\/ul>\n<p>_x000D_nLe dernier conseil de 1001 Pat\u00e8res est de maximiser les solutions de rangement dans un m\u00eame esprit. <strong>Color Design<\/strong>, c\u2019est aussi des <strong>collections<\/strong> en forme de <a href=\"https:\/\/1001pateres.com\/produit\/patere-tige-color-design-aluminium\/\">tige<\/a> ou de <a href=\"https:\/\/1001pateres.com\/produit\/patere-originale-color-design-aluminium-papillon\/\">papillon<\/a>. Ainsi, avec l\u2019ensemble de ces propositions, vous pourrez donc choisir des solutions \u00e0 <strong>d\u00e9multiplier par pan de mur et par pi\u00e8ce<\/strong>._x000D_n_x000D_nN\u2019h\u00e9sitez donc pas \u00e0 nous contacter par t\u00e9l\u00e9phone ou par mail via la page Contact de ce site.<\/p>\n","protected":false},"excerpt":{"rendered":"<p>Belle pat\u00e8re color design <strong><em>aluminium bleu roi<\/em><\/strong>\u00a0. Ce crochet poss\u00e8de un syst\u00e8me de fixation non visible et peut servir de porte torchon, porte serviette, porte gant, porte manteau. Ce porte-manteau mural au <strong>design<\/strong> \u00e9pur\u00e9 comporte une forme arrondie et est de tr\u00e8s belle qualit\u00e9. Il est facile \u00e0 fixer mais n\u00e9cessite l&rsquo;usage d&rsquo;une perceuse.<\/p>\n","protected":false},"featured_media":693,"comment_status":"closed","ping_status":"open","template":"","meta":[],"product_cat":[19,20,21,22,17,23],"product_tag":[27],"class_list":["post-34","product","type-product","status-publish","has-post-thumbnail","hentry","product_cat-collectivite","product_cat-cuisine","product_cat-entreprise","product_cat-pro","product_cat-salle-de-bain","product_cat-toilette-wc","product_tag-crochet-patere-patere-design-patere-murale-patere-porte-pateres-porte-serviette-porte-torchon-vestiaire","description-off"],"_links":{"self":[{"href":"https:\/\/roulettes.vaniseo.top\/index.php\/wp-json\/wp\/v2\/product\/34","targetHints":{"allow":["GET"]}}],"collection":[{"href":"https:\/\/roulettes.vaniseo.top\/index.php\/wp-json\/wp\/v2\/product"}],"about":[{"href":"https:\/\/roulettes.vaniseo.top\/index.php\/wp-json\/wp\/v2\/types\/product"}],"replies":[{"embeddable":true,"href":"https:\/\/roulettes.vaniseo.top\/index.php\/wp-json\/wp\/v2\/comments?post=34"}],"version-history":[{"count":0,"href":"https:\/\/roulettes.vaniseo.top\/index.php\/wp-json\/wp\/v2\/product\/34\/revisions"}],"wp:featuredmedia":[{"embeddable":true,"href":"https:\/\/roulettes.vaniseo.top\/index.php\/wp-json\/wp\/v2\/media\/693"}],"wp:attachment":[{"href":"https:\/\/roulettes.vaniseo.top\/index.php\/wp-json\/wp\/v2\/media?parent=34"}],"wp:term":[{"taxonomy":"product_cat","embeddable":true,"href":"https:\/\/roulettes.vaniseo.top\/index.php\/wp-json\/wp\/v2\/product_cat?post=34"},{"taxonomy":"product_tag","embeddable":true,"href":"https:\/\/roulettes.vaniseo.top\/index.php\/wp-json\/wp\/v2\/product_tag?post=34"}],"curies":[{"name":"wp","href":"https:\/\/api.w.org\/{rel}","templated":true}]}}