{"id":348,"date":"2022-04-04T16:21:18","date_gmt":"2022-04-04T14:21:18","guid":{"rendered":"https:\/\/roulettes.vaniseo.top\/index.php\/produit\/porte-balais-mural-pour-un-rangement-pratique\/"},"modified":"2022-04-04T17:19:31","modified_gmt":"2022-04-04T15:19:31","slug":"porte-balais-mural-pour-un-rangement-pratique","status":"publish","type":"product","link":"https:\/\/roulettes.vaniseo.top\/index.php\/produit\/porte-balais-mural-pour-un-rangement-pratique\/","title":{"rendered":"Porte balais mural pour un rangement pratique"},"content":{"rendered":"<h3>Support balais mural en plastique comme porte-balais<\/h3>\n<p>_x000D_n<strong>1001 Pat\u00e8res<\/strong> propose sur son site la vente de ce <strong>porte balais mural pour un rangement pratique<\/strong> non seulement de votre balai, mais aussi de votre brosse d\u00e9poussi\u00e9rante, de votre balai \u00e0 r\u00e9curer et tout outils de m\u00e9nage avec manche de diam\u00e8tre standard._x000D_n_x000D_nD\u00e9couvrez ci dessous les informations techniques li\u00e9es \u00e0 cette r\u00e9f\u00e9rence. Vous aurez ainsi la certitude faire le bon achat._x000D_n_x000D_nTout d&rsquo;abord, il faut savoir que <a href=\"https:\/\/1001pateres.com\/brand\/1001pateres\/\"><strong>1001 Pat\u00e8res<\/strong><\/a> est le <strong>leader en France de la vente de portants muraux<\/strong>. Il offre de nombreuses <strong>solutions de rangement<\/strong> \u00e0 la fois <strong>d\u00e9coratives<\/strong> et <strong>fonctionnelles<\/strong>. Pour ce faire, il s\u00e9lectionne des marque internationales aux styles sp\u00e9cifiques pour r\u00e9pondre \u00e0 toutes vos envies et \u00e0 tous les budgets._x000D_n_x000D_nEt c\u00f4t\u00e9 fonctionnel, il n&rsquo;y a rien de mieux que ce porte balais mural! En effet, ce support balais mural est en plastique est accueille 3 manches via ses 3 inserts et des chiffonnettes via ses 4 crochets suppl\u00e9mentaires. Aussi, ce <em><strong>support en plastique dur<\/strong><\/em> est pratique et comporte des <strong>roulements<\/strong> qui permettent d&rsquo;obtenir <strong>le bon \u00e9cartement pour le manche<\/strong> du balais._x000D_n_x000D_nIl est donc vivement conseill\u00e9\u00a0pour accrocher balais et accessoires de nettoyages dans la <strong>cuisine, <\/strong>la<strong> laverie<\/strong> ou dans la <strong>salle de bain<\/strong>._x000D_n_x000D_nPar ailleurs, pour l&rsquo;<strong>installer<\/strong> au mur, rien de plus facile! Il comporte ses propres chevilles et vis incluses. Il vous faudra donc seulement vous munir de votre perceuse pour une tenue parfaite. Nos clients l&rsquo;utilisent indiff\u00e9remment pour son rangement efficace et ses couleurs passe partout. Voici ses <strong>dimensions<\/strong>:_x000D_n<\/p>\n<ul>_x000D_n \t<\/p>\n<li>Longueur x Hauteur: 25,5 cm X 6 cm<\/li>\n<p>_x000D_n \t<\/p>\n<li>Ecartement du mur: 8 cm<\/li>\n<p>_x000D_n<\/ul>\n<p>_x000D_n&nbsp;_x000D_n_x000D_nContactez sans h\u00e9siter le service commercial de 1001 Pat\u00e8res pour obtenir tout renseignement compl\u00e9mentaire ou un devis personnalis\u00e9 au meilleur prix dans le cadre d&rsquo;un achat en plusieurs quantit\u00e9s. Pour cela, contactez-les par t\u00e9l\u00e9phone ou via le formulaire en page Contact.<\/p>\n","protected":false},"excerpt":{"rendered":"<p>Ce <strong>porte-balai<\/strong> est id\u00e9al pour accrocher les balais ou les accessoires de nettoyages dans la cuisine ou dans la salle de bain.\u00a0Ce <em><strong>support en plastique dur<\/strong><\/em> est pratique et comporte des roulements qui permettent d&rsquo;obtenir le bon \u00e9cartement pour le manche du balais.\u00a0Compos\u00e9 en outre de 4 crochets plastiques, il est facile \u00e0 fixer au mur.\u00a0Il s&rsquo;adaptera et apportera une touche de rangement efficace dans les univers de m\u00e9nage.<\/p>\n","protected":false},"featured_media":1654,"comment_status":"closed","ping_status":"open","template":"","meta":[],"product_cat":[19,20,17],"product_tag":[31],"class_list":["post-348","product","type-product","status-publish","has-post-thumbnail","hentry","product_cat-collectivite","product_cat-cuisine","product_cat-salle-de-bain","product_tag-crochet-patere-patere-design-patere-murale-patere-porte-pateres-porte-manteau-porte-serviette-porte-torchon","description-off"],"_links":{"self":[{"href":"https:\/\/roulettes.vaniseo.top\/index.php\/wp-json\/wp\/v2\/product\/348","targetHints":{"allow":["GET"]}}],"collection":[{"href":"https:\/\/roulettes.vaniseo.top\/index.php\/wp-json\/wp\/v2\/product"}],"about":[{"href":"https:\/\/roulettes.vaniseo.top\/index.php\/wp-json\/wp\/v2\/types\/product"}],"replies":[{"embeddable":true,"href":"https:\/\/roulettes.vaniseo.top\/index.php\/wp-json\/wp\/v2\/comments?post=348"}],"version-history":[{"count":0,"href":"https:\/\/roulettes.vaniseo.top\/index.php\/wp-json\/wp\/v2\/product\/348\/revisions"}],"wp:featuredmedia":[{"embeddable":true,"href":"https:\/\/roulettes.vaniseo.top\/index.php\/wp-json\/wp\/v2\/media\/1654"}],"wp:attachment":[{"href":"https:\/\/roulettes.vaniseo.top\/index.php\/wp-json\/wp\/v2\/media?parent=348"}],"wp:term":[{"taxonomy":"product_cat","embeddable":true,"href":"https:\/\/roulettes.vaniseo.top\/index.php\/wp-json\/wp\/v2\/product_cat?post=348"},{"taxonomy":"product_tag","embeddable":true,"href":"https:\/\/roulettes.vaniseo.top\/index.php\/wp-json\/wp\/v2\/product_tag?post=348"}],"curies":[{"name":"wp","href":"https:\/\/api.w.org\/{rel}","templated":true}]}}