{"id":364,"date":"2022-04-04T16:21:22","date_gmt":"2022-04-04T14:21:22","guid":{"rendered":"https:\/\/roulettes.vaniseo.top\/index.php\/produit\/patere-de-salle-de-bain-double-chromee\/"},"modified":"2022-04-04T17:19:40","modified_gmt":"2022-04-04T15:19:40","slug":"patere-de-salle-de-bain-double-chromee","status":"publish","type":"product","link":"https:\/\/roulettes.vaniseo.top\/index.php\/produit\/patere-de-salle-de-bain-double-chromee\/","title":{"rendered":"Pat\u00e8re de salle de bain double chrom\u00e9e"},"content":{"rendered":"<h4>Porte-serviettes de salle de bain en acier chrom\u00e9.<\/h4>\n<p>_x000D_nPat\u00e8re de salle de bain double chrom\u00e9e._x000D_n_x000D_nTout d&rsquo;abord, cette jolie pat\u00e8re avec deux\u00a0<strong>embouts\u00a0<\/strong><b>aplanis<\/b>\u00a0est id\u00e9al pour les univers de pi\u00e8ces humide comme la salle de bain et en <em><strong>acier chrom\u00e9<\/strong><\/em>. Celle-ci \u00a0peut servir de porte serviettes ou encore de porte gants._x000D_n_x000D_nDe plus, elle est originale avec une forme douce et pratique._x000D_n_x000D_nAussi, elle comporte deux tiges d&rsquo;accrochage\u00a0et un syst\u00e8me de fixation avec ses vis et ses chevilles._x000D_n_x000D_nUne fois fix\u00e9e au mur les vis restent non visibles._x000D_n_x000D_nC&rsquo;est pourquoi elle s&rsquo;adaptera et apportera une touche de design\u00a0\u00e0 votre salle de bain._x000D_n_x000D_nFacile \u00e0 poser, elle n\u00e9cessite une per\u00e7euse pour positionner les chevilles._x000D_n<\/p>\n<h4>Dimensions :<\/h4>\n<p>_x000D_n<\/p>\n<ul>_x000D_n \t<\/p>\n<li>La base 4,5 cm X 1,5 cm<\/li>\n<p>_x000D_n \t<\/p>\n<li>Tiges de longueur 2,5 cm et de diam\u00e8tre 1,5 cm<\/li>\n<p>_x000D_n \t<\/p>\n<li>\u00e9cartement du mur 7,5 cm<\/li>\n<p>_x000D_n \t<\/p>\n<li>Vis de 3,5 cm<\/li>\n<p>_x000D_n<\/ul>\n","protected":false},"excerpt":{"rendered":"<p>Porte-serviettes de salle de bain en acier chrom\u00e9. Cette jolie pat\u00e8re avec deux\u00a0<strong>embouts\u00a0<\/strong><b>aplanis<\/b>\u00a0est id\u00e9al pour les univers de pi\u00e8ces humide comme la salle de bain et en <em><strong>acier chrom\u00e9<\/strong><\/em>. Celle-ci \u00a0peut servir de porte serviettes ou encore de porte gants.De plus, elle est originale avec une forme douce et pratique.\u00a0Aussi, elle comporte deux tiges d&rsquo;accrochage\u00a0et un syst\u00e8me de fixation avec ses vis et ses chevilles.\u00a0Une fois fix\u00e9e au mur les vis restent non visibles.<\/p>\n","protected":false},"featured_media":1693,"comment_status":"closed","ping_status":"open","template":"","meta":[],"product_cat":[17,23],"product_tag":[26],"class_list":["post-364","product","type-product","status-publish","has-post-thumbnail","hentry","product_cat-salle-de-bain","product_cat-toilette-wc","product_tag-crochet-patere-patere-design-patere-murale-patere-porte-pateres-porte-serviette-porte-torchon","description-off"],"_links":{"self":[{"href":"https:\/\/roulettes.vaniseo.top\/index.php\/wp-json\/wp\/v2\/product\/364","targetHints":{"allow":["GET"]}}],"collection":[{"href":"https:\/\/roulettes.vaniseo.top\/index.php\/wp-json\/wp\/v2\/product"}],"about":[{"href":"https:\/\/roulettes.vaniseo.top\/index.php\/wp-json\/wp\/v2\/types\/product"}],"replies":[{"embeddable":true,"href":"https:\/\/roulettes.vaniseo.top\/index.php\/wp-json\/wp\/v2\/comments?post=364"}],"version-history":[{"count":0,"href":"https:\/\/roulettes.vaniseo.top\/index.php\/wp-json\/wp\/v2\/product\/364\/revisions"}],"wp:featuredmedia":[{"embeddable":true,"href":"https:\/\/roulettes.vaniseo.top\/index.php\/wp-json\/wp\/v2\/media\/1693"}],"wp:attachment":[{"href":"https:\/\/roulettes.vaniseo.top\/index.php\/wp-json\/wp\/v2\/media?parent=364"}],"wp:term":[{"taxonomy":"product_cat","embeddable":true,"href":"https:\/\/roulettes.vaniseo.top\/index.php\/wp-json\/wp\/v2\/product_cat?post=364"},{"taxonomy":"product_tag","embeddable":true,"href":"https:\/\/roulettes.vaniseo.top\/index.php\/wp-json\/wp\/v2\/product_tag?post=364"}],"curies":[{"name":"wp","href":"https:\/\/api.w.org\/{rel}","templated":true}]}}