{"id":374,"date":"2022-04-04T16:21:22","date_gmt":"2022-04-04T14:21:22","guid":{"rendered":"https:\/\/roulettes.vaniseo.top\/index.php\/produit\/porte-manteau-bois-blanc-gris-toucan-drugeot\/"},"modified":"2022-04-04T17:19:46","modified_gmt":"2022-04-04T15:19:46","slug":"porte-manteau-bois-blanc-gris-toucan-drugeot","status":"publish","type":"product","link":"https:\/\/roulettes.vaniseo.top\/index.php\/produit\/porte-manteau-bois-blanc-gris-toucan-drugeot\/","title":{"rendered":"Porte manteau bois blanc gris TOUCAN DRUGEOT"},"content":{"rendered":"<h3>Pat\u00e8re en bois blanc gris en forme de TOUCAN<\/h3>\n<p>_x000D_nUne voli\u00e8re pour ranger vos affaires, cela vous dit? D\u00e9couvrez ci dessous l&rsquo;une des solutions pour l&rsquo;obtenir: le <strong>porte manteau en bois blanc gris<\/strong> <strong>Toucan<\/strong> de chez <strong>Drugeot<\/strong>._x000D_n_x000D_n&nbsp;_x000D_n_x000D_nEn effet, chez <strong>1001 Pat\u00e8res<\/strong>, d\u00e9couvrez de nombreux styles de pat\u00e8res aux meilleurs rapports qualit\u00e9 prix. Issus de diff\u00e9rents designers internationaux, les porte manteaux se veulent de belles qualit\u00e9s pour optimiser la d\u00e9coration et le rangement de votre int\u00e9rieur._x000D_n_x000D_n&nbsp;_x000D_n_x000D_nAinsi, ici, il s&rsquo;agit de la <strong>collection Toucan par Drugeot<\/strong>. Imagin\u00e9e par le designer <strong>Gregory JOLLY<\/strong>, celle-ci est enti\u00e8rement<strong> fabriqu\u00e9e en France<\/strong>. D&rsquo;ailleurs, notre site propose l&rsquo;ensemble des coloris, \u00e0 savoir:_x000D_n<\/p>\n<ul>_x000D_n \t<\/p>\n<li><strong>Rouge Vermillon<\/strong><\/li>\n<p>_x000D_n \t<\/p>\n<li><strong>Jaune Safran<\/strong><\/li>\n<p>_x000D_n \t<\/p>\n<li><a href=\"https:\/\/1001pateres.com\/produit\/porte-manteau-toucan-de-la-marque-drugeot-bleu-turquoise\/\"><strong>Bleu turquoise<\/strong><\/a><\/li>\n<p>_x000D_n \t<\/p>\n<li><strong>Jaune moutarde<\/strong><\/li>\n<p>_x000D_n \t<\/p>\n<li><strong>Gris \u00e9l\u00e9phant<\/strong><\/li>\n<p>_x000D_n \t<\/p>\n<li><strong>Bleu nuit<\/strong><\/li>\n<p>_x000D_n \t<\/p>\n<li><strong>Gris vieuville<\/strong><\/li>\n<p>_x000D_n \t<\/p>\n<li><strong>Blanc coton<\/strong><\/li>\n<p>_x000D_n<\/ul>\n<p>_x000D_nAdditionn\u00e9s au blanc gris pr\u00e9sent\u00e9 ici, vous aurez pl\u00e9thore de solutions pour <strong>cr\u00e9er un espace original et fun<\/strong> de rangement, type <strong>voli\u00e8re \u00e0 toucans<\/strong>!_x000D_n_x000D_nBien s\u00fbr, cette pat\u00e8re, ou cette voli\u00e8re, peut \u00eatre r\u00e9alis\u00e9e dans de nombreuses pi\u00e8ces de la maison tant le design est <strong>minimaliste et \u00e9l\u00e9gant<\/strong>. Nos clients l&rsquo;utilisent indiff\u00e9remment dans une entr\u00e9e ou une chambre. Chaque pat\u00e8re <strong>peut supporter jusqu&rsquo;\u00e0 5 kg<\/strong>, il n&rsquo;y a donc pas de probl\u00e9matique de type de v\u00eatement possible \u00e0 suspendre dessus. La pat\u00e8re est <strong>robuste, joyeuse et \u00e9l\u00e9gante<\/strong>._x000D_n_x000D_n&nbsp;_x000D_n<\/p>\n<h3>Caract\u00e9ristiques techniques du porte manteau bois blanc gris Toucan<\/h3>\n<p>_x000D_nAussi, la pat\u00e8re en bois se divise en deux parties. Le <strong>corps<\/strong> est de <strong>couleur bois naturel<\/strong>, il est \u00e0 fixer au mur. Le <strong>bec<\/strong> est la <strong>partie peinte<\/strong>. L&rsquo;ensemble est en <strong>bois de h\u00eatre massif<\/strong>._x000D_n_x000D_nCe qui fait la finesse de cet objet r\u00e9side notamment dans la <strong>connexion des deux parties qui forme l&rsquo;oeil noir<\/strong> du toucan._x000D_n_x000D_nPour le syst\u00e8me d&rsquo;<strong>accrochage,<\/strong> celui-ci est d&rsquo;une <strong>discr\u00e9tion parfaite, non visible au dos<\/strong>. Libre \u00e0 vous d&rsquo;utiliser crochet ou vis+cheville et une perceuse selon votre mur._x000D_n<\/p>\n<h3><strong>Dimensions :<\/strong><\/h3>\n<p>_x000D_n<\/p>\n<ul>_x000D_n \t<\/p>\n<li>Corps du toucan contre le mur : 17,8 cm X 3 cm X 3 cm<\/li>\n<p>_x000D_n \t<\/p>\n<li>Longueur du bec du toucan: 10 cm<\/li>\n<p>_x000D_n<\/ul>\n","protected":false},"excerpt":{"rendered":"<p>Porte-manteau <strong>TOUCAN<\/strong> <em><strong>DRUGEOT<\/strong><\/em> blanc gris. Tout d&rsquo;abord, cette forme douce et apaisante\u00a0est en\u00a0bois de h\u00eatre massif dont le bec du toucan est peint en blanc gris.\u00a0Cette pat\u00e8re est made in FRANCE design de Gregory JOLLY.\u00a0Elle se pose par exemple dans la chambre de l&rsquo;enfant ou dans l&rsquo;entr\u00e9e pour ne plus voir trainer ses affaires. Aussi, elle comporte un syst\u00e8me d&rsquo;accrochage non visible au dos.<\/p>\n","protected":false},"featured_media":1716,"comment_status":"closed","ping_status":"open","template":"","meta":[],"product_cat":[16,32,17],"product_tag":[27],"class_list":["post-374","product","type-product","status-publish","has-post-thumbnail","hentry","product_cat-chambre-enfant","product_cat-entree-sejour","product_cat-salle-de-bain","product_tag-crochet-patere-patere-design-patere-murale-patere-porte-pateres-porte-serviette-porte-torchon-vestiaire","description-off"],"_links":{"self":[{"href":"https:\/\/roulettes.vaniseo.top\/index.php\/wp-json\/wp\/v2\/product\/374","targetHints":{"allow":["GET"]}}],"collection":[{"href":"https:\/\/roulettes.vaniseo.top\/index.php\/wp-json\/wp\/v2\/product"}],"about":[{"href":"https:\/\/roulettes.vaniseo.top\/index.php\/wp-json\/wp\/v2\/types\/product"}],"replies":[{"embeddable":true,"href":"https:\/\/roulettes.vaniseo.top\/index.php\/wp-json\/wp\/v2\/comments?post=374"}],"version-history":[{"count":0,"href":"https:\/\/roulettes.vaniseo.top\/index.php\/wp-json\/wp\/v2\/product\/374\/revisions"}],"wp:featuredmedia":[{"embeddable":true,"href":"https:\/\/roulettes.vaniseo.top\/index.php\/wp-json\/wp\/v2\/media\/1716"}],"wp:attachment":[{"href":"https:\/\/roulettes.vaniseo.top\/index.php\/wp-json\/wp\/v2\/media?parent=374"}],"wp:term":[{"taxonomy":"product_cat","embeddable":true,"href":"https:\/\/roulettes.vaniseo.top\/index.php\/wp-json\/wp\/v2\/product_cat?post=374"},{"taxonomy":"product_tag","embeddable":true,"href":"https:\/\/roulettes.vaniseo.top\/index.php\/wp-json\/wp\/v2\/product_tag?post=374"}],"curies":[{"name":"wp","href":"https:\/\/api.w.org\/{rel}","templated":true}]}}