{"id":38,"date":"2022-04-04T16:20:06","date_gmt":"2022-04-04T14:20:06","guid":{"rendered":"https:\/\/roulettes.vaniseo.top\/index.php\/produit\/patere-tige-color-design-aluminium-turquoise\/"},"modified":"2022-04-04T17:08:41","modified_gmt":"2022-04-04T15:08:41","slug":"patere-tige-color-design-aluminium-turquoise","status":"publish","type":"product","link":"https:\/\/roulettes.vaniseo.top\/index.php\/produit\/patere-tige-color-design-aluminium-turquoise\/","title":{"rendered":"Patere tige color design aluminium turquoise"},"content":{"rendered":"<h3>Porte manteau design m\u00e9tallis\u00e9 bleu turquoise: tige Color<\/h3>\n<p>_x000D_n<strong>1001 Pat\u00e8res<\/strong> vous fait d\u00e9couvrir ici la version<strong> bleu turquoise<\/strong>\u00a0de la <strong>patere tige Color design aluminium<\/strong>._x000D_n_x000D_nEn effet, retrouvez une collection compl\u00e8te de\u00a0<strong>tiges<\/strong>\u00a0<strong>Color<\/strong>\u00a0en <strong>aluminium teint\u00e9 dans la masse\u00a0<\/strong>aux couleurs suivantes: <strong>orange, noir, brun, mauve, vert, grise, jaune dor\u00e9, <a href=\"https:\/\/1001pateres.com\/produit\/patere-tige-color-design-aluminium-bleu-roi\/\">bleu roi<\/a>, et rouge<\/strong>._x000D_n_x000D_nVoici, ci-dessous, l\u2019ensemble des informations techniques et d\u00e9coratives de sa version bleu turquoise._x000D_n_x000D_nMais tout d\u2019abord, parlons rapidement de\u00a0<a href=\"https:\/\/1001pateres.com\/brand\/1001pateres\/\">1001 Pat\u00e8res<\/a>. Au del\u00e0 d\u2019\u00eatre une marque de pat\u00e8res, comme pour celle pr\u00e9sent\u00e9e ci contre, il s\u2019agit avant tout du site de vente en ligne<strong>\u00a0n\u00b01 en France de pat\u00e8res<\/strong>. Profitez d&rsquo;un vaste choix de <b>porte manteaux au\u00a0meilleur rapport\u00a0qualit\u00e9 prix<\/b>, via de nombreuses <strong>marques du monde entier<\/strong>._x000D_n_x000D_nAinsi, vous disposez, du meilleur de la pat\u00e8re pour toujours plus de rangement pour la maison et le bureau \u00e0 une m\u00eame adresse. Soutenez ce site en fran\u00e7ais, et <strong>profitez de d\u00e9lai et frais de livraison r\u00e9duits<\/strong>!_x000D_n_x000D_n&nbsp;_x000D_n<\/p>\n<h3>Pat\u00e8re tige Color design aluminium turquoise<\/h3>\n<p>_x000D_nIci, il s\u2019agit d\u2019un porte manteau\u00a0<strong>inoxydable\u00a0<\/strong>en forme de tige avec une pointe plus \u00e9paisse pour maintenir les affaires suspendues. R\u00e9sistant donc \u00e0 l&rsquo;eau, \u00e0 l&rsquo;humidit\u00e9, il est \u00e0 la fois un porte torchon, porte serviette, porte gant et porte manteau pour une salle de bain comme pour un bureau._x000D_n_x000D_nEt, au del\u00e0 de son mat\u00e9riaux, son\u00a0<strong>design \u00e9pur\u00e9 <\/strong>lui offre cette\u00a0possibilit\u00e9 d&rsquo;\u00eatre int\u00e9gr\u00e9 \u00e0 n&rsquo;importe quel<strong> int\u00e9rieur moderne.\u00a0<\/strong>D&rsquo;ailleurs, cette couleur turquoise\u00a0<strong>m\u00e9tallis\u00e9e offre\u00a0<\/strong>une\u00a0finition \u00a0dans l&rsquo;\u00e8re du temps._x000D_n_x000D_nEnfin, pour l\u2019<strong>installer<\/strong>, c&rsquo;est tr\u00e8s simple. Son syst\u00e8me d&rsquo;installation fournit vis et cheville. Une fois fix\u00e9e, sa vis est invisible, la finition est parfaite.\u00a0Cela n\u00e9cessite seulement votre perceuse._x000D_n_x000D_nN&rsquo;oubliez pas de tenir compte de ses <strong>dimensions<\/strong>:_x000D_n<\/p>\n<ul>_x000D_n \t<\/p>\n<li>Pat\u00e8re tige Color: 5,3 cm X 2 cm<\/li>\n<p>_x000D_n \t<\/p>\n<li>Diam\u00e8tre de la base: 3,2 cm<\/li>\n<p>_x000D_n \t<\/p>\n<li>Vis de 2,3 cm<\/li>\n<p>_x000D_n<\/ul>\n","protected":false},"excerpt":{"rendered":"<p>Belle pat\u00e8re design en forme de <em><strong>tige<\/strong><\/em> color en aluminium teint\u00e9 dans la masse <strong>bleu turquoise<\/strong> qui peut servir de porte torchon, porte serviette, porte gant, porte manteau.\u00a0Pat\u00e8re murale au design \u00e9pur\u00e9e, elle sera tr\u00e8s pratique \u00e0 l&rsquo;utilisation.<\/p>\n","protected":false},"featured_media":774,"comment_status":"closed","ping_status":"open","template":"","meta":[],"product_cat":[19,20,21,22,17,23],"product_tag":[27],"class_list":["post-38","product","type-product","status-publish","has-post-thumbnail","hentry","product_cat-collectivite","product_cat-cuisine","product_cat-entreprise","product_cat-pro","product_cat-salle-de-bain","product_cat-toilette-wc","product_tag-crochet-patere-patere-design-patere-murale-patere-porte-pateres-porte-serviette-porte-torchon-vestiaire","description-off"],"_links":{"self":[{"href":"https:\/\/roulettes.vaniseo.top\/index.php\/wp-json\/wp\/v2\/product\/38","targetHints":{"allow":["GET"]}}],"collection":[{"href":"https:\/\/roulettes.vaniseo.top\/index.php\/wp-json\/wp\/v2\/product"}],"about":[{"href":"https:\/\/roulettes.vaniseo.top\/index.php\/wp-json\/wp\/v2\/types\/product"}],"replies":[{"embeddable":true,"href":"https:\/\/roulettes.vaniseo.top\/index.php\/wp-json\/wp\/v2\/comments?post=38"}],"version-history":[{"count":0,"href":"https:\/\/roulettes.vaniseo.top\/index.php\/wp-json\/wp\/v2\/product\/38\/revisions"}],"wp:featuredmedia":[{"embeddable":true,"href":"https:\/\/roulettes.vaniseo.top\/index.php\/wp-json\/wp\/v2\/media\/774"}],"wp:attachment":[{"href":"https:\/\/roulettes.vaniseo.top\/index.php\/wp-json\/wp\/v2\/media?parent=38"}],"wp:term":[{"taxonomy":"product_cat","embeddable":true,"href":"https:\/\/roulettes.vaniseo.top\/index.php\/wp-json\/wp\/v2\/product_cat?post=38"},{"taxonomy":"product_tag","embeddable":true,"href":"https:\/\/roulettes.vaniseo.top\/index.php\/wp-json\/wp\/v2\/product_tag?post=38"}],"curies":[{"name":"wp","href":"https:\/\/api.w.org\/{rel}","templated":true}]}}