{"id":392,"date":"2022-04-04T16:21:27","date_gmt":"2022-04-04T14:21:27","guid":{"rendered":"https:\/\/roulettes.vaniseo.top\/index.php\/produit\/patere-murale-laiton-et-marbre-noir-petit-modele-ferm-living\/"},"modified":"2022-04-04T17:20:10","modified_gmt":"2022-04-04T15:20:10","slug":"patere-murale-laiton-et-marbre-noir-petit-modele-ferm-living","status":"publish","type":"product","link":"https:\/\/roulettes.vaniseo.top\/index.php\/produit\/patere-murale-laiton-et-marbre-noir-petit-modele-ferm-living\/","title":{"rendered":"Pat\u00e8re murale laiton et marbre noir petit mod\u00e8le FERM LIVING"},"content":{"rendered":"<h3>Porte manteau laiton et marbre noir FERM LIVING<\/h3>\n<p>_x000D_n<strong>1001 Pat\u00e8res<\/strong> a choisi de vendre \u00e9galement la collection de <strong>pat\u00e8re murale laiton et marbre noir<\/strong>. Ici d\u00e9couvrez le <strong>petit mod\u00e8le<\/strong> de la marque <strong>Ferm Living<\/strong>. Existe aussi en <a href=\"https:\/\/1001pateres.com\/produit\/patere-en-laiton-et-marbre-noir-grand-modele-ferm-living\/\">grand mod\u00e8le<\/a>, ou en version <a href=\"https:\/\/1001pateres.com\/produit\/patere-en-laiton-et-marbre-brun-petit-modele-ferm-living\/\">marbre brun petit<\/a> et <a href=\"https:\/\/1001pateres.com\/produit\/patere-en-laiton-et-marbre-brun-grand-modele-ferm-living\/\">grand mod\u00e8les<\/a>.\u00a0L&rsquo;ensemble de ces produits se r\u00e9v\u00e8le tr\u00e8s pratique autant pour un usage de porte-manteau, porte-serviette, ou encore porte-chapeau._x000D_n_x000D_nTout d&rsquo;abord, d\u00e9couvrez rapidement qui se cache derri\u00e8re tant d&rsquo;\u00e9l\u00e9gance. <a href=\"https:\/\/fermliving.com\/\" target=\"_blank\" rel=\"noopener\">Ferm Living<\/a> est une <strong>marque danoise<\/strong>. Elle propose un style de <strong>pat\u00e8re \u00e0 crochet unique<\/strong>, tr\u00e8s \u00e9l\u00e9gant. Dans chacune, vous retrouvez une association de <strong>formes minimalistes<\/strong> modernes et l&rsquo;utilisation de <strong>mat\u00e9riaux nobles<\/strong>._x000D_n_x000D_nIci, par exemple, la pat\u00e8re murale est d&rsquo;une\u00a0<strong>forme originale\u00a0et \u00e9pur\u00e9e<\/strong> avec un toucher doux et pratique. Le <strong>laiton<\/strong>, lui, est de tr\u00e8s<strong> belle qualit\u00e9<\/strong>. Enfin, le <strong>marbre noir <\/strong>est plus ou moins vein\u00e9 du fait d&rsquo;\u00eatre une <strong>pierre naturelle<\/strong>. Chacun reste donc <strong>unique<\/strong>!_x000D_n_x000D_nL&rsquo;association de coloris dor\u00e9 et noir permet v\u00e9ritablement de peaufiner un style de <strong>d\u00e9coration d&rsquo;int\u00e9rieur chic et contemporaine<\/strong>._x000D_n_x000D_n&nbsp;_x000D_n<\/p>\n<h3>Installation de la pat\u00e8re murale laiton et marbre noir<\/h3>\n<p>_x000D_nPar ailleurs, le porte manteau laiton et marbre noir comporte une base avec une tige viss\u00e9e de l&rsquo;int\u00e9rieur\u00a0et un syst\u00e8me d&rsquo;accrochage avec vis et cheville incluse. Bien s\u00fbr, la vis reste invisible une fois le tout install\u00e9. Vous constaterez \u00e0 quel point le tout est facile de pose, seule une perceuse sera n\u00e9cessaire._x000D_n_x000D_nCelle-ci s&rsquo;adapte \u00e0 toute pi\u00e8ce d&rsquo;une maison ou d&rsquo;un bureau, mais plus particuli\u00e8rement \u00e0 une entr\u00e9e. Elle apporte en un clin d&rsquo;oeil une touche de <strong>modernit\u00e9<\/strong> \u00e0 votre univers. Toutefois, veillez \u00e0 <strong>ne pas multiplier les couleurs autour<\/strong> pour valoriser la profondeur du noir et la brillance du laiton dor\u00e9._x000D_n_x000D_n1001 vous recommande \u00e9galement de <strong>combiner grand et petit mod\u00e8le<\/strong> de chaque collection pour encore plus de style!_x000D_n_x000D_nVoici ses <strong>dimensions<\/strong>:_x000D_n<\/p>\n<ul>_x000D_n \t<\/p>\n<li>La tige 3,5 cm X 1,9 cm de t\u00eate<\/li>\n<p>_x000D_n \t<\/p>\n<li>La base diam\u00e8tre 1 cm<\/li>\n<p>_x000D_n<\/ul>\n","protected":false},"excerpt":{"rendered":"<p>Porte-manteau petit mod\u00e8le en laiton et <strong>marbre noir<\/strong>\u00a0de la marque <em><strong>FERM LIVING<\/strong><\/em>. Jolie pat\u00e8re design en pierre et laiton\u00a0pour un usage de porte-manteau, porte-serviette ou porte-chapeau.\u00a0Elle est originale et \u00e9pur\u00e9e avec une forme douce et pratique. Une fois pos\u00e9e au mur \u00e0 l&rsquo;aide d&rsquo;une perceuse, elle permet de r\u00e9sister \u00e0 un poids de 5 kg environ.<\/p>\n","protected":false},"featured_media":1769,"comment_status":"closed","ping_status":"open","template":"","meta":[],"product_cat":[32,17,23],"product_tag":[26],"class_list":["post-392","product","type-product","status-publish","has-post-thumbnail","hentry","product_cat-entree-sejour","product_cat-salle-de-bain","product_cat-toilette-wc","product_tag-crochet-patere-patere-design-patere-murale-patere-porte-pateres-porte-serviette-porte-torchon","description-off"],"_links":{"self":[{"href":"https:\/\/roulettes.vaniseo.top\/index.php\/wp-json\/wp\/v2\/product\/392","targetHints":{"allow":["GET"]}}],"collection":[{"href":"https:\/\/roulettes.vaniseo.top\/index.php\/wp-json\/wp\/v2\/product"}],"about":[{"href":"https:\/\/roulettes.vaniseo.top\/index.php\/wp-json\/wp\/v2\/types\/product"}],"replies":[{"embeddable":true,"href":"https:\/\/roulettes.vaniseo.top\/index.php\/wp-json\/wp\/v2\/comments?post=392"}],"version-history":[{"count":0,"href":"https:\/\/roulettes.vaniseo.top\/index.php\/wp-json\/wp\/v2\/product\/392\/revisions"}],"wp:featuredmedia":[{"embeddable":true,"href":"https:\/\/roulettes.vaniseo.top\/index.php\/wp-json\/wp\/v2\/media\/1769"}],"wp:attachment":[{"href":"https:\/\/roulettes.vaniseo.top\/index.php\/wp-json\/wp\/v2\/media?parent=392"}],"wp:term":[{"taxonomy":"product_cat","embeddable":true,"href":"https:\/\/roulettes.vaniseo.top\/index.php\/wp-json\/wp\/v2\/product_cat?post=392"},{"taxonomy":"product_tag","embeddable":true,"href":"https:\/\/roulettes.vaniseo.top\/index.php\/wp-json\/wp\/v2\/product_tag?post=392"}],"curies":[{"name":"wp","href":"https:\/\/api.w.org\/{rel}","templated":true}]}}