{"id":404,"date":"2022-04-04T16:21:35","date_gmt":"2022-04-04T14:21:35","guid":{"rendered":"https:\/\/roulettes.vaniseo.top\/index.php\/produit\/patere-design-tete-de-girafe-zoo-par-capventure\/"},"modified":"2022-04-04T17:20:21","modified_gmt":"2022-04-04T15:20:21","slug":"patere-design-tete-de-girafe-zoo-par-capventure","status":"publish","type":"product","link":"https:\/\/roulettes.vaniseo.top\/index.php\/produit\/patere-design-tete-de-girafe-zoo-par-capventure\/","title":{"rendered":"Pat\u00e8re design t\u00eate de girafe ZOO par CapVenture"},"content":{"rendered":"<h3>Pat\u00e8re girafe en r\u00e9sine, peinte \u00e0 la main CapVenture<\/h3>\n<p>_x000D_nD\u00e9couvrez ci dessous la <strong>pat\u00e8re design t\u00eate de girafe<\/strong> imagin\u00e9e par <a href=\"https:\/\/1001pateres.com\/brand\/capventure\">CapVenture<\/a> dans sa collection <strong>ZOO<\/strong>._x000D_n_x000D_nEn effet, <strong>1001 Pat\u00e8res, n\u00b01 des ventes<\/strong> en ligne de pat\u00e8res et porte manteaux en France d\u00e9niche les meilleures r\u00e9f\u00e9rences aux 4 coins du monde. Ainsi, vous b\u00e9n\u00e9ficiez du meilleur du design en mati\u00e8re de rangement mural._x000D_n_x000D_nIci, il s&rsquo;agit donc de la marque <strong>CapVenture<\/strong>, originaire des Pays-Bas. Sur ce site, retrouvez de nombreuses <strong>collections<\/strong> de t\u00eate d&rsquo;animaux comme <strong>ZOO<\/strong>, <strong>Animal Sauvage<\/strong>, <strong>FERME<\/strong>._x000D_n<\/p>\n<h3>Pat\u00e8re design murale collection ZOO par CapVenture<\/h3>\n<p>_x000D_nAvec chaque collection vous pouvez donc choisir d&rsquo;en <strong>fixer seulement une seule ou de les d\u00e9multiplier<\/strong>. En formant un univers <strong>ZOO<\/strong> par exemple, vous pouvez vous amuser \u00e0 <strong>personnaliser une t\u00eate pour chaque membre de la famille<\/strong>. Ainsi, le rangement devient <strong>ludique<\/strong> et <strong>plein d&rsquo;humour<\/strong>._x000D_n_x000D_nPour ce faire, dans la collection <strong>ZOO en r\u00e9sine r\u00e9sistante<\/strong>, CapVenture propose des t\u00eates uniques ou des t\u00eates d\u00e9clin\u00e9es en plusieurs coloris._x000D_n_x000D_nParmi les <strong>t\u00eates uniques<\/strong>, on retrouve celles de:_x000D_n<\/p>\n<ul>_x000D_n \t<\/p>\n<li><a href=\"https:\/\/1001pateres.com\/produit\/patere-design-animal-zoo-tete-de-leopard\/\"><strong>L\u00e9opard<\/strong><\/a><\/li>\n<p>_x000D_n \t<\/p>\n<li><strong>Ours brun<\/strong><\/li>\n<p>_x000D_n \t<\/p>\n<li><strong>Faon fa\u00e7on Bambi<\/strong><\/li>\n<p>_x000D_n \t<\/p>\n<li><strong>Loup bleu<\/strong><\/li>\n<p>_x000D_n \t<\/p>\n<li><strong>Renard roux<\/strong><\/li>\n<p>_x000D_n<\/ul>\n<p>_x000D_nEnfin pour les <strong>t\u00eates disponibles plusieurs couleurs<\/strong>, on d\u00e9couvre donc cette fameuse <strong>t\u00eate de girafe<\/strong> ici <strong>peinte \u00e0 la main<\/strong> mais aussi disponible en <strong>blanc laqu\u00e9<\/strong>, <strong>cuivr\u00e9<\/strong>, <strong>jaune laqu\u00e9<\/strong> et <a href=\"https:\/\/1001pateres.com\/produit\/patere-design-zoo-tete-de-girafe-verte-mat\/\">vert mat<\/a>. C&rsquo;est aussi le cas des t\u00eates d&rsquo;\u00e9l\u00e9phant, d&rsquo;\u00e9lan, de cerf et de lapin._x000D_n_x000D_n&nbsp;_x000D_n<\/p>\n<h3>Pat\u00e8re design t\u00eate de girafe: utilisation<\/h3>\n<p>_x000D_nPar ailleurs, cette t\u00eate de girafe est\u00a0tr\u00e8s r\u00e9sistante. Elle permet un support de charge sup\u00e9rieur \u00e0 5 kg. Cela lui permet d&rsquo;\u00eatre installable aussi bien dans une entr\u00e9e que dans une chambre._x000D_n_x000D_nD&rsquo;ailleurs, pour la fixer, munissez-vous d&rsquo;une perceuse et des vis et cheville fournies. Vous appr\u00e9cierez la rapidit\u00e9, la simplicit\u00e9 d&rsquo;installation. Mais surtout vous constaterez que l&rsquo;e syst\u00e8me d&rsquo;accrochage est invisible est une fois fix\u00e9e!_x000D_n_x000D_nDimensions :_x000D_n<\/p>\n<ul>_x000D_n \t<\/p>\n<li>T\u00eate de la girafe : 4 cm X 7 cm<\/li>\n<p>_x000D_n \t<\/p>\n<li>\u00c9cartement du mur : 5,8 cm<\/li>\n<p>_x000D_n<\/ul>\n","protected":false},"excerpt":{"rendered":"<p>Belle pat\u00e8re animal du\u00a0ZOO de la marque <em><strong>CAPVENTURE<\/strong><\/em> en forme de <strong>t\u00eate de girafe tropicale<\/strong>.\u00a0Cette t\u00eate d&rsquo;animal du zoo est en r\u00e9sine.\u00a0Ce porte-manteau est \u00e0 poser dans la chambre ou dans l&rsquo;entr\u00e9e pour ne plus voir trainer ses affaires.<\/p>\n","protected":false},"featured_media":1790,"comment_status":"closed","ping_status":"open","template":"","meta":[],"product_cat":[16,32],"product_tag":[27],"class_list":["post-404","product","type-product","status-publish","has-post-thumbnail","hentry","product_cat-chambre-enfant","product_cat-entree-sejour","product_tag-crochet-patere-patere-design-patere-murale-patere-porte-pateres-porte-serviette-porte-torchon-vestiaire","description-off"],"_links":{"self":[{"href":"https:\/\/roulettes.vaniseo.top\/index.php\/wp-json\/wp\/v2\/product\/404","targetHints":{"allow":["GET"]}}],"collection":[{"href":"https:\/\/roulettes.vaniseo.top\/index.php\/wp-json\/wp\/v2\/product"}],"about":[{"href":"https:\/\/roulettes.vaniseo.top\/index.php\/wp-json\/wp\/v2\/types\/product"}],"replies":[{"embeddable":true,"href":"https:\/\/roulettes.vaniseo.top\/index.php\/wp-json\/wp\/v2\/comments?post=404"}],"version-history":[{"count":0,"href":"https:\/\/roulettes.vaniseo.top\/index.php\/wp-json\/wp\/v2\/product\/404\/revisions"}],"wp:featuredmedia":[{"embeddable":true,"href":"https:\/\/roulettes.vaniseo.top\/index.php\/wp-json\/wp\/v2\/media\/1790"}],"wp:attachment":[{"href":"https:\/\/roulettes.vaniseo.top\/index.php\/wp-json\/wp\/v2\/media?parent=404"}],"wp:term":[{"taxonomy":"product_cat","embeddable":true,"href":"https:\/\/roulettes.vaniseo.top\/index.php\/wp-json\/wp\/v2\/product_cat?post=404"},{"taxonomy":"product_tag","embeddable":true,"href":"https:\/\/roulettes.vaniseo.top\/index.php\/wp-json\/wp\/v2\/product_tag?post=404"}],"curies":[{"name":"wp","href":"https:\/\/api.w.org\/{rel}","templated":true}]}}