{"id":408,"date":"2022-04-04T16:21:35","date_gmt":"2022-04-04T14:21:35","guid":{"rendered":"https:\/\/roulettes.vaniseo.top\/index.php\/produit\/patere-tube-en-bois-naturel\/"},"modified":"2022-04-04T17:20:25","modified_gmt":"2022-04-04T15:20:25","slug":"patere-tube-en-bois-naturel","status":"publish","type":"product","link":"https:\/\/roulettes.vaniseo.top\/index.php\/produit\/patere-tube-en-bois-naturel\/","title":{"rendered":"Pat\u00e8re tube en bois naturel"},"content":{"rendered":"<h3>Porte-manteau en forme de cylindre plein en bois naturel<\/h3>\n<p>_x000D_n<strong>1001 Pat\u00e8res<\/strong> vous pr\u00e9sente l&rsquo;une des r\u00e9f\u00e9rences les plus vendues sur ce site: la <strong>pat\u00e8re\u00a0tube en bois naturel<\/strong>. D\u00e9couvrez ci dessous toutes les informations relatives \u00e0 ce produit, tant en mati\u00e8re de donn\u00e9es techniques que d&rsquo;astuces d\u00e9coratives._x000D_n_x000D_nTout d&rsquo;abord, rappelons que cette pat\u00e8re est issue de la marque 1001 Pat\u00e8res. Votre <strong>site N\u00b01 en France de pat\u00e8res et porte manteaux<\/strong> vous propose non seulement issue des meilleures marques internationales mais aussi des produits issus de <a href=\"https:\/\/1001pateres.com\/brand\/1001pateres\/\">sa propre marque<\/a>. Tous ont pour objectif d&rsquo;apporter \u00e0 votre int\u00e9rieur de <strong>maison<\/strong> ou de <strong>bureau<\/strong>, davantage de <strong>rangement<\/strong>, de <strong>clart\u00e9<\/strong>, et bien s\u00fbr de <strong>style<\/strong>._x000D_n_x000D_n&nbsp;_x000D_n<\/p>\n<h3>Pat\u00e8re tube en bois naturel<\/h3>\n<p>_x000D_nAinsi, ci-contre, cette pat\u00e8re est un simple portant. Dans un <strong>style r\u00e9solument nordique<\/strong>, vous appr\u00e9cierez non seulement l&rsquo;utilisation d&rsquo;un <strong>mat\u00e9riau brut<\/strong>: le<strong> bois clair<\/strong>, mais aussi et surtout d&rsquo;une <strong>forme minimaliste, moderne<\/strong>. Nos clients sont d&rsquo;ailleurs souvent s\u00e9duits par cette forme justement,\u00a0<strong>douce et apaisante<\/strong> qui n&rsquo;abime pas les v\u00eatements. Pour finir, notez que le\u00a0<strong>bois est l\u00e9g\u00e8rement vein\u00e9 et verni, de tr\u00e8s belle qualit\u00e9<\/strong>._x000D_n_x000D_n&nbsp;_x000D_n<\/p>\n<h4>Utilisation et installation d&rsquo;une pat\u00e8re cylindrique en bois plein 1001 Pat\u00e8res<\/h4>\n<p>_x000D_nC\u00f4t\u00e9 <strong>utilisation<\/strong> ensuite, elle se pose par exemple dans la <strong>chambre<\/strong> ou dans l&rsquo;<strong>entr\u00e9e<\/strong> pour ne plus voir trainer ses affaires. C&rsquo;est un v\u00e9ritable <strong>passe partout<\/strong> \u00e0 la fois discret et tr\u00e8s chic._x000D_n_x000D_nEnfin pour l&rsquo;<strong>installer<\/strong>, les \u00e9tapes sont <strong>simples et rapides<\/strong>. Tout d&rsquo;abord, la pat\u00e8re tube en bois naturel comporte un syst\u00e8me d&rsquo;accrochage avec vis et cheville.<strong>\u00a0Facile \u00e0 fixer<\/strong>, cette pat\u00e8re permet de <strong>supporter des poids pouvant aller jusqu&rsquo;a 5 kg<\/strong>.\u00a0Celle-ci est vendue avec\u00a0sa vis et sa cheville. Sa pose n\u00e9cessite l&rsquo;utilisation d&rsquo;une perceuse._x000D_n_x000D_nPour finir, dans le cas o\u00f9 vous souhaiteriez <strong>d\u00e9multiplier<\/strong> le nombre de pat\u00e8res comme sur l&rsquo;image ci-sontre, pensez \u00e0 tenir compte de ses dimensions, tout en le comparant \u00e0 l&rsquo;espace disponible sur votre pan de mur allou\u00e9. Les <strong>dimensions<\/strong> de celle-ci sont juste ci dessous:_x000D_n<\/p>\n<ul>_x000D_n \t<\/p>\n<li>Longueur 10 cm<\/li>\n<p>_x000D_n \t<\/p>\n<li>Diam\u00e8tre 2,9 cm<\/li>\n<p>_x000D_n<\/ul>\n","protected":false},"excerpt":{"rendered":"<p>Pat\u00e8re en forme de tube<strong>\u00a0en bois naturel <\/strong>de style scandinave. Cette forme douce et apaisante\u00a0est en <em><strong>bois vein\u00e9 et verni<\/strong><\/em>. Cette pat\u00e8re murale peut se fixer au mur avec vis et cheville fournies. Elle est \u00e0 poser dans la chambre ou dans l&rsquo;entr\u00e9e pour ne plus voir trainer ses affaires.<\/p>\n","protected":false},"featured_media":1806,"comment_status":"closed","ping_status":"open","template":"","meta":[],"product_cat":[29,19,32,21,22,17],"product_tag":[27],"class_list":["post-408","product","type-product","status-publish","has-post-thumbnail","hentry","product_cat-chambre-adulte","product_cat-collectivite","product_cat-entree-sejour","product_cat-entreprise","product_cat-pro","product_cat-salle-de-bain","product_tag-crochet-patere-patere-design-patere-murale-patere-porte-pateres-porte-serviette-porte-torchon-vestiaire","description-off"],"_links":{"self":[{"href":"https:\/\/roulettes.vaniseo.top\/index.php\/wp-json\/wp\/v2\/product\/408","targetHints":{"allow":["GET"]}}],"collection":[{"href":"https:\/\/roulettes.vaniseo.top\/index.php\/wp-json\/wp\/v2\/product"}],"about":[{"href":"https:\/\/roulettes.vaniseo.top\/index.php\/wp-json\/wp\/v2\/types\/product"}],"replies":[{"embeddable":true,"href":"https:\/\/roulettes.vaniseo.top\/index.php\/wp-json\/wp\/v2\/comments?post=408"}],"version-history":[{"count":0,"href":"https:\/\/roulettes.vaniseo.top\/index.php\/wp-json\/wp\/v2\/product\/408\/revisions"}],"wp:featuredmedia":[{"embeddable":true,"href":"https:\/\/roulettes.vaniseo.top\/index.php\/wp-json\/wp\/v2\/media\/1806"}],"wp:attachment":[{"href":"https:\/\/roulettes.vaniseo.top\/index.php\/wp-json\/wp\/v2\/media?parent=408"}],"wp:term":[{"taxonomy":"product_cat","embeddable":true,"href":"https:\/\/roulettes.vaniseo.top\/index.php\/wp-json\/wp\/v2\/product_cat?post=408"},{"taxonomy":"product_tag","embeddable":true,"href":"https:\/\/roulettes.vaniseo.top\/index.php\/wp-json\/wp\/v2\/product_tag?post=408"}],"curies":[{"name":"wp","href":"https:\/\/api.w.org\/{rel}","templated":true}]}}