{"id":416,"date":"2022-04-04T16:21:38","date_gmt":"2022-04-04T14:21:38","guid":{"rendered":"https:\/\/roulettes.vaniseo.top\/index.php\/produit\/console-porte-manteau-design-laque-blanc-trays-tomasucci\/"},"modified":"2022-04-04T17:20:32","modified_gmt":"2022-04-04T15:20:32","slug":"console-porte-manteau-design-laque-blanc-trays-tomasucci","status":"publish","type":"product","link":"https:\/\/roulettes.vaniseo.top\/index.php\/produit\/console-porte-manteau-design-laque-blanc-trays-tomasucci\/","title":{"rendered":"Console porte manteau design laqu\u00e9 blanc TRAYS TOMASUCCI"},"content":{"rendered":"<h3>Porte manteau vestiaire en bois laqu\u00e9 blanc et console TOMASUCCI<\/h3>\n<p>_x000D_nAvec <strong>1001 Pat\u00e8res<\/strong>, n\u00b01 en France de la vente de pat\u00e8res et porte manteaux, profitez notamment du mod\u00e8le <strong>TRAYS<\/strong> de <strong>Tomasucci<\/strong>. Il s&rsquo;agit d&rsquo;une <strong>console porte manteau design laqu\u00e9 blanc<\/strong>. Informations techniques et d\u00e9coratives sont disponibles ci dessous!_x000D_n_x000D_nTout d&rsquo;abord, ne passons pas \u00e0 c\u00f4t\u00e9 de la marque, <strong><a href=\"https:\/\/1001pateres.com\/brand\/tomasucci\/\">Tomasucci<\/a><\/strong>. Celle-ci est italienne et respecte la tradition de suivre la <strong>modernit\u00e9<\/strong> et la <strong>cr\u00e9ativit\u00e9<\/strong> r\u00e9put\u00e9e des grands designers du pays. Ainsi, chez 1001 Pat\u00e8res, retrouvez des mod\u00e8les de <strong>porte manteaux muraux et sur pied<\/strong> vraiment <strong>design<\/strong> et <strong>pratiques<\/strong>. Nos coups de coeur sont pour les <strong>mod\u00e8les multifonctions<\/strong> permettant \u00e0 la fois d&rsquo;obtenir une \u00e9tag\u00e8re, un porte manteau, mais aussi un <a href=\"https:\/\/1001pateres.com\/produit\/patere-boite-a-cles-entree-tomasucci-chiavi-blanc\/\">range cl\u00e9s<\/a> ou un <a href=\"https:\/\/1001pateres.com\/produit\/miroir-memo-range-cles-tomasucci-o-reminder-blanc\/\">miroir<\/a> etc&#8230;_x000D_n_x000D_nC&rsquo;est d&rsquo;ailleurs aussi le cas avec <strong>TRAYS<\/strong> puisqu&rsquo;il s&rsquo;agit d&rsquo;une <strong>console porte manteau design en bois laqu\u00e9 blanc<\/strong>. Cette r\u00e9f\u00e9rence peut donc\u00a0servir de <strong>vestiaire d&rsquo;entr\u00e9e avec 4 pat\u00e8res m\u00e9talliques<\/strong>. Celles-ci accueilleront volontiers vos cl\u00e9s, vos accessoires et vos vestes. L&rsquo;<strong>\u00e9tag\u00e8re sup\u00e9rieure<\/strong>, elle, permettra de d\u00e9poser courriers, t\u00e9l\u00e9phone et votre monnaie par exemple&#8230;_x000D_n_x000D_nEncore une fois, Tomasucci signe une r\u00e9f\u00e9rence \u00e0 la fois <strong>\u00e9l\u00e9gante<\/strong> et <strong>fonctionnelle<\/strong> pour profiter d&rsquo;une <strong>maison rang\u00e9e et design<\/strong>._x000D_n<\/p>\n<h3>Console porte manteau design TRAYS: installation<\/h3>\n<p>_x000D_nEn outre, son\u00a0<strong>syst\u00e8me d&rsquo;accrochage<\/strong> est simple et encastr\u00e9 dans le bois. Aussi, les vis et chevilles sont non visibles une fois pos\u00e9es sur le mur. D&rsquo;ailleurs i<span style=\"line-height: 1.5\">l tient au mur avec 2 vis et chevilles fournies mais qui n\u00e9cessite l&rsquo;usage de votre perceuse. Veillez toujours \u00e0 v\u00e9rifier les <strong>dimensions<\/strong> de l&rsquo;espace d\u00e9di\u00e9 et de celles du produit, \u00e0 savoir:<\/span>_x000D_n<\/p>\n<ul>_x000D_n \t<\/p>\n<li>La base 60 cm X 10 cm<\/li>\n<p>_x000D_n \t<\/p>\n<li>Profondeur 12 cm<\/li>\n<p>_x000D_n<\/ul>\n<p>_x000D_nAinsi, nos clients l&rsquo;aiment pour sa <strong>simplicit\u00e9 de lignes minimalistes<\/strong> et pour le <strong>chic de son bois laqu\u00e9 blanc<\/strong>. A la fois <strong>original<\/strong> et de <strong>belle qualit\u00e9<\/strong>, TRAYS<span style=\"line-height: 1.5\">\u00a0offre <strong>rangement et design<\/strong> \u00e0 votre entr\u00e9e de maison ou de bureau.<\/span><\/p>\n","protected":false},"excerpt":{"rendered":"<p>Console avec porte-manteaux pouvant servir de vestiaire d&rsquo;entr\u00e9e design italien avec 4 pat\u00e8res m\u00e9tallique de la marque <em><strong>TOMASUCCI<\/strong><\/em>\u00a0mod\u00e8le <strong>TRAYS<\/strong> blanc laqu\u00e9. Elle est id\u00e9ale dans l&rsquo;entr\u00e9e\u00a0pour ne plus voir trainer ses affaires.\u00a0Ce porte-manteau de rangement est, de ce fait, pratique en bois laqu\u00e9 blanc avec ses pat\u00e8res en acier. Sa pose n\u00e9cessite l&rsquo;usage d&rsquo;une perceuse.<\/p>\n","protected":false},"featured_media":1830,"comment_status":"closed","ping_status":"open","template":"","meta":[],"product_cat":[32],"product_tag":[25],"class_list":["post-416","product","type-product","status-publish","has-post-thumbnail","hentry","product_cat-entree-sejour","product_tag-crochet-patere-patere-design-patere-murale-patere-porte-pateres-porte-manteau-porte-serviette-porte-torchon-vestiaire","description-off"],"_links":{"self":[{"href":"https:\/\/roulettes.vaniseo.top\/index.php\/wp-json\/wp\/v2\/product\/416","targetHints":{"allow":["GET"]}}],"collection":[{"href":"https:\/\/roulettes.vaniseo.top\/index.php\/wp-json\/wp\/v2\/product"}],"about":[{"href":"https:\/\/roulettes.vaniseo.top\/index.php\/wp-json\/wp\/v2\/types\/product"}],"replies":[{"embeddable":true,"href":"https:\/\/roulettes.vaniseo.top\/index.php\/wp-json\/wp\/v2\/comments?post=416"}],"version-history":[{"count":0,"href":"https:\/\/roulettes.vaniseo.top\/index.php\/wp-json\/wp\/v2\/product\/416\/revisions"}],"wp:featuredmedia":[{"embeddable":true,"href":"https:\/\/roulettes.vaniseo.top\/index.php\/wp-json\/wp\/v2\/media\/1830"}],"wp:attachment":[{"href":"https:\/\/roulettes.vaniseo.top\/index.php\/wp-json\/wp\/v2\/media?parent=416"}],"wp:term":[{"taxonomy":"product_cat","embeddable":true,"href":"https:\/\/roulettes.vaniseo.top\/index.php\/wp-json\/wp\/v2\/product_cat?post=416"},{"taxonomy":"product_tag","embeddable":true,"href":"https:\/\/roulettes.vaniseo.top\/index.php\/wp-json\/wp\/v2\/product_tag?post=416"}],"curies":[{"name":"wp","href":"https:\/\/api.w.org\/{rel}","templated":true}]}}