{"id":418,"date":"2022-04-04T16:21:38","date_gmt":"2022-04-04T14:21:38","guid":{"rendered":"https:\/\/roulettes.vaniseo.top\/index.php\/produit\/porte-manteaux-sur-pied-design-emy-tomasucci\/"},"modified":"2022-04-04T17:20:34","modified_gmt":"2022-04-04T15:20:34","slug":"porte-manteaux-sur-pied-design-emy-tomasucci","status":"publish","type":"product","link":"https:\/\/roulettes.vaniseo.top\/index.php\/produit\/porte-manteaux-sur-pied-design-emy-tomasucci\/","title":{"rendered":"Porte manteaux sur pied design EMY TOMASUCCI"},"content":{"rendered":"<h3>Porte manteau sur pied design italien TOMASUCCI<\/h3>\n<p>_x000D_nEnvie de <strong>chic<\/strong> et de <strong>rangement<\/strong>? Il est tant d&rsquo;investir dans un <strong>porte manteaux sur pied design<\/strong> gr\u00e2ce \u00e0 la marque italienne <strong>Tomasucci<\/strong> et son mod\u00e8le <strong>EMY<\/strong>. 1001 Pat\u00e8res vous d\u00e9voile ci dessous tout ce qu&rsquo;il faut savoir sur ce mod\u00e8le. Vous ne passerez ainsi \u00e0 c\u00f4t\u00e9 d&rsquo;aucune information avant d&rsquo;investir et glanerez au passage quelques bonnes id\u00e9es!_x000D_n_x000D_nTout d&rsquo;abord, revenons sur la marque <strong><a href=\"https:\/\/1001pateres.com\/brand\/tomasucci\/\">Tomasucci<\/a><\/strong>. Celle-ci est italienne, et comme souvent en Italie, on aime le <strong>design contemporain presque futuriste<\/strong>. Ainsi, les <strong>mat\u00e9riaux<\/strong> utilis\u00e9s par la marque, en mati\u00e8re de porte manteaux sont plut\u00f4t l&rsquo;acier, l&rsquo;aluminium, le m\u00e9tal et quelques touches de bois laqu\u00e9. Chez 1001 Pat\u00e8res, nous proposons les <strong>mod\u00e8les sur pied et muraux<\/strong> mais des originaux comme des <strong>vestiaires &#8211;\u00a0ranges cl\u00e9s design<\/strong> comme <a href=\"https:\/\/1001pateres.com\/produit\/patere-boite-a-cles-entree-tomasucci-chiavi-blanc\/\">Chiavi<\/a>, ou encore des <strong>miroirs avec range cl\u00e9s<\/strong> comme <a href=\"https:\/\/1001pateres.com\/produit\/miroir-memo-range-cles-tomasucci-o-reminder-blanc\/\">O-Reminder<\/a>._x000D_n_x000D_nCe porte manteaux sur pied design est en <strong>m\u00e9tal<\/strong>. Il se compose de <strong>6 pat\u00e8res en aluminium<\/strong> pour accrocher v\u00eatements et sacs. Ainsi, <strong>EMY<\/strong> est de <strong>tr\u00e8s belle qualit\u00e9<\/strong> et offre un <strong>design moderne<\/strong>, efficace._x000D_n_x000D_n&nbsp;_x000D_n<\/p>\n<h3>Porte manteaux sur pied design EMY: nos conseils d&rsquo;am\u00e9nagement<\/h3>\n<p>_x000D_nPar ailleurs, sans autre coloris que celui du <strong>m\u00e9tal<\/strong>, il s&rsquo;ins\u00e9rera donc dans n&rsquo;importe quelle pi\u00e8ce qui m\u00e9rite un peu de <strong>rangement<\/strong>. La <strong>finesse<\/strong> de ses branches et de son tronc <strong>n&rsquo;all\u00e8gera pas<\/strong> votre entr\u00e9e ou votre chambre, mais viendra plut\u00f4t lui donner <strong>plus de clart\u00e9 par un bon rangement<\/strong>. Sa base est un pied assurant une <strong>grande stabilit\u00e9<\/strong>._x000D_n_x000D_n<span style=\"line-height: 1.5\">Enfin, il est <strong>facile \u00e0 monter<\/strong> et permet de supporter des poids pouvant aller jusqu&rsquo;\u00e0 5 kg par pat\u00e8re. Voici ses <strong>dimensions<\/strong>:<\/span>_x000D_n<\/p>\n<ul>_x000D_n \t<\/p>\n<li>Hauteur max du tronc : 175 cm<\/li>\n<p>_x000D_n \t<\/p>\n<li>Diam\u00e8tre de la base ronde : 35 cm<\/li>\n<p>_x000D_n<\/ul>\n<p>_x000D_nN&rsquo;h\u00e9sitez pas \u00e0 nous contacter pour tout renseignement compl\u00e9mentaire via la page Contact de ce site.<\/p>\n","protected":false},"excerpt":{"rendered":"<p>Porte-manteaux avec pat\u00e8res sur pied en m\u00e9tal de la marque <em><strong>TOMASUCCI<\/strong><\/em> mod\u00e8le <strong>EMY<\/strong>. Il est \u00e0 poser dans l&rsquo;entr\u00e9e ou dans la chambre et permettra ainsi de ne plus laisser trainer ses affaires.\u00a0Il se compose de 6 pat\u00e8res en aluminium pour accrocher v\u00eatements, chapeaux, \u00e9charpes, parapluie et peut \u00eatre un bel objet de d\u00e9coration.\u00a0De plus, original et de tr\u00e8s belle qualit\u00e9, ce vestiaire<span style=\"line-height: 1.5\">\u00a0mettra une touche de modernit\u00e9 dans votre int\u00e9rieur.<\/span><\/p>\n","protected":false},"featured_media":1838,"comment_status":"closed","ping_status":"open","template":"","meta":[],"product_cat":[29,19,32,21,40,22],"product_tag":[25],"class_list":["post-418","product","type-product","status-publish","has-post-thumbnail","hentry","product_cat-chambre-adulte","product_cat-collectivite","product_cat-entree-sejour","product_cat-entreprise","product_cat-porte-manteau-sur-pied","product_cat-pro","product_tag-crochet-patere-patere-design-patere-murale-patere-porte-pateres-porte-manteau-porte-serviette-porte-torchon-vestiaire","description-off"],"_links":{"self":[{"href":"https:\/\/roulettes.vaniseo.top\/index.php\/wp-json\/wp\/v2\/product\/418","targetHints":{"allow":["GET"]}}],"collection":[{"href":"https:\/\/roulettes.vaniseo.top\/index.php\/wp-json\/wp\/v2\/product"}],"about":[{"href":"https:\/\/roulettes.vaniseo.top\/index.php\/wp-json\/wp\/v2\/types\/product"}],"replies":[{"embeddable":true,"href":"https:\/\/roulettes.vaniseo.top\/index.php\/wp-json\/wp\/v2\/comments?post=418"}],"version-history":[{"count":0,"href":"https:\/\/roulettes.vaniseo.top\/index.php\/wp-json\/wp\/v2\/product\/418\/revisions"}],"wp:featuredmedia":[{"embeddable":true,"href":"https:\/\/roulettes.vaniseo.top\/index.php\/wp-json\/wp\/v2\/media\/1838"}],"wp:attachment":[{"href":"https:\/\/roulettes.vaniseo.top\/index.php\/wp-json\/wp\/v2\/media?parent=418"}],"wp:term":[{"taxonomy":"product_cat","embeddable":true,"href":"https:\/\/roulettes.vaniseo.top\/index.php\/wp-json\/wp\/v2\/product_cat?post=418"},{"taxonomy":"product_tag","embeddable":true,"href":"https:\/\/roulettes.vaniseo.top\/index.php\/wp-json\/wp\/v2\/product_tag?post=418"}],"curies":[{"name":"wp","href":"https:\/\/api.w.org\/{rel}","templated":true}]}}