{"id":421,"date":"2022-04-04T16:21:38","date_gmt":"2022-04-04T14:21:38","guid":{"rendered":"https:\/\/roulettes.vaniseo.top\/index.php\/produit\/porte-manteau-mural-bois-et-metal-design-basilica-tomasucci\/"},"modified":"2022-04-04T17:20:36","modified_gmt":"2022-04-04T15:20:36","slug":"porte-manteau-mural-bois-et-metal-design-basilica-tomasucci","status":"publish","type":"product","link":"https:\/\/roulettes.vaniseo.top\/index.php\/produit\/porte-manteau-mural-bois-et-metal-design-basilica-tomasucci\/","title":{"rendered":"Porte manteau mural bois et m\u00e9tal design BASILICA TOMASUCCI"},"content":{"rendered":"<h3>Etag\u00e8re avec crochet tringle en m\u00e9tal et bois laqu\u00e9 blanc TOMASUCCI<\/h3>\n<p>_x000D_nEt si on troquait sa vieille pat\u00e8re \u00e0 l&rsquo;entr\u00e9e pour un nouveau <strong>porte manteau mural bois design<\/strong>? <strong>1001 Pat\u00e8res<\/strong> pr\u00e9sente le mod\u00e8le <strong>Basilica<\/strong> de chez <strong>Tomasucci<\/strong> ci dessous, avec une multitude d&rsquo;informations produits \u00e0 ne pas manquer!_x000D_n_x000D_nTout d&rsquo;abord, <strong><a href=\"https:\/\/1001pateres.com\/brand\/tomasucci\/\">Tomasucci<\/a><\/strong>, la marque. Celle-ci est italienne, et donc design, utile, et moderne. Retrouvez sur notre site principalement des r\u00e9f\u00e9rences de porte manteaux muraux et sur pied, comme des produits pratiques comme <strong><a href=\"https:\/\/1001pateres.com\/produit\/patere-boite-a-cles-entree-tomasucci-chiavi-blanc\/\">Chiavi<\/a><\/strong> et sa <strong>boite \u00e0 cl\u00e9s<\/strong>, ou comme <a href=\"https:\/\/1001pateres.com\/produit\/miroir-memo-range-cles-tomasucci-o-reminder-blanc\/\"><strong>O-Reminder<\/strong><\/a> avec son <strong>miroir range cl\u00e9 aimant\u00e9<\/strong>._x000D_n_x000D_nIci avec Basilica, on se concentre sur un <strong>mod\u00e8le unique en son genre sur notre site<\/strong>: un <strong>porte manteau mural bois et m\u00e9tal design<\/strong>. Cet \u00e9tag\u00e8re peut servir de porte bagage en hauteur. Cependant, vous l&rsquo;aimerez surtout pour sa <strong>multi-fonctionnalit\u00e9<\/strong>. En effet, Basilica dispose \u00e0 la fois d&rsquo;une:_x000D_n<\/p>\n<ul>_x000D_n \t<\/p>\n<li><strong>Tringle<\/strong> pour cintre ou directement cravate, \u00e9charpe et autres foulards<\/li>\n<p>_x000D_n \t<\/p>\n<li><strong>S\u00e9rie de boutons<\/strong> pouvant servir de pat\u00e8res pour vos v\u00eatements, tote bag et autres accessoires<\/li>\n<p>_x000D_n \t<\/p>\n<li><strong>Etag\u00e8re<\/strong> pour accueillir sac, valise, et autres \u00e9l\u00e9ments plus imposants avec discr\u00e9tion, en hauteur.<\/li>\n<p>_x000D_n<\/ul>\n<p>_x000D_n&nbsp;_x000D_n<\/p>\n<h3>Porte manteau mural bois et m\u00e9tal : mat\u00e9riaux, installation et dimensions<\/h3>\n<p>_x000D_nCette \u00e9tag\u00e8re est donc bien plus qu&rsquo;une \u00e9tag\u00e8re, c&rsquo;est aussi un porte manteau mural. Cela fait donc d&rsquo;elle, un v\u00e9ritable outil de rangement. On craque \u00e9videmment pour son <strong>m\u00e9lange subtil de mat\u00e9riaux<\/strong>:_x000D_n<\/p>\n<ul>_x000D_n \t<\/p>\n<li>Bois laqu\u00e9 blanc pour l&rsquo;\u00e9tag\u00e8re en haut<\/li>\n<p>_x000D_n \t<\/p>\n<li>Aluminium pour ses 5 pat\u00e8res et sa tringle<\/li>\n<p>_x000D_n<\/ul>\n<p>_x000D_n<strong>Original et de belle qualit\u00e9<\/strong>, ce porte manteau mural bois et m\u00e9tal est une <strong>pi\u00e8ce facile \u00e0 adopter<\/strong> pour mieux <strong>ranger votre entr\u00e9e ou un dressing<\/strong> par exemple._x000D_n_x000D_nCot\u00e9 <strong>installation<\/strong>, l\u00e0 aussi aucune surprise, c&rsquo;est un <strong>jeu d&rsquo;enfant<\/strong>! Son\u00a0syst\u00e8me d&rsquo;accrochage est simple et encastr\u00e9 dans le bois. On aime donc cette finition o\u00f9 les <strong>points d&rsquo;accroche sont non visibles<\/strong> une fois pos\u00e9 au mur. Toutefois, attention, i<span style=\"line-height: 1.5\">l tient au mur avec des vis et chevilles qui sont fournies amis n\u00e9cessite l&rsquo;usage de votre perceuse. Voici ses <strong>dimensions<\/strong>:<\/span>_x000D_n<\/p>\n<ul>_x000D_n \t<\/p>\n<li>Dim 70 cm X 20 cm<\/li>\n<p>_x000D_n \t<\/p>\n<li>Profondeur 30 cm<\/li>\n<p>_x000D_n<\/ul>\n","protected":false},"excerpt":{"rendered":"<p>Etag\u00e8re vestiaire porte-manteaux mural formant \u00e9tag\u00e8re porte-bagages design italien de la marque <em><strong>TOMASUCCI<\/strong><\/em>\u00a0mod\u00e8le <strong>BASILICA.<\/strong>\u00a0Elle est id\u00e9ale dans l&rsquo;entr\u00e9e\u00a0pour ne plus voir trainer ses affaires.\u00a0Ce porte-manteau de rangement est, de ce fait, pratique en bois laqu\u00e9 blanc avec ses 5 pat\u00e8res et sa tringle en aluminium. Sa pose n\u00e9cessite l&rsquo;usage d&rsquo;une perceuse.<\/p>\n","protected":false},"featured_media":1847,"comment_status":"closed","ping_status":"open","template":"","meta":[],"product_cat":[19,32,21,22],"product_tag":[25],"class_list":["post-421","product","type-product","status-publish","has-post-thumbnail","hentry","product_cat-collectivite","product_cat-entree-sejour","product_cat-entreprise","product_cat-pro","product_tag-crochet-patere-patere-design-patere-murale-patere-porte-pateres-porte-manteau-porte-serviette-porte-torchon-vestiaire","description-off"],"_links":{"self":[{"href":"https:\/\/roulettes.vaniseo.top\/index.php\/wp-json\/wp\/v2\/product\/421","targetHints":{"allow":["GET"]}}],"collection":[{"href":"https:\/\/roulettes.vaniseo.top\/index.php\/wp-json\/wp\/v2\/product"}],"about":[{"href":"https:\/\/roulettes.vaniseo.top\/index.php\/wp-json\/wp\/v2\/types\/product"}],"replies":[{"embeddable":true,"href":"https:\/\/roulettes.vaniseo.top\/index.php\/wp-json\/wp\/v2\/comments?post=421"}],"version-history":[{"count":0,"href":"https:\/\/roulettes.vaniseo.top\/index.php\/wp-json\/wp\/v2\/product\/421\/revisions"}],"wp:featuredmedia":[{"embeddable":true,"href":"https:\/\/roulettes.vaniseo.top\/index.php\/wp-json\/wp\/v2\/media\/1847"}],"wp:attachment":[{"href":"https:\/\/roulettes.vaniseo.top\/index.php\/wp-json\/wp\/v2\/media?parent=421"}],"wp:term":[{"taxonomy":"product_cat","embeddable":true,"href":"https:\/\/roulettes.vaniseo.top\/index.php\/wp-json\/wp\/v2\/product_cat?post=421"},{"taxonomy":"product_tag","embeddable":true,"href":"https:\/\/roulettes.vaniseo.top\/index.php\/wp-json\/wp\/v2\/product_tag?post=421"}],"curies":[{"name":"wp","href":"https:\/\/api.w.org\/{rel}","templated":true}]}}