{"id":430,"date":"2022-04-04T16:21:38","date_gmt":"2022-04-04T14:21:38","guid":{"rendered":"https:\/\/roulettes.vaniseo.top\/index.php\/produit\/patere-en-laiton-massif-dore-avec-tige-et-embout-pratique\/"},"modified":"2022-04-04T17:20:43","modified_gmt":"2022-04-04T15:20:43","slug":"patere-en-laiton-massif-dore-avec-tige-et-embout-pratique","status":"publish","type":"product","link":"https:\/\/roulettes.vaniseo.top\/index.php\/produit\/patere-en-laiton-massif-dore-avec-tige-et-embout-pratique\/","title":{"rendered":"Pat\u00e8re en laiton massif dor\u00e9 avec tige et embout pratique"},"content":{"rendered":"<h3>Porte manteau design tige en laiton bross\u00e9<\/h3>\n<p>_x000D_nLe laiton est sans aucun doute la mati\u00e8re tendance \u00e0 utiliser dans son int\u00e9rieur pour lui offrir style et modernit\u00e9. <strong>1001 Pat\u00e8res<\/strong> vous propose donc ci-contre une <strong>pat\u00e8re en laiton massif dor\u00e9 avec tige et embout pratique<\/strong>.\u00a0D\u00e9couvrez ci dessous l&rsquo;ensemble des informations produit tant sur la partie d\u00e9corative que technique._x000D_n_x000D_nTout d&rsquo;abord, rappelons que <strong>1001 Pat\u00e8res<\/strong> est LE site de vente en ligne <strong>N\u00b01 en France pour l&rsquo;achat de pat\u00e8res et porte manteaux.<\/strong> Le rapport qualit\u00e9 prix parfait, est l&rsquo;objectif constant de ce site. Au travers de marques internationales, <strong>rangez et d\u00e9corez avec go\u00fbt<\/strong> et plaisir!_x000D_n_x000D_n&nbsp;_x000D_n<\/p>\n<h3>Pat\u00e8re en laiton massif dor\u00e9 avec tige et embout pratique<\/h3>\n<p>_x000D_nAinsi, ici, la marque de la pat\u00e8re est tout simplement <strong>1001 Pat\u00e8res<\/strong>.\u00a0Il s&rsquo;agit vraiment d&rsquo;un<strong> produit design, \u00e9pur\u00e9, minimalise et super lumineux<\/strong> gr\u00e2ce \u00e0 ce magnifique laiton. Le <strong>laiton<\/strong> est vraiment de tr\u00e8s <strong>belle qualit\u00e9<\/strong> ce qui rend le <strong>produit qualitatif<\/strong>._x000D_n_x000D_nEnsuite, sa forme est originale avec un <strong>embout heurtoir<\/strong> pour ne pas que les affaires glissent et tombent au sol. Ind\u00e9niablement, ces \u00e9l\u00e9ments font de lui un <strong>produit \u00e9l\u00e9gant<\/strong> et <strong>polyvalent<\/strong>. Vous pourrez donc l&rsquo;installer aussi bien dans une maison ou un bureau par exemple comme\u00a0porte-manteau, porte-serviette, ou encore porte-chapeau._x000D_n_x000D_n&nbsp;_x000D_n<\/p>\n<h3>Installation du portant \u00e0 heurtoir en laiton massif<\/h3>\n<p>_x000D_nEnfin, c\u00f4t\u00e9 <strong>installation<\/strong>, cette pat\u00e8re comporte une base avec une tige viss\u00e9e de l&rsquo;int\u00e9rieur\u00a0et un syst\u00e8me d&rsquo;accrochage avec cheville. \u00a0Vis et cheville sont \u00e9videmment incluses. Par ailleurs, la finition est parfaite avec une vis non visible une fois mont\u00e9e.\u00a0Enfin, ce mod\u00e8le est facile \u00e0 poser mais n\u00e9cessite une perceuse pour positionner la cheville. N&rsquo;oubliez pas de tenir compte de ses <strong>dimensions<\/strong>, surtout si vous vous voulez la d\u00e9multiplier:_x000D_n<\/p>\n<ul>_x000D_n \t<\/p>\n<li>Ecartement du mur au bout de la tige: 6 cm<\/li>\n<p>_x000D_n \t<\/p>\n<li>Base diam\u00e8tre: 1,8 cm<\/li>\n<p>_x000D_n<\/ul>\n<p>_x000D_n&nbsp;_x000D_n_x000D_nDans le m\u00eame esprit tige <strong>laiton<\/strong>, mais <strong>bross\u00e9<\/strong> cette fois-ci, nous proposons \u00e9galement les <strong><a href=\"https:\/\/1001pateres.com\/produit\/patere-tige-petit-modele-laiton-brosse-ferm-living\/\">petit<\/a> et <a href=\"https:\/\/1001pateres.com\/produit\/patere-tige-en-laiton-brosse-grand-modele\/\">grand mod\u00e8le<\/a> de chez Ferm Living<\/strong>, sans heurtoir mais <strong>avec collerette<\/strong>.<\/p>\n","protected":false},"excerpt":{"rendered":"<p>Porte-manteau design tige en <strong>laiton massif dor\u00e9\u00a0<\/strong>de la marque <em><strong>1001pateres<\/strong><\/em>. Jolie pat\u00e8re design en forme de cylindre pour un usage de porte-manteau, porte-serviette ou porte-chapeau.\u00a0Elle est originale et \u00e9pur\u00e9e avec une forme douce et pratique. Une fois pos\u00e9e au mur \u00e0 l&rsquo;aide d&rsquo;une perceuse, elle permet de r\u00e9sister \u00e0 un poids de 5 kg environ.<\/p>\n","protected":false},"featured_media":1878,"comment_status":"closed","ping_status":"open","template":"","meta":[],"product_cat":[32,17,23],"product_tag":[26],"class_list":["post-430","product","type-product","status-publish","has-post-thumbnail","hentry","product_cat-entree-sejour","product_cat-salle-de-bain","product_cat-toilette-wc","product_tag-crochet-patere-patere-design-patere-murale-patere-porte-pateres-porte-serviette-porte-torchon","description-off"],"_links":{"self":[{"href":"https:\/\/roulettes.vaniseo.top\/index.php\/wp-json\/wp\/v2\/product\/430","targetHints":{"allow":["GET"]}}],"collection":[{"href":"https:\/\/roulettes.vaniseo.top\/index.php\/wp-json\/wp\/v2\/product"}],"about":[{"href":"https:\/\/roulettes.vaniseo.top\/index.php\/wp-json\/wp\/v2\/types\/product"}],"replies":[{"embeddable":true,"href":"https:\/\/roulettes.vaniseo.top\/index.php\/wp-json\/wp\/v2\/comments?post=430"}],"version-history":[{"count":0,"href":"https:\/\/roulettes.vaniseo.top\/index.php\/wp-json\/wp\/v2\/product\/430\/revisions"}],"wp:featuredmedia":[{"embeddable":true,"href":"https:\/\/roulettes.vaniseo.top\/index.php\/wp-json\/wp\/v2\/media\/1878"}],"wp:attachment":[{"href":"https:\/\/roulettes.vaniseo.top\/index.php\/wp-json\/wp\/v2\/media?parent=430"}],"wp:term":[{"taxonomy":"product_cat","embeddable":true,"href":"https:\/\/roulettes.vaniseo.top\/index.php\/wp-json\/wp\/v2\/product_cat?post=430"},{"taxonomy":"product_tag","embeddable":true,"href":"https:\/\/roulettes.vaniseo.top\/index.php\/wp-json\/wp\/v2\/product_tag?post=430"}],"curies":[{"name":"wp","href":"https:\/\/api.w.org\/{rel}","templated":true}]}}