{"id":432,"date":"2022-04-04T16:21:38","date_gmt":"2022-04-04T14:21:38","guid":{"rendered":"https:\/\/roulettes.vaniseo.top\/index.php\/produit\/porte-manteau-mural-design-metal-laque-bleu-ciel-et-embout-bois-brut\/"},"modified":"2022-04-04T17:20:45","modified_gmt":"2022-04-04T15:20:45","slug":"porte-manteau-mural-design-metal-laque-bleu-ciel-et-embout-bois-brut","status":"publish","type":"product","link":"https:\/\/roulettes.vaniseo.top\/index.php\/produit\/porte-manteau-mural-design-metal-laque-bleu-ciel-et-embout-bois-brut\/","title":{"rendered":"Porte manteau mural design m\u00e9tal laqu\u00e9 bleu ciel et embout bois brut"},"content":{"rendered":"<h3>Pat\u00e8re design m\u00e9tal laqu\u00e9 bleu ciel et embout bois naturel<\/h3>\n<p>_x000D_n<strong>1001 Pat\u00e8res<\/strong> dispose dans sa propre marque d&rsquo;un\u00a0<strong>porte manteau mural design m\u00e9tal laqu\u00e9 bleu ciel et embout bois brut<\/strong>. D\u00e9couvrez ci-dessous l\u2019ensemble des ses <strong>informations techniques et d\u00e9coratives<\/strong>. Vous constaterez que cette <strong>pat\u00e8re design m\u00e9tal et bois noir<\/strong> se destine tout autant \u00e0\u00a0un usage de porte-manteau, de porte-serviette, ou encore de porte accessoires!_x000D_n_x000D_nMais avant tout, notez que 1001 Pat\u00e8res est le <strong>N\u00b01 en France<\/strong> de la vente en ligne de pat\u00e8res et porte manteaux! Ainsi, le site offre un large choix de produits pour am\u00e9liorer le rangement et\u00a0la d\u00e9coration de votre int\u00e9rieur de maison ou de bureau. Pour atteindre cette qualit\u00e9 d&rsquo;offres, l\u2019\u00e9quipe <strong>1001 Pat\u00e8res<\/strong> s\u00e9lectionne partout dans le monde des marques offrant de bons<strong>\u00a0rapports qualit\u00e9 prix<\/strong>, dans des\u00a0<strong>styles<\/strong> bien <strong>sp\u00e9cifiques<\/strong>. Vous profitez donc de choix de coloris, de formes pour ajuster votre d\u00e9co sur mesure!_x000D_n_x000D_n&nbsp;_x000D_n<\/p>\n<h3>Porte manteau mural design m\u00e9tal laqu\u00e9 bleu ciel et embout bois brut<\/h3>\n<p>_x000D_nD\u2019ailleurs ci-contre, le porte manteau mural design m\u00e9tal est disponible en laqu\u00e9 <strong>bleu ciel<\/strong> et embout bois naturel, mais aussi en laqu\u00e9 <strong><a href=\"https:\/\/1001pateres.com\/produit\/patere-design-metal-et-bois-bleu-petrole\/\">bleu p\u00e9trole<\/a>, rose, vert, noir et blanc<\/strong>. Vous aurez ainsi la possibilit\u00e9 de <strong>le d\u00e9multiplier<\/strong>\u00a0partout dans la maison, et sur un m\u00eame pan de mur en <strong>plusieurs coloris<\/strong>._x000D_n_x000D_nCe produit est l&rsquo;un des chouchous sur le site pour son style d&rsquo;inspiration nordique. En effet, sa <strong>forme<\/strong> est <strong>minimaliste<\/strong>, ses mat\u00e9riaux et ses coloris sont bruts et dans l\u2019\u00e8re du temps. Son <strong>bois<\/strong> clair refl\u00e8te bien la <strong>douceur <\/strong>de ce style d\u00e9coratif. Au del\u00e0 du style, il y a en plus la practicit\u00e9 de son\u00a0<strong>embout cylindrique inclin\u00e9<\/strong> en bois naturel qui <strong>maintient<\/strong> tout \u00e9l\u00e9ment suspendu sans l&rsquo;abimer._x000D_n_x000D_nEnfin pour l&rsquo;installer, rien de plus simple. Ce porte manteau mural m\u00e9tallique comporte un <strong>bouton en laiton dor\u00e9<\/strong> qui cache un syst\u00e8me d\u2019accrochage. Ce dernier est compos\u00e9 d\u2019une <strong>vis <\/strong>et d&rsquo;une <strong>cheville incluses<\/strong>. La vis est\u00a0<strong>invisible<\/strong> une fois fix\u00e9e.\u00a0Pensez \u00e0 tenir compte de ses <strong>dimensions\u00a0<\/strong>et vous munir d&rsquo;une perceuse:_x000D_n<\/p>\n<ul>_x000D_n \t<\/p>\n<li>La pat\u00e8re en m\u00e9tal: 12,8 cm X 4 cm<\/li>\n<p>_x000D_n \t<\/p>\n<li>Le cylindre en bois naturel: 5 cm X diam 2,8 cm<\/li>\n<p>_x000D_n \t<\/p>\n<li>Ecartement du mur: 7 cm<\/li>\n<p>_x000D_n \t<\/p>\n<li>Vis: 2,5 cm<\/li>\n<p>_x000D_n<\/ul>\n","protected":false},"excerpt":{"rendered":"<p>Porte-manteau design en m\u00e9tal <strong>laqu\u00e9 bleu ciel<\/strong>\u00a0et bois naturel<strong>\u00a0<\/strong>de la marque <em><strong>1001pateres<\/strong><\/em>. Jolie\u00a0pat\u00e8re design qui est pour un usage de porte-manteau, porte-serviette, porte-chapeau.\u00a0Elle est originale et \u00e9pur\u00e9e avec une forme douce et pratique. Une fois pos\u00e9e au mur \u00e0 l&rsquo;aide d&rsquo;une perceuse, elle permet de r\u00e9sister \u00e0 un poids de 5 kg environ.<\/p>\n","protected":false},"featured_media":1886,"comment_status":"closed","ping_status":"open","template":"","meta":[],"product_cat":[29,32,17,23],"product_tag":[26],"class_list":["post-432","product","type-product","status-publish","has-post-thumbnail","hentry","product_cat-chambre-adulte","product_cat-entree-sejour","product_cat-salle-de-bain","product_cat-toilette-wc","product_tag-crochet-patere-patere-design-patere-murale-patere-porte-pateres-porte-serviette-porte-torchon","description-off"],"_links":{"self":[{"href":"https:\/\/roulettes.vaniseo.top\/index.php\/wp-json\/wp\/v2\/product\/432","targetHints":{"allow":["GET"]}}],"collection":[{"href":"https:\/\/roulettes.vaniseo.top\/index.php\/wp-json\/wp\/v2\/product"}],"about":[{"href":"https:\/\/roulettes.vaniseo.top\/index.php\/wp-json\/wp\/v2\/types\/product"}],"replies":[{"embeddable":true,"href":"https:\/\/roulettes.vaniseo.top\/index.php\/wp-json\/wp\/v2\/comments?post=432"}],"version-history":[{"count":0,"href":"https:\/\/roulettes.vaniseo.top\/index.php\/wp-json\/wp\/v2\/product\/432\/revisions"}],"wp:featuredmedia":[{"embeddable":true,"href":"https:\/\/roulettes.vaniseo.top\/index.php\/wp-json\/wp\/v2\/media\/1886"}],"wp:attachment":[{"href":"https:\/\/roulettes.vaniseo.top\/index.php\/wp-json\/wp\/v2\/media?parent=432"}],"wp:term":[{"taxonomy":"product_cat","embeddable":true,"href":"https:\/\/roulettes.vaniseo.top\/index.php\/wp-json\/wp\/v2\/product_cat?post=432"},{"taxonomy":"product_tag","embeddable":true,"href":"https:\/\/roulettes.vaniseo.top\/index.php\/wp-json\/wp\/v2\/product_tag?post=432"}],"curies":[{"name":"wp","href":"https:\/\/api.w.org\/{rel}","templated":true}]}}