{"id":433,"date":"2022-04-04T16:21:38","date_gmt":"2022-04-04T14:21:38","guid":{"rendered":"https:\/\/roulettes.vaniseo.top\/index.php\/produit\/patere-murale-metallique-laquee-bleu-petrole-et-embout-bois-brut\/"},"modified":"2022-04-04T17:20:46","modified_gmt":"2022-04-04T15:20:46","slug":"patere-murale-metallique-laquee-bleu-petrole-et-embout-bois-brut","status":"publish","type":"product","link":"https:\/\/roulettes.vaniseo.top\/index.php\/produit\/patere-murale-metallique-laquee-bleu-petrole-et-embout-bois-brut\/","title":{"rendered":"Pat\u00e8re murale m\u00e9tallique laqu\u00e9e bleu p\u00e9trole et embout bois brut"},"content":{"rendered":"<h3 class=\"product_title entry-title\">Porte manteau mural m\u00e9tal laqu\u00e9 bleu p\u00e9trole et embout rond en bois brut<\/h3>\n<p>_x000D_n<strong>1001 Pat\u00e8res<\/strong> pr\u00e9sente sa <strong>pat\u00e8re murale m\u00e9tallique laqu\u00e9e bleu p\u00e9trole et embout bois brut<\/strong>. D\u00e9couvrez ci dessous toutes les donn\u00e9es techniques et d\u00e9coratives utiles \u00e0 tout achat._x000D_n_x000D_nCommen\u00e7ons par une br\u00e8ve pr\u00e9sentation de la marque 1001 Pat\u00e8res.\u00a0<strong>N\u00b01 en France<\/strong>\u00a0de la vente de pat\u00e8res et porte manteaux en ligne, vous trouverez un choix int\u00e9ressant de pat\u00e8res design et pratique pour ranger et d\u00e9corer votre int\u00e9rieur avec go\u00fbt. Pour ce faire,\u00a0<strong>1001 Pat\u00e8res<\/strong> choisit des marques aux 4 coins du monde offrant un tr\u00e8s bon<strong>\u00a0rapport qualit\u00e9 prix<\/strong>, et aux\u00a0<strong>styles<\/strong> bien <strong>personnalis\u00e9s<\/strong>. Ainsi, vous ne manquerez pas d&rsquo;id\u00e9es pour compl\u00e9ter votre int\u00e9rieur gr\u00e2ce \u00e0 une vari\u00e9t\u00e9 de coloris, de formes\u2026_x000D_n_x000D_n&nbsp;_x000D_n<\/p>\n<h3>Pat\u00e8re murale m\u00e9tallique laqu\u00e9e bleu p\u00e9trole et embout bois brut<\/h3>\n<p>_x000D_nEn effet, vous adorerez ce porte manteau<strong>\u00a0mural m\u00e9tal laqu\u00e9 bleu p\u00e9trole et embout rond en bois brut<\/strong> car il\u00a0est tr\u00e8s polyvalent. C&rsquo;est \u00e0 la fois un porte manteau pour votre entr\u00e9e, un porte torchon dans votre cuisine, ou encore un porte accessoires dans votre dressing etc&#8230; Il est donc possible de\u00a0<strong>le d\u00e9multiplier<\/strong> sur un m\u00eame pan de mur en plusieurs coloris, ou dans plusieurs pi\u00e8ces de la maison._x000D_n_x000D_nAu del\u00e0 d&rsquo;\u00eatre polyvalent, il est en plus disponibles en plusieurs coloris: <strong>bleu p\u00e9trole<\/strong> comme ici, mais aussi <strong><a href=\"https:\/\/1001pateres.com\/produit\/patere-design-metal-et-bois-rose\/\">rose<\/a>,\u00a0vert, noir, bleu ciel et blanc<\/strong>._x000D_n_x000D_nSon succ\u00e8s est du \u00e0 son style r\u00e9solument\u00a0<strong>scandinave.<\/strong>\u00a0En effet, il dispose de:_x000D_n<\/p>\n<ul>_x000D_n \t<\/p>\n<li><strong>Formes<\/strong>\u00a0simples, <strong>minimalistes<\/strong>,<\/li>\n<p>_x000D_n \t<\/p>\n<li>Mat\u00e9riaux et coloris bruts et moderne,<\/li>\n<p>_x000D_n \t<\/p>\n<li>Un\u00a0<strong>bois<\/strong> clair refl\u00e8tant bien la <strong>douceur <\/strong>de ce style,<\/li>\n<p>_x000D_n \t<\/p>\n<li><strong>Embout cylindrique inclin\u00e9<\/strong>\u00a0qui <strong>maintient<\/strong>\u00a0tout \u00e9l\u00e9ment suspendu avec respect.<\/li>\n<p>_x000D_n<\/ul>\n<p>_x000D_nEnfin, pour installer la pat\u00e8re murale m\u00e9tallique laqu\u00e9e, vous d\u00e9couvrirez sous son\u00a0<strong>bouton en laiton dor\u00e9<\/strong>, un\u00a0syst\u00e8me d\u2019accrochage compos\u00e9 d\u2019une <strong>vis et sa cheville incluses<\/strong>. La vis est\u00a0<strong>invisible<\/strong> une fois mont\u00e9e.\u00a0Il faut juste une <strong>perceuse<\/strong> pour fixer la cheville et tenir compte de ses <strong>dimensions\u00a0<\/strong>que voici:_x000D_n<\/p>\n<ul>_x000D_n \t<\/p>\n<li>La pat\u00e8re en m\u00e9tal: 12,8 cm X 4 cm<\/li>\n<p>_x000D_n \t<\/p>\n<li>Le cylindre en bois naturel: 5 cm X diam 2,8 cm<\/li>\n<p>_x000D_n \t<\/p>\n<li>Ecartement du mur: 7 cm<\/li>\n<p>_x000D_n \t<\/p>\n<li>Vis: 2,5 cm<\/li>\n<p>_x000D_n<\/ul>\n","protected":false},"excerpt":{"rendered":"<p>Porte-manteau design en m\u00e9tal <strong>laqu\u00e9 bleu p\u00e9trole<\/strong>\u00a0et bois naturel<strong>\u00a0<\/strong>de la marque <em><strong>1001pateres<\/strong><\/em>. Jolie\u00a0pat\u00e8re design qui est pour un usage de porte-manteau, porte-serviette, porte-chapeau.\u00a0Elle est originale et \u00e9pur\u00e9e avec une forme douce et pratique. Une fois pos\u00e9e au mur \u00e0 l&rsquo;aide d&rsquo;une perceuse, elle permet de r\u00e9sister \u00e0 un poids de 5 kg environ.<\/p>\n","protected":false},"featured_media":1890,"comment_status":"closed","ping_status":"open","template":"","meta":[],"product_cat":[29,32,17,23],"product_tag":[26],"class_list":["post-433","product","type-product","status-publish","has-post-thumbnail","hentry","product_cat-chambre-adulte","product_cat-entree-sejour","product_cat-salle-de-bain","product_cat-toilette-wc","product_tag-crochet-patere-patere-design-patere-murale-patere-porte-pateres-porte-serviette-porte-torchon","description-off"],"_links":{"self":[{"href":"https:\/\/roulettes.vaniseo.top\/index.php\/wp-json\/wp\/v2\/product\/433","targetHints":{"allow":["GET"]}}],"collection":[{"href":"https:\/\/roulettes.vaniseo.top\/index.php\/wp-json\/wp\/v2\/product"}],"about":[{"href":"https:\/\/roulettes.vaniseo.top\/index.php\/wp-json\/wp\/v2\/types\/product"}],"replies":[{"embeddable":true,"href":"https:\/\/roulettes.vaniseo.top\/index.php\/wp-json\/wp\/v2\/comments?post=433"}],"version-history":[{"count":0,"href":"https:\/\/roulettes.vaniseo.top\/index.php\/wp-json\/wp\/v2\/product\/433\/revisions"}],"wp:featuredmedia":[{"embeddable":true,"href":"https:\/\/roulettes.vaniseo.top\/index.php\/wp-json\/wp\/v2\/media\/1890"}],"wp:attachment":[{"href":"https:\/\/roulettes.vaniseo.top\/index.php\/wp-json\/wp\/v2\/media?parent=433"}],"wp:term":[{"taxonomy":"product_cat","embeddable":true,"href":"https:\/\/roulettes.vaniseo.top\/index.php\/wp-json\/wp\/v2\/product_cat?post=433"},{"taxonomy":"product_tag","embeddable":true,"href":"https:\/\/roulettes.vaniseo.top\/index.php\/wp-json\/wp\/v2\/product_tag?post=433"}],"curies":[{"name":"wp","href":"https:\/\/api.w.org\/{rel}","templated":true}]}}