{"id":439,"date":"2022-04-04T16:21:44","date_gmt":"2022-04-04T14:21:44","guid":{"rendered":"https:\/\/roulettes.vaniseo.top\/index.php\/produit\/porte-manteau-mural-design-tete-de-chouette-ferm-living\/"},"modified":"2022-04-04T17:20:53","modified_gmt":"2022-04-04T15:20:53","slug":"porte-manteau-mural-design-tete-de-chouette-ferm-living","status":"publish","type":"product","link":"https:\/\/roulettes.vaniseo.top\/index.php\/produit\/porte-manteau-mural-design-tete-de-chouette-ferm-living\/","title":{"rendered":"Porte manteau mural design t\u00eate de chouette FERM LIVING"},"content":{"rendered":"<h3>Pat\u00e8re murale t\u00eate de chouette bordeaux FERM LIVING<\/h3>\n<p>_x000D_n1001 Pat\u00e8res vous fait d\u00e9couvrir ici le porte manteau mural design\u00a0<strong>t\u00eate de chouette<\/strong>\u00a0de la marque <a href=\"https:\/\/fermliving.com\/\" target=\"_blank\" rel=\"noopener\">FERM LIVING<\/a>. Glanez au passage quelques <strong>conseils d&rsquo;installation<\/strong> et des <strong>informations produit<\/strong>._x000D_n_x000D_nTout d&rsquo;abord, d\u00e9couvrez la marque <strong><a href=\"https:\/\/1001pateres.com\/brand\/ferm-living\/\">Ferm Living<\/a><\/strong>, s\u00e9lectionn\u00e9e par 1001 Pat\u00e8res pour la<strong> qualit\u00e9 de ses mat\u00e9riaux<\/strong> utilis\u00e9s et le <strong>design<\/strong> de chacune de ses <strong>pat\u00e8res simples<\/strong>._x000D_n_x000D_nEn effet, Ferm Living est une <strong>marque danoise<\/strong> proposant un <strong>style minimaliste<\/strong> mais <strong>ultra chic<\/strong>. Ainsi, pour une <strong>d\u00e9coration nordique \u00e9pur\u00e9e mais moderne<\/strong>, Ferm Living va vous plaire. Retrouvez l&rsquo;utilisation du marbre, du granit, de l&rsquo;acier, du bois comme ici, mais aussi du verre souffl\u00e9, du lapis lazuli etc._x000D_n_x000D_nDe plus, ici, cette pat\u00e8re murale repr\u00e9sente une <strong>t\u00eate de chouette<\/strong>. Cette t\u00eate d&rsquo;animal est en <strong>bois de h\u00eatre peinte en couleur bordeaux<\/strong>. Il est possible de retrouver dans cette collection de t\u00eates, celle d&rsquo;un <a href=\"https:\/\/1001pateres.com\/produit\/porte-manteau-mural-tete-de-chien-ferm-living\/\">chien jaune<\/a>, d&rsquo;un <a href=\"https:\/\/1001pateres.com\/produit\/porte-manteau-mural-tete-de-lapin-ferm-living\/\">lapin rose<\/a>, d&rsquo;un <a href=\"https:\/\/1001pateres.com\/produit\/porte-manteau-mural-tete-de-panda-ferm-living\/\">panda gris<\/a>. Du fait de son bois peint, elle est aussi <strong>t<\/strong><strong>r\u00e8s r\u00e9sistante<\/strong>.\u00a0Enfin, ce porte manteau mural design t\u00eate de chouette permet un <strong>support de charge sup\u00e9rieur \u00e0 5 kilogrammes<\/strong>._x000D_n_x000D_n&nbsp;_x000D_n<\/p>\n<h3>Conseils d&rsquo;utilisation du porte manteau mural design t\u00eate de chouette<\/h3>\n<p>_x000D_nNos clients le posent la plupart du temps dans une <strong>chambre<\/strong> ou dans l&rsquo;<strong>entr\u00e9e\u00a0<\/strong>pour ne plus voir trainer ses affaires, tout en la <strong>d\u00e9multipliant avec d&rsquo;autres t\u00eates au choix<\/strong>. Cette pat\u00e8re sera donc d&rsquo;une utilit\u00e9 certaine. Le <strong>d\u00e9cor na\u00eff, rigolo<\/strong> rend celle-ci id\u00e9ale dans une <strong>chambre d&rsquo;enfant<\/strong>. Ce mod\u00e8le est de belle qualit\u00e9._x000D_n_x000D_nAussi, elle comporte un syst\u00e8me d&rsquo;accrochage avec une vis et une cheville incluses.\u00a0C&rsquo;est pourquoi, sa pose n\u00e9cessite l&rsquo;utilisation d&rsquo;une perceuse. Mais l&rsquo;ensemble reste invisible une fois install\u00e9e._x000D_n_x000D_nPour informations, voici ses dimensions:_x000D_n<\/p>\n<ul>_x000D_n \t<\/p>\n<li>La t\u00eate de chouette est de diam: 5,5 cm<\/li>\n<p>_x000D_n \t<\/p>\n<li>\u00c9cartement du mur: 1,5 cm<\/li>\n<p>_x000D_n<\/ul>\n<p>_x000D_nContactez nous sans attendre pour toute demande sp\u00e9cifique ou devis en d&rsquo;importante quantit\u00e9.<\/p>\n","protected":false},"excerpt":{"rendered":"<p>Porte-manteau mural en forme de\u00a0<strong>t\u00eate de chouette bordeaux<\/strong>\u00a0\u00ab\u00a0FERM LIVING\u00a0\u00bb.\u00a0Cette t\u00eate d&rsquo;animal de la marque <em><strong>FERM LIVING<\/strong><\/em> est en bois de h\u00eatre peint, tr\u00e8s r\u00e9sistante, et permet un support de charge sup\u00e9rieur \u00e0 5 kilogrammes.\u00a0Elle est \u00e0 poser dans la chambre ou dans l&rsquo;entr\u00e9e\u00a0pour ne plus voir trainer ses affaires.<\/p>\n","protected":false},"featured_media":1913,"comment_status":"closed","ping_status":"open","template":"","meta":[],"product_cat":[16,32],"product_tag":[27],"class_list":["post-439","product","type-product","status-publish","has-post-thumbnail","hentry","product_cat-chambre-enfant","product_cat-entree-sejour","product_tag-crochet-patere-patere-design-patere-murale-patere-porte-pateres-porte-serviette-porte-torchon-vestiaire","description-off"],"_links":{"self":[{"href":"https:\/\/roulettes.vaniseo.top\/index.php\/wp-json\/wp\/v2\/product\/439","targetHints":{"allow":["GET"]}}],"collection":[{"href":"https:\/\/roulettes.vaniseo.top\/index.php\/wp-json\/wp\/v2\/product"}],"about":[{"href":"https:\/\/roulettes.vaniseo.top\/index.php\/wp-json\/wp\/v2\/types\/product"}],"replies":[{"embeddable":true,"href":"https:\/\/roulettes.vaniseo.top\/index.php\/wp-json\/wp\/v2\/comments?post=439"}],"version-history":[{"count":0,"href":"https:\/\/roulettes.vaniseo.top\/index.php\/wp-json\/wp\/v2\/product\/439\/revisions"}],"wp:featuredmedia":[{"embeddable":true,"href":"https:\/\/roulettes.vaniseo.top\/index.php\/wp-json\/wp\/v2\/media\/1913"}],"wp:attachment":[{"href":"https:\/\/roulettes.vaniseo.top\/index.php\/wp-json\/wp\/v2\/media?parent=439"}],"wp:term":[{"taxonomy":"product_cat","embeddable":true,"href":"https:\/\/roulettes.vaniseo.top\/index.php\/wp-json\/wp\/v2\/product_cat?post=439"},{"taxonomy":"product_tag","embeddable":true,"href":"https:\/\/roulettes.vaniseo.top\/index.php\/wp-json\/wp\/v2\/product_tag?post=439"}],"curies":[{"name":"wp","href":"https:\/\/api.w.org\/{rel}","templated":true}]}}