{"id":449,"date":"2022-04-04T16:21:44","date_gmt":"2022-04-04T14:21:44","guid":{"rendered":"https:\/\/roulettes.vaniseo.top\/index.php\/produit\/patere-en-plastique-blanc-et-ses-etoiles-sables-en-bois\/"},"modified":"2022-04-04T17:20:59","modified_gmt":"2022-04-04T15:20:59","slug":"patere-en-plastique-blanc-et-ses-etoiles-sables-en-bois","status":"publish","type":"product","link":"https:\/\/roulettes.vaniseo.top\/index.php\/produit\/patere-en-plastique-blanc-et-ses-etoiles-sables-en-bois\/","title":{"rendered":"Pat\u00e8re en plastique blanc et ses \u00e9toiles sables en bois"},"content":{"rendered":"<h3>Porte manteau en plastique blanc avec 4 \u00e9toiles sables en bois laqu\u00e9<\/h3>\n<p>_x000D_n1001 Pat\u00e8res vous propose de d\u00e9couvrir l&rsquo;une des r\u00e9f\u00e9rences de la marque <strong>NESU<\/strong> tr\u00e8s pr\u00e9sente sur notre site. Il s&rsquo;agit de la <strong>pat\u00e8re en plastique blanc et ses 4 boutons en bois<\/strong>, en forme d&rsquo;<strong>\u00e9toiles sables<\/strong>._x000D_n_x000D_nRetrouvez d&rsquo;ailleurs <a href=\"https:\/\/1001pateres.com\/brand\/nesu\"><strong>NESU<\/strong><\/a> pour une <strong>collection compl\u00e8te dans cet esprit<\/strong>. Le support reste rectangulaire <strong>en bois, en plastique ou en m\u00e9tal peint<\/strong>. Dessus un <strong>imprim\u00e9<\/strong> patchwork, des motifs enfantins, ou des <strong>illustrations<\/strong> peuvent d\u00e9finir le style. Sinon, retrouvez toujours <strong>4 pat\u00e8res originales en bois laqu\u00e9<\/strong>, en parfaite harmonie avec le support._x000D_n_x000D_n&nbsp;_x000D_n<\/p>\n<h3>O\u00f9 installer la pat\u00e8re \u00e0 \u00e9toiles sables NESU?<\/h3>\n<p>_x000D_nIci par exemple, le <strong>support est en plastique PVC blanc<\/strong>, les <strong>pat\u00e8res sont en bois laqu\u00e9<\/strong>, et de couleur sable. L&rsquo;<strong>association sable et blanc<\/strong> permet v\u00e9ritablement de <strong>l&rsquo;installer dans n&rsquo;importe quelle pi\u00e8ce<\/strong>: toilettes, salle de bain, chambre, buanderie, tout est possible! Il sera ensuite agr\u00e9able d&rsquo;utiliser un produit de qualit\u00e9 pour <strong>mieux ranger et optimiser son espace<\/strong>. Celle-ci\u00a0existe aussi en d&rsquo;autres coloris comme:_x000D_n<\/p>\n<ul>_x000D_n \t<\/p>\n<li><a href=\"https:\/\/1001pateres.com\/produit\/patere-etoiles-grises\/\">Blanc avec 4 \u00e9toiles grises<\/a><\/li>\n<p>_x000D_n \t<\/p>\n<li><a href=\"https:\/\/1001pateres.com\/produit\/patere-etoiles-bleues-aux-points-blanc\/\">Bleu avec 4 \u00e9toiles bleues \u00e0 points blancs<\/a><\/li>\n<p>_x000D_n \t<\/p>\n<li><a href=\"https:\/\/1001pateres.com\/produit\/patere-etoiles-roses-aux-points-blanc\/\">Rose avec 4 \u00e9toiles roses \u00e0 points blancs<\/a><\/li>\n<p>_x000D_n<\/ul>\n<p>_x000D_nPar ailleurs, le style d&rsquo;accrochage est tr\u00e8s simple. Il suffit d&rsquo;utiliser <strong>vis et chevilles incluses<\/strong>, et votre perceuse. Le syst\u00e8me d&rsquo;accroche se trouve au dos du produit. Ce qui permet, une fois install\u00e9, de le rendre <strong>invisible<\/strong>._x000D_n_x000D_nVous l&rsquo;aurez compris, en choisissant cette pat\u00e8re en plastique blanc, vous vous offrez un produit <strong>de qualit\u00e9<\/strong>, aux <strong>jolies finitions<\/strong>, et en plus facile d&rsquo;installation. Nos clients le choisissent toujours pour son <strong>\u00e9l\u00e9gance<\/strong> et sa belle qualit\u00e9, en plastique PVC blanc pour le support et en bois laqu\u00e9 teint\u00e9 dans la masse pour les \u00e9toiles.\u00a0<span style=\"line-height: 1.5\">Il\u00a0offre ainsi une touche de douceur ind\u00e9niable.<\/span>_x000D_n_x000D_nPour finir, d\u00e9couvrez ci dessous ses <strong>dimensions<\/strong>:_x000D_n<\/p>\n<ul>_x000D_n \t<\/p>\n<li>Support en plastique PVC blanc: 41 X 6 cm, \u00e9paisseur 1,5 cm<\/li>\n<p>_x000D_n \t<\/p>\n<li>Pat\u00e8re en bois sable laqu\u00e9, \u00e0 l&rsquo;unit\u00e9: 6,5 cm X 6,5 cm,<\/li>\n<p>_x000D_n \t<\/p>\n<li>Ecartement du support: 4,9 cm<\/li>\n<p>_x000D_n<\/ul>\n","protected":false},"excerpt":{"rendered":"<p>Ce porte-manteaux <strong>ETOILES SABLE<\/strong>\u00a0comportant 4 pat\u00e8res de la marque <em><strong>NESU<\/strong><\/em> est en plastique r\u00e9sistant\u00a0et en bois laqu\u00e9. Il est \u00e0 poser partout dans la chambre d&rsquo;enfant pour ne plus voir trainer ses affaires. Son\u00a0syst\u00e8me d&rsquo;accrochage est simple, au dos du support et non visible une fois pos\u00e9e sur le mur. Il\u00a0est original et de belle qualit\u00e9 en PVC pour le support et en bois laqu\u00e9 pour les pat\u00e8res.<\/p>\n","protected":false},"featured_media":1934,"comment_status":"closed","ping_status":"open","template":"","meta":[],"product_cat":[16,17],"product_tag":[25],"class_list":["post-449","product","type-product","status-publish","has-post-thumbnail","hentry","product_cat-chambre-enfant","product_cat-salle-de-bain","product_tag-crochet-patere-patere-design-patere-murale-patere-porte-pateres-porte-manteau-porte-serviette-porte-torchon-vestiaire","description-off"],"_links":{"self":[{"href":"https:\/\/roulettes.vaniseo.top\/index.php\/wp-json\/wp\/v2\/product\/449","targetHints":{"allow":["GET"]}}],"collection":[{"href":"https:\/\/roulettes.vaniseo.top\/index.php\/wp-json\/wp\/v2\/product"}],"about":[{"href":"https:\/\/roulettes.vaniseo.top\/index.php\/wp-json\/wp\/v2\/types\/product"}],"replies":[{"embeddable":true,"href":"https:\/\/roulettes.vaniseo.top\/index.php\/wp-json\/wp\/v2\/comments?post=449"}],"version-history":[{"count":0,"href":"https:\/\/roulettes.vaniseo.top\/index.php\/wp-json\/wp\/v2\/product\/449\/revisions"}],"wp:featuredmedia":[{"embeddable":true,"href":"https:\/\/roulettes.vaniseo.top\/index.php\/wp-json\/wp\/v2\/media\/1934"}],"wp:attachment":[{"href":"https:\/\/roulettes.vaniseo.top\/index.php\/wp-json\/wp\/v2\/media?parent=449"}],"wp:term":[{"taxonomy":"product_cat","embeddable":true,"href":"https:\/\/roulettes.vaniseo.top\/index.php\/wp-json\/wp\/v2\/product_cat?post=449"},{"taxonomy":"product_tag","embeddable":true,"href":"https:\/\/roulettes.vaniseo.top\/index.php\/wp-json\/wp\/v2\/product_tag?post=449"}],"curies":[{"name":"wp","href":"https:\/\/api.w.org\/{rel}","templated":true}]}}