{"id":45,"date":"2022-04-04T16:20:06","date_gmt":"2022-04-04T14:20:06","guid":{"rendered":"https:\/\/roulettes.vaniseo.top\/index.php\/produit\/patere-tige-color-design-aluminium-orange\/"},"modified":"2022-04-04T17:08:42","modified_gmt":"2022-04-04T15:08:42","slug":"patere-tige-color-design-aluminium-orange","status":"publish","type":"product","link":"https:\/\/roulettes.vaniseo.top\/index.php\/produit\/patere-tige-color-design-aluminium-orange\/","title":{"rendered":"Patere tige color design aluminium orange"},"content":{"rendered":"<h3>Porte manteau design tige color orange<\/h3>\n<p>_x000D_n<strong>1001 Pat\u00e8res<\/strong> pr\u00e9sente ici sa <strong>patere tige color design aluminium orange<\/strong>. Elle int\u00e8gre la collection du m\u00eame nom offrant un large choix de coloris m\u00e9tallis\u00e9s._x000D_n_x000D_nEn effet, <strong><a href=\"https:\/\/1001pateres.com\/brand\/1001pateres\/\">1001 Pat\u00e8res<\/a> est le n\u00b01 en France<\/strong> de la vente en ligne de pat\u00e8res te porte manteaux. Elle s\u00e9lectionne <strong>dans le monde entier des designers<\/strong> offrant des r\u00e9f\u00e9rences au meilleur rapport qualit\u00e9 prix, mais propose aussi <strong>ses propres produits<\/strong>. Ainsi, sur une seule et m\u00eame page, vous avez l&rsquo;opportunit\u00e9 de profiter d&rsquo;un maximum de choix pour <strong>plus de rangement et de d\u00e9coration d&rsquo;int\u00e9rieur<\/strong>. \u00a0Profitez-en et <strong>soutenez au passage un site de vente en ligne fran\u00e7ais<\/strong>!_x000D_n_x000D_n&nbsp;_x000D_n<\/p>\n<h3>Patere tige Color design aluminium orange<\/h3>\n<p>_x000D_nComme nous vous le disions en pr\u00e9ambule, cette patere tige Color ci-contre int\u00e8gre une collection enti\u00e8re aux couleurs m\u00e9tallis\u00e9es, \u00e0 savoir: <strong><a href=\"https:\/\/1001pateres.com\/produit\/patere-tige-color-design-aluminium-noir\/\">noir<\/a><\/strong><strong>, violet, brun, vert, alu, dor\u00e9, bleu roi, turquoise, et rouge<\/strong>. Celle-ci sp\u00e9cifiquement est orange. Toutes offriront un <strong>facilit\u00e9 d&rsquo;utilisation<\/strong> et beaucoup de <strong>vivacit\u00e9<\/strong> gr\u00e2ce \u00e0 ces coloris vifs et cette <strong>finition m\u00e9tallis\u00e9e<\/strong>._x000D_n_x000D_n1001 Pat\u00e8res conseille \u00e0 ses clients une installation o\u00f9 bon leur semble puisque la mati\u00e8re est <strong>inoxydable<\/strong>. En effet, son utilisation comme porte gant, porte serviette, ou encore porte serviette dans une salle de bain n&rsquo;alt\u00e8rera en rien sa qualit\u00e9._x000D_n_x000D_nDe ce fait, ce porte manteau design tige Color orange offrira <strong>modernit\u00e9<\/strong> et practicit\u00e9 en tout lieu._x000D_n_x000D_nEnfin, il inclut vis et cheville pour sa fixation. L&rsquo;ensemble est invisible une fois install\u00e9. Facile \u00e0 poser, sa pose n\u00e9cessite toutefois, une perceuse pour positionner la cheville dans le mur._x000D_n_x000D_nPar ailleurs, pensez \u00e0 tenir compte de ses dimensions, notamment dans le cas o\u00f9 vous pensez les d\u00e9multiplier en ligne sur un m\u00eame pan de mur. Ses propres <strong>dimensions<\/strong> sont donc:_x000D_n<\/p>\n<ul>_x000D_n \t<\/p>\n<li>Pat\u00e8re tige Color orange: 5,3 cm X 2 cm<\/li>\n<p>_x000D_n \t<\/p>\n<li>Diam\u00e8tre de la base: 3,2 cm<\/li>\n<p>_x000D_n \t<\/p>\n<li>Vis de 2,3 cm<\/li>\n<p>_x000D_n<\/ul>\n","protected":false},"excerpt":{"rendered":"<p>Belle pat\u00e8re design en forme de <em><strong>tige<\/strong><\/em> color en aluminium teint\u00e9 dans la masse <strong>orange<\/strong> qui peut servir de porte torchon, porte serviette, porte gant, porte manteau.\u00a0Pat\u00e8re murale au design \u00e9pur\u00e9e, elle sera tr\u00e8s pratique \u00e0 l&rsquo;utilisation.<\/p>\n","protected":false},"featured_media":795,"comment_status":"closed","ping_status":"open","template":"","meta":[],"product_cat":[19,20,21,22,17,23],"product_tag":[27],"class_list":["post-45","product","type-product","status-publish","has-post-thumbnail","hentry","product_cat-collectivite","product_cat-cuisine","product_cat-entreprise","product_cat-pro","product_cat-salle-de-bain","product_cat-toilette-wc","product_tag-crochet-patere-patere-design-patere-murale-patere-porte-pateres-porte-serviette-porte-torchon-vestiaire","description-off"],"_links":{"self":[{"href":"https:\/\/roulettes.vaniseo.top\/index.php\/wp-json\/wp\/v2\/product\/45","targetHints":{"allow":["GET"]}}],"collection":[{"href":"https:\/\/roulettes.vaniseo.top\/index.php\/wp-json\/wp\/v2\/product"}],"about":[{"href":"https:\/\/roulettes.vaniseo.top\/index.php\/wp-json\/wp\/v2\/types\/product"}],"replies":[{"embeddable":true,"href":"https:\/\/roulettes.vaniseo.top\/index.php\/wp-json\/wp\/v2\/comments?post=45"}],"version-history":[{"count":0,"href":"https:\/\/roulettes.vaniseo.top\/index.php\/wp-json\/wp\/v2\/product\/45\/revisions"}],"wp:featuredmedia":[{"embeddable":true,"href":"https:\/\/roulettes.vaniseo.top\/index.php\/wp-json\/wp\/v2\/media\/795"}],"wp:attachment":[{"href":"https:\/\/roulettes.vaniseo.top\/index.php\/wp-json\/wp\/v2\/media?parent=45"}],"wp:term":[{"taxonomy":"product_cat","embeddable":true,"href":"https:\/\/roulettes.vaniseo.top\/index.php\/wp-json\/wp\/v2\/product_cat?post=45"},{"taxonomy":"product_tag","embeddable":true,"href":"https:\/\/roulettes.vaniseo.top\/index.php\/wp-json\/wp\/v2\/product_tag?post=45"}],"curies":[{"name":"wp","href":"https:\/\/api.w.org\/{rel}","templated":true}]}}