{"id":452,"date":"2022-04-04T16:21:44","date_gmt":"2022-04-04T14:21:44","guid":{"rendered":"https:\/\/roulettes.vaniseo.top\/index.php\/produit\/patere-bois-blanc-decape-avec-4-crochets-acier-vieilli-nesu\/"},"modified":"2022-04-04T17:21:01","modified_gmt":"2022-04-04T15:21:01","slug":"patere-bois-blanc-decape-avec-4-crochets-acier-vieilli-nesu","status":"publish","type":"product","link":"https:\/\/roulettes.vaniseo.top\/index.php\/produit\/patere-bois-blanc-decape-avec-4-crochets-acier-vieilli-nesu\/","title":{"rendered":"Pat\u00e8re bois blanc d\u00e9cap\u00e9 avec 4 crochets acier vieilli NESU"},"content":{"rendered":"<h3>Porte manteau bois blanc d\u00e9cap\u00e9 4 crochets acier vieilli<\/h3>\n<p>_x000D_n<strong>1001 Pat\u00e8res<\/strong> pr\u00e9sente ci dessous l&rsquo;ensemble du <strong>descriptif technique et d\u00e9coratif<\/strong> de cette <strong>pat\u00e8re bois blanc d\u00e9cap\u00e9<\/strong> avec ces <strong>4 crochets acier vieilli<\/strong> de la marque <a href=\"https:\/\/1001pateres.com\/brand\/nesu\">NESU<\/a>._x000D_n_x000D_nNos clients ont succomb\u00e9 \u00e0 cette r\u00e9f\u00e9rence pour son <strong>style rustique<\/strong>. <strong>Passe partout avec ces couleurs<\/strong> acier et blanc d\u00e9cap\u00e9, c&rsquo;est le <strong>must-have<\/strong> s&rsquo;adaptant \u00e0 de nombreuses pi\u00e8ces de la maison._x000D_n_x000D_nIl comporte un <strong>support en bois blanc d\u00e9cap\u00e9<\/strong> offrant un <strong>effet vintage, us\u00e9<\/strong>. Pour autant le bois est de <strong>tr\u00e8s bonne qualit\u00e9 et robustesse<\/strong>. De la m\u00eame mani\u00e8re pour les <strong>4 pat\u00e8res en acier<\/strong> qui sont tr\u00e8s qualitatives. Celles-ci sont en forme de <strong>crochets doubles<\/strong>. Ce n&rsquo;est donc pas 4 solutions de rangements que vous vous offrez, mais<strong> 8<\/strong> !_x000D_n_x000D_nAvec la s\u00e9lection 1001 Pat\u00e8res de porte manteaux de la marque NESU vous n&rsquo;aurez aucun mal \u00e0 d\u00e9corer l&rsquo;ensemble de votre maison. Il y en a pour toute la famille! Des plus petits b\u00e9b\u00e9s comme aux adultes, chacun dispose d&rsquo;un style pour mieux ranger ses affaires au quotidien, avec \u00e9l\u00e9gance._x000D_n_x000D_nD&rsquo;ailleurs, <strong>dans le m\u00eame esprit<\/strong>, NESU vous propose aussi d&rsquo;autres <strong>pat\u00e8res vintages en bois blanc vieilli<\/strong> avec des crochets:_x000D_n<\/p>\n<ul>_x000D_n \t<\/p>\n<li><a href=\"https:\/\/1001pateres.com\/produit\/patere-bois-blanc-vielli-crochets-acier-vintage\/\">Argent\u00e9s<\/a>,<\/li>\n<p>_x000D_n \t<\/p>\n<li><a href=\"https:\/\/1001pateres.com\/produit\/patere-bois-blanc-vieilli-crochets-noir-vieilli\/\">Noirs vieillis<\/a><\/li>\n<p>_x000D_n \t<\/p>\n<li><a href=\"https:\/\/1001pateres.com\/produit\/patere-bois-blanc-vielli-crochets-dores\/\">Dor\u00e9s<\/a><\/li>\n<p>_x000D_n<\/ul>\n<p>_x000D_n&nbsp;_x000D_n<\/p>\n<h3>4 crochets doubles sur pat\u00e8re bois blanc d\u00e9cap\u00e9 : comment l&rsquo;installer?<\/h3>\n<p>_x000D_nEnfin, son\u00a0<strong>syst\u00e8me d&rsquo;accrochage<\/strong> est simple. Les fixations au dos sont non visibles une fois pos\u00e9e sur le mur. Vous aimerez ainsi disposer d&rsquo;un produit aux <strong>finitions parfaites et efficaces<\/strong>. D&rsquo;ailleurs pour la f<span style=\"line-height: 1.5\">ixation\u00a0au mur, cette r\u00e9f\u00e9rence inclut 2 vis et chevilles. Sa pose n\u00e9cessite l&rsquo;usage de votre perceuse.<\/span>_x000D_n_x000D_nPensez toujours \u00e0 v\u00e9rifier les <strong>dimensions<\/strong> de l&rsquo;espace que vous souhaitez lui attribuer et les comparer \u00e0 celles de votre futur achat, ici:_x000D_n<\/p>\n<ul>_x000D_n \t<\/p>\n<li>Le support 45 cm X 10 cm<\/li>\n<p>_x000D_n \t<\/p>\n<li>Les pat\u00e8res 13 cm<\/li>\n<p>_x000D_n \t<\/p>\n<li>Ecartement du mur 8,5 cm<\/li>\n<p>_x000D_n<\/ul>\n<p>_x000D_nN&rsquo;h\u00e9sitez pas \u00e0 contacter 1001 Pat\u00e8res pour une commande en importante qualit\u00e9, une offre tarifaire pourra \u00eatre r\u00e9alis\u00e9e. De la m\u00eame fa\u00e7on, si vous avez des questions compl\u00e9mentaires, l&rsquo;espace Contact de ce site vous attend.<\/p>\n","protected":false},"excerpt":{"rendered":"<p>Ce porte-manteaux rustique pour l&rsquo;<strong>ENTREE<\/strong> comportant 4 pat\u00e8res crochets doubles de la marque <em><strong>NESU<\/strong><\/em> est en bois blanc vieilli avec les crochets acier vieilli. Il est \u00e0 poser partout dans la maison pour ne plus voir trainer ses affaires.\u00a0Son\u00a0syst\u00e8me d&rsquo;accrochage est simple, Les fixations au dos sont non visibles une fois pos\u00e9e sur le mur. Il est\u00a0original et de belle qualit\u00e9, en acier vieilli et en bois blanc vieilli.<\/p>\n","protected":false},"featured_media":1937,"comment_status":"closed","ping_status":"open","template":"","meta":[],"product_cat":[29,20,32,17],"product_tag":[25],"class_list":["post-452","product","type-product","status-publish","has-post-thumbnail","hentry","product_cat-chambre-adulte","product_cat-cuisine","product_cat-entree-sejour","product_cat-salle-de-bain","product_tag-crochet-patere-patere-design-patere-murale-patere-porte-pateres-porte-manteau-porte-serviette-porte-torchon-vestiaire","description-off"],"_links":{"self":[{"href":"https:\/\/roulettes.vaniseo.top\/index.php\/wp-json\/wp\/v2\/product\/452","targetHints":{"allow":["GET"]}}],"collection":[{"href":"https:\/\/roulettes.vaniseo.top\/index.php\/wp-json\/wp\/v2\/product"}],"about":[{"href":"https:\/\/roulettes.vaniseo.top\/index.php\/wp-json\/wp\/v2\/types\/product"}],"replies":[{"embeddable":true,"href":"https:\/\/roulettes.vaniseo.top\/index.php\/wp-json\/wp\/v2\/comments?post=452"}],"version-history":[{"count":0,"href":"https:\/\/roulettes.vaniseo.top\/index.php\/wp-json\/wp\/v2\/product\/452\/revisions"}],"wp:featuredmedia":[{"embeddable":true,"href":"https:\/\/roulettes.vaniseo.top\/index.php\/wp-json\/wp\/v2\/media\/1937"}],"wp:attachment":[{"href":"https:\/\/roulettes.vaniseo.top\/index.php\/wp-json\/wp\/v2\/media?parent=452"}],"wp:term":[{"taxonomy":"product_cat","embeddable":true,"href":"https:\/\/roulettes.vaniseo.top\/index.php\/wp-json\/wp\/v2\/product_cat?post=452"},{"taxonomy":"product_tag","embeddable":true,"href":"https:\/\/roulettes.vaniseo.top\/index.php\/wp-json\/wp\/v2\/product_tag?post=452"}],"curies":[{"name":"wp","href":"https:\/\/api.w.org\/{rel}","templated":true}]}}