{"id":459,"date":"2022-04-04T16:21:47","date_gmt":"2022-04-04T14:21:47","guid":{"rendered":"https:\/\/roulettes.vaniseo.top\/index.php\/produit\/porte-vetements-chambre-enfant-blanc-et-ballons-de-football\/"},"modified":"2022-04-04T17:21:07","modified_gmt":"2022-04-04T15:21:07","slug":"porte-vetements-chambre-enfant-blanc-et-ballons-de-football","status":"publish","type":"product","link":"https:\/\/roulettes.vaniseo.top\/index.php\/produit\/porte-vetements-chambre-enfant-blanc-et-ballons-de-football\/","title":{"rendered":"Porte v\u00eatements chambre enfant blanc et ballons de football"},"content":{"rendered":"<h3>Patere chambre enfant blanche avec 4 boutons de ballon de football<\/h3>\n<p>_x000D_nD\u00e9couvrez toutes les informations sp\u00e9cifiques li\u00e9es \u00e0 ce <strong>porte v\u00eatements chambre enfant blanc<\/strong> et ses <strong>4 boutons en forme de ballons de football<\/strong> de la marque NESU._x000D_n_x000D_n1001 Pat\u00e8res a choisi <a href=\"https:\/\/1001pateres.com\/brand\/nesu\/\"><strong>NESU<\/strong><\/a> pour de nombreuses r\u00e9f\u00e9rences de porte v\u00eatements. Quelque soit la pi\u00e8ce de la maison, il y a forc\u00e9ment une r\u00e9f\u00e9rence NESU que vous aimerez. Jetez notamment un coup d&rsquo;oeil \u00e0 deux de ses collections. La premi\u00e8re est une passe partout en pin, rectangulaire avec 4 pat\u00e8res en boules, tr\u00e8s simple. Des vernis aux coloris diff\u00e9rents\u00a0sont disponibles sur notre site._x000D_n_x000D_nPar ailleurs, la seconde collection est l\u00e0 aussi un <strong>rectangle<\/strong> mais l\u00e0 tr\u00e8s <strong>original<\/strong>. Celui-ci est en bois de h\u00eatre ou en <a href=\"https:\/\/1001pateres.com\/produit\/patere-vintage-fleur-lavande\/\">m\u00e9tal<\/a>. Il porte toujours <strong>4 crochets<\/strong>. En revanche, ce qui fait sa beaut\u00e9 r\u00e9side dans ses <strong>illustrations<\/strong>, ses <strong>imprim\u00e9s<\/strong> toujours en accord avec les <strong>crochets<\/strong>. L&rsquo;ensemble convient toujours \u00e0<strong> l&rsquo;une des pi\u00e8ces de votre maison<\/strong>, avec <strong>go\u00fbt<\/strong> et <strong>qualit\u00e9<\/strong>._x000D_n_x000D_n&nbsp;_x000D_n<\/p>\n<h3>Installation du porte v\u00eatements pour chambre enfant blanc<\/h3>\n<p>_x000D_nAinsi, ici cette pat\u00e8re chambre enfant blanche avec 4 boutons de ballon de football\u00a0est en <strong>plastique r\u00e9sistant<\/strong>. Suspendue sur un mur blanc par exemple, seuls les ballons noir et blanc ressortiront et viendront compl\u00e9ter une <strong>d\u00e9coration \u00e0 l&rsquo;esprit sportif<\/strong>! L&rsquo;id\u00e9al pour une <strong>salle de sport<\/strong>, un <strong>vestiaire<\/strong> et une <strong>chambre d&rsquo;enfant<\/strong>. Existe aussi avec des motifs d&rsquo;<a href=\"https:\/\/1001pateres.com\/produit\/patere-chambre-enfant-4-boutons-animaux\/\">animaux illustr\u00e9s<\/a> et des <a href=\"https:\/\/1001pateres.com\/produit\/patere-ballons-de-basket\/\">ballons de basket<\/a>._x000D_n_x000D_nDe plus, son\u00a0installation est simple. Elle se fait au dos du support et reste non visible une fois pos\u00e9e sur le mur. <strong>V<\/strong><span style=\"line-height: 1.5\"><strong>is et chevilles sont fournies<\/strong>. Sa pose n\u00e9cessite bien s\u00fbr l&rsquo;usage d&rsquo;une perceuse.<\/span>_x000D_n_x000D_nEnfin, voici les <strong>dimensions<\/strong> de ce porte v\u00eatements \u00e0 comparer avec celles du pan de mur destin\u00e9 \u00e0 le recevoir :_x000D_n<\/p>\n<ul>_x000D_n \t<\/p>\n<li>Le support 41 cm X 6 cm, \u00e9paisseur 1,5 cm<\/li>\n<p>_x000D_n \t<\/p>\n<li>Les pat\u00e8res diam\u00e8tre 5 cm<\/li>\n<p>_x000D_n \t<\/p>\n<li>Ecartement du support 4,2 cm<\/li>\n<p>_x000D_n<\/ul>\n<p>_x000D_nNos clients aiment la belle\u00a0<strong>qualit\u00e9<\/strong> et les belles <strong>finitions<\/strong> de cette <strong>pat\u00e8re ludique et originale<\/strong>. Et vous?<\/p>\n","protected":false},"excerpt":{"rendered":"<p>Ce porte-manteaux <strong>BALLONS DE FOOTBALL<\/strong> comportant 4 pat\u00e8res de la marque <em><strong>NESU<\/strong><\/em> est en plastique r\u00e9sistant\u00a0et est \u00e0 poser partout dans la chambre d&rsquo;enfant pour ne plus voir trainer ses affaires. Son\u00a0syst\u00e8me d&rsquo;accrochage est simple, au dos du support et non visible une fois pos\u00e9e sur le mur. Il\u00a0est original et de belle qualit\u00e9 en PVC.<\/p>\n","protected":false},"featured_media":1944,"comment_status":"closed","ping_status":"open","template":"","meta":[],"product_cat":[16,32],"product_tag":[25],"class_list":["post-459","product","type-product","status-publish","has-post-thumbnail","hentry","product_cat-chambre-enfant","product_cat-entree-sejour","product_tag-crochet-patere-patere-design-patere-murale-patere-porte-pateres-porte-manteau-porte-serviette-porte-torchon-vestiaire","description-off"],"_links":{"self":[{"href":"https:\/\/roulettes.vaniseo.top\/index.php\/wp-json\/wp\/v2\/product\/459","targetHints":{"allow":["GET"]}}],"collection":[{"href":"https:\/\/roulettes.vaniseo.top\/index.php\/wp-json\/wp\/v2\/product"}],"about":[{"href":"https:\/\/roulettes.vaniseo.top\/index.php\/wp-json\/wp\/v2\/types\/product"}],"replies":[{"embeddable":true,"href":"https:\/\/roulettes.vaniseo.top\/index.php\/wp-json\/wp\/v2\/comments?post=459"}],"version-history":[{"count":0,"href":"https:\/\/roulettes.vaniseo.top\/index.php\/wp-json\/wp\/v2\/product\/459\/revisions"}],"wp:featuredmedia":[{"embeddable":true,"href":"https:\/\/roulettes.vaniseo.top\/index.php\/wp-json\/wp\/v2\/media\/1944"}],"wp:attachment":[{"href":"https:\/\/roulettes.vaniseo.top\/index.php\/wp-json\/wp\/v2\/media?parent=459"}],"wp:term":[{"taxonomy":"product_cat","embeddable":true,"href":"https:\/\/roulettes.vaniseo.top\/index.php\/wp-json\/wp\/v2\/product_cat?post=459"},{"taxonomy":"product_tag","embeddable":true,"href":"https:\/\/roulettes.vaniseo.top\/index.php\/wp-json\/wp\/v2\/product_tag?post=459"}],"curies":[{"name":"wp","href":"https:\/\/api.w.org\/{rel}","templated":true}]}}