{"id":46,"date":"2022-04-04T16:20:06","date_gmt":"2022-04-04T14:20:06","guid":{"rendered":"https:\/\/roulettes.vaniseo.top\/index.php\/produit\/patere-tige-color-design-aluminium-noir\/"},"modified":"2022-04-04T17:08:42","modified_gmt":"2022-04-04T15:08:42","slug":"patere-tige-color-design-aluminium-noir","status":"publish","type":"product","link":"https:\/\/roulettes.vaniseo.top\/index.php\/produit\/patere-tige-color-design-aluminium-noir\/","title":{"rendered":"Patere tige color design aluminium noir"},"content":{"rendered":"<h3>Porte manteau design noir tige color<\/h3>\n<p>_x000D_n<strong>1001 Pat\u00e8res<\/strong> vous propose de d\u00e9couvrir toutes les informations techniques et d\u00e9coratives concernant cette <strong>patere tige color design aluminium noir<\/strong>._x000D_n_x000D_nEn effet, 1001 Pat\u00e8res est le <strong>leader en France<\/strong> de la vente en ligne de pat\u00e8res et porte manteaux. Il vous propose des r\u00e9f\u00e9rences issues des <strong>designers internationaux<\/strong> au <strong>meilleur rapport qualit\u00e9-prix<\/strong>. Ainsi, sur une seule et m\u00eame adresse, vous disposez d&rsquo;un vaste choix pour optimiser rangement et d\u00e9coration int\u00e9rieur, tout en minimisant les frais de port. <strong>Soutenez ce site fran\u00e7ais pour vos achats en ligne<\/strong>!_x000D_n_x000D_n&nbsp;_x000D_n<\/p>\n<h3>Patere tige color design en aluminium noir<\/h3>\n<p>_x000D_nIci, il s&rsquo;agit de la patere tige Color en aluminum de notre propre marque <strong>1001 Pat\u00e8res<\/strong>. Celle-ci est disponible au sein d&rsquo;une <strong>collection compl\u00e8te<\/strong> aux couleurs vari\u00e9es. Retrouvez donc sur notre site de nombreuses <strong>couleurs m\u00e9tallis\u00e9es<\/strong> comme : <strong>orange, violet, brun, vert, alu, dor\u00e9, bleu roi, turquoise, et <a href=\"https:\/\/1001pateres.com\/produit\/patere-tige-color-design-aluminium-rouge\/\">rouge<\/a><\/strong>._x000D_n_x000D_nIci, la patere tige est donc la version <strong>noire<\/strong>. Cette belle pat\u00e8re en forme de <em><strong>tige<\/strong><\/em> design en aluminium est teint\u00e9e dans la masse._x000D_n_x000D_nAinsi, comme toute tige, elle peut servir de porte torchon, porte serviette, porte gant ou porte manteau. Le fait d&rsquo;\u00eatre en aluminium la rend <strong>inoxydable<\/strong>. Elle s&rsquo;utilisera donc aussi facilement dans une pi\u00e8ce humide comme la <strong>salle de bain<\/strong>, que dans une <strong>entr\u00e9e<\/strong>, ou un <strong>bureau<\/strong>. A installer partout, elle offre un\u00a0<strong>design \u00e9pur\u00e9, moderne<\/strong>, et une grande practicit\u00e9 \u00a0d&rsquo;utilisation._x000D_n_x000D_nEnfin, c\u00f4t\u00e9 installation, elle comporte une tige et un syst\u00e8me de fixation avec sa vis et sa cheville. La vis est non visible.\u00a0Facile \u00e0 poser, sa pose n\u00e9cessite une per\u00e7euse pour positionner la cheville dans le mur. Voici ses dimensions sp\u00e9cifiques:_x000D_n<\/p>\n<ul>_x000D_n \t<\/p>\n<li>Patere tige: 5,3 cm X 2 cm<\/li>\n<p>_x000D_n \t<\/p>\n<li>Diam\u00e8tre de la base: 3,2 cm<\/li>\n<p>_x000D_n \t<\/p>\n<li>Vis de 2,3 cm<\/li>\n<p>_x000D_n<\/ul>\n<p>_x000D_nTenez compte de ces dimensions notamment si vous pensez en installer plusieurs en ligne sur un m\u00eame pan de mur.<\/p>\n","protected":false},"excerpt":{"rendered":"<p>Belle pat\u00e8re design en forme de <em><strong>tige<\/strong><\/em> color en aluminium teint\u00e9 dans la masse <strong>noir<\/strong> qui peut servir de porte torchon, porte serviette, porte gant, porte manteau.\u00a0Pat\u00e8re murale au design \u00e9pur\u00e9e, elle sera tr\u00e8s pratique \u00e0 l&rsquo;utilisation.<\/p>\n","protected":false},"featured_media":798,"comment_status":"closed","ping_status":"open","template":"","meta":[],"product_cat":[19,20,21,22,17,23],"product_tag":[27],"class_list":["post-46","product","type-product","status-publish","has-post-thumbnail","hentry","product_cat-collectivite","product_cat-cuisine","product_cat-entreprise","product_cat-pro","product_cat-salle-de-bain","product_cat-toilette-wc","product_tag-crochet-patere-patere-design-patere-murale-patere-porte-pateres-porte-serviette-porte-torchon-vestiaire","description-off"],"_links":{"self":[{"href":"https:\/\/roulettes.vaniseo.top\/index.php\/wp-json\/wp\/v2\/product\/46","targetHints":{"allow":["GET"]}}],"collection":[{"href":"https:\/\/roulettes.vaniseo.top\/index.php\/wp-json\/wp\/v2\/product"}],"about":[{"href":"https:\/\/roulettes.vaniseo.top\/index.php\/wp-json\/wp\/v2\/types\/product"}],"replies":[{"embeddable":true,"href":"https:\/\/roulettes.vaniseo.top\/index.php\/wp-json\/wp\/v2\/comments?post=46"}],"version-history":[{"count":0,"href":"https:\/\/roulettes.vaniseo.top\/index.php\/wp-json\/wp\/v2\/product\/46\/revisions"}],"wp:featuredmedia":[{"embeddable":true,"href":"https:\/\/roulettes.vaniseo.top\/index.php\/wp-json\/wp\/v2\/media\/798"}],"wp:attachment":[{"href":"https:\/\/roulettes.vaniseo.top\/index.php\/wp-json\/wp\/v2\/media?parent=46"}],"wp:term":[{"taxonomy":"product_cat","embeddable":true,"href":"https:\/\/roulettes.vaniseo.top\/index.php\/wp-json\/wp\/v2\/product_cat?post=46"},{"taxonomy":"product_tag","embeddable":true,"href":"https:\/\/roulettes.vaniseo.top\/index.php\/wp-json\/wp\/v2\/product_tag?post=46"}],"curies":[{"name":"wp","href":"https:\/\/api.w.org\/{rel}","templated":true}]}}