{"id":474,"date":"2022-04-04T16:21:47","date_gmt":"2022-04-04T14:21:47","guid":{"rendered":"https:\/\/roulettes.vaniseo.top\/index.php\/produit\/patere-murale-bois-feuilles-sur-fond-violet\/"},"modified":"2022-04-04T17:21:15","modified_gmt":"2022-04-04T15:21:15","slug":"patere-murale-bois-feuilles-sur-fond-violet","status":"publish","type":"product","link":"https:\/\/roulettes.vaniseo.top\/index.php\/produit\/patere-murale-bois-feuilles-sur-fond-violet\/","title":{"rendered":"Pat\u00e8re murale bois feuilles sur fond violet"},"content":{"rendered":"<h3>Porte manteau mural bois fa\u00e7on h\u00eatre 4 crochets m\u00e9tal vieilli<\/h3>\n<p>_x000D_n1001 Pat\u00e8res vous d\u00e9voile ci dessous les informations d\u00e9di\u00e9es \u00e0 la <strong>pat\u00e8re murale bois feuilles sur fond violet<\/strong> de la marque <strong>NESU<\/strong>._x000D_n_x000D_n<a href=\"https:\/\/1001pateres.com\/brand\/nesu\/\">NESU<\/a> est l&rsquo;une des marques les plus pr\u00e9sentes chez 1001 Pat\u00e8res. Vous retrouvez gr\u00e2ce \u00e0 elle,<strong> deux grands styles de pat\u00e8re murale en bois ou m\u00e9tal<\/strong>._x000D_n_x000D_nLa premi\u00e8re est comme ci-contre: un <strong>support rectangulaire imprim\u00e9<\/strong> disposant de 4 crochets. La seconde est dans un <strong>style plus authentique et classique en bois de pin<\/strong> avec 4 boutons ronds. Cette derni\u00e8re offre des coloris vari\u00e9s \u00e9galement comme <a href=\"https:\/\/1001pateres.com\/produit\/patere-bois-3-crochets-pin-blanc\/\">blanc laqu\u00e9<\/a>, <a href=\"https:\/\/1001pateres.com\/produit\/patere-bois-3-crochets-pin-verni-miel\/\">pin vernis miel<\/a>, <a href=\"https:\/\/1001pateres.com\/produit\/patere-bois-3-crochets-pin-verni-naturel\/\">pin vernis naturel<\/a>&#8230;_x000D_n_x000D_nAinsi, ici, 1001 Pat\u00e8res vous propose ce support rectangulaire en <strong>bois vieilli<\/strong>, <strong>imprim\u00e9 aux couleurs violette, rose et blanche<\/strong> et aux motifs de <strong>feuilles<\/strong>. Vous adorerez l&rsquo;<strong>association<\/strong> avec des <strong>4 pat\u00e8res\u00a0en m\u00e9tal vieilli<\/strong>. Il est \u00e0 poser dans l&rsquo;entr\u00e9e ou toute autre pi\u00e8ce de votre maison ou entreprise. N&rsquo;h\u00e9sitez pas \u00e0 jeter un oeil au reste de la collection en tapant <em>NESU<\/em> dans l&rsquo;espace de recherche._x000D_n_x000D_nPar ailleurs, pour l&rsquo;installer, c&rsquo;est simple, trouvez au dos du support sa zone \u00e0 visser \u00e0 l&rsquo;aide de deux vis et chevilles fournies. L&rsquo;ensemble sera donc non visible une fois pos\u00e9 sur le mur. De ce fait, pensez toutefois \u00e0 vous munir de votre propre perceuse._x000D_n_x000D_n&nbsp;_x000D_n<\/p>\n<h3>O\u00f9 installer cette pat\u00e8re murale bois?<\/h3>\n<p>_x000D_nPour finir, vous l&rsquo;aurez compris ce <strong>porte manteau mural bois<\/strong> est\u00a0original de part ses motifs et coloris en plus d&rsquo;\u00eatre de tr\u00e8s belle qualit\u00e9. <strong>Bois et m\u00e9tal vieillis<\/strong> offrent un style vestiaire, mais les couleurs sont plut\u00f4t f\u00e9minines.\u00a0Ce type de pat\u00e8re est donc parfaite dans un <strong>dressing<\/strong>! Ses dimensions sont pr\u00e9cis\u00e9es ci apr\u00e8s pour pouvoir vous assurer d&rsquo;o\u00f9 l&rsquo;installer d\u00e8s maintenant:_x000D_n<\/p>\n<ul>_x000D_n \t<\/p>\n<li>Le support 40,5 cm X 10,5 cm, \u00e9paisseur 2 cm<\/li>\n<p>_x000D_n \t<\/p>\n<li>Les pat\u00e8res hauteur 8 cm, \u00e9cartement du support 5,5 cm<\/li>\n<p>_x000D_n<\/ul>\n","protected":false},"excerpt":{"rendered":"<p>Ce porte-manteaux <strong>bois FEUILLES sur fond violet<\/strong>\u00a0comportant 4 pat\u00e8res de la marque <em><strong>NESU<\/strong><\/em> est en bois fa\u00e7on h\u00eatre et m\u00e9tal dor\u00e9 vieilli. Il est \u00e0 poser dans l&rsquo;entr\u00e9e pour ne plus voir trainer ses affaires. Son\u00a0syst\u00e8me d&rsquo;accrochage est simple, au dos du support et non visible une fois pos\u00e9e sur le mur. Il\u00a0est original et de belle qualit\u00e9 en bois d\u00e9cor\u00e9 pour le support et en m\u00e9tal dor\u00e9 vieilli pour les crochets double pat\u00e8res qui peuvent servir de vestiaires.<\/p>\n","protected":false},"featured_media":1970,"comment_status":"closed","ping_status":"open","template":"","meta":[],"product_cat":[32],"product_tag":[25],"class_list":["post-474","product","type-product","status-publish","has-post-thumbnail","hentry","product_cat-entree-sejour","product_tag-crochet-patere-patere-design-patere-murale-patere-porte-pateres-porte-manteau-porte-serviette-porte-torchon-vestiaire","description-off"],"_links":{"self":[{"href":"https:\/\/roulettes.vaniseo.top\/index.php\/wp-json\/wp\/v2\/product\/474","targetHints":{"allow":["GET"]}}],"collection":[{"href":"https:\/\/roulettes.vaniseo.top\/index.php\/wp-json\/wp\/v2\/product"}],"about":[{"href":"https:\/\/roulettes.vaniseo.top\/index.php\/wp-json\/wp\/v2\/types\/product"}],"replies":[{"embeddable":true,"href":"https:\/\/roulettes.vaniseo.top\/index.php\/wp-json\/wp\/v2\/comments?post=474"}],"version-history":[{"count":0,"href":"https:\/\/roulettes.vaniseo.top\/index.php\/wp-json\/wp\/v2\/product\/474\/revisions"}],"wp:featuredmedia":[{"embeddable":true,"href":"https:\/\/roulettes.vaniseo.top\/index.php\/wp-json\/wp\/v2\/media\/1970"}],"wp:attachment":[{"href":"https:\/\/roulettes.vaniseo.top\/index.php\/wp-json\/wp\/v2\/media?parent=474"}],"wp:term":[{"taxonomy":"product_cat","embeddable":true,"href":"https:\/\/roulettes.vaniseo.top\/index.php\/wp-json\/wp\/v2\/product_cat?post=474"},{"taxonomy":"product_tag","embeddable":true,"href":"https:\/\/roulettes.vaniseo.top\/index.php\/wp-json\/wp\/v2\/product_tag?post=474"}],"curies":[{"name":"wp","href":"https:\/\/api.w.org\/{rel}","templated":true}]}}