{"id":483,"date":"2022-04-04T16:21:51","date_gmt":"2022-04-04T14:21:51","guid":{"rendered":"https:\/\/roulettes.vaniseo.top\/index.php\/produit\/patere-acier-dore-galet-chanterelle-grand-modele-ferm-living\/"},"modified":"2022-04-04T17:21:20","modified_gmt":"2022-04-04T15:21:20","slug":"patere-acier-dore-galet-chanterelle-grand-modele-ferm-living","status":"publish","type":"product","link":"https:\/\/roulettes.vaniseo.top\/index.php\/produit\/patere-acier-dore-galet-chanterelle-grand-modele-ferm-living\/","title":{"rendered":"Pat\u00e8re acier dor\u00e9 galet CHANTERELLE grand mod\u00e8le FERM LIVING"},"content":{"rendered":"<h3>Porte manteau design galet CHANTERELLE dor\u00e9 FERM LIVING<\/h3>\n<p>_x000D_n1001 Pat\u00e8res vous propose de d\u00e9couvrir ici l&rsquo;ensemble des informations concernant la <strong>pat\u00e8re acier dor\u00e9<\/strong> en forme de <strong>galet<\/strong>. Il s&rsquo;agit du <strong>grand mod\u00e8le CHANTERELLE<\/strong> de la marque\u00a0<a href=\"https:\/\/fermliving.com\/\" target=\"_blank\" rel=\"noopener\"><strong>FERM LIVING<\/strong><\/a>._x000D_n_x000D_nBien s\u00fbr, vous pourrez comme toujours vous en servir de <strong>porte-manteau<\/strong>, <strong>porte-serviette<\/strong>, ou encore <strong>porte-chapeau<\/strong>._x000D_n_x000D_nMais tout d&rsquo;abord, d\u00e9couvrez la marque <a href=\"https:\/\/1001pateres.com\/brand\/ferm-living\/\"><strong>Ferm Living<\/strong><\/a> pour mieux comprendre le produit! Cette marque est <strong>danoise<\/strong>. R\u00e9solument <strong>scandinaves<\/strong>, les produits s\u00e9lectionn\u00e9s par 1001 Pat\u00e8res sont tous des <strong>pat\u00e8res \u00e0 crochet unique<\/strong> utilisant des <strong>mat\u00e9riaux nobles<\/strong> comme le <strong>marbre<\/strong>, le <strong>granit<\/strong>, le <strong>laiton<\/strong> et comme ici <strong>l&rsquo;acier.<\/strong>_x000D_n_x000D_nD&rsquo;ailleurs, ici, l&rsquo;acier est <strong>dor\u00e9<\/strong>. Ce porte manteau design propose une <strong>forme originale\u00a0et \u00e9pur\u00e9e<\/strong> avec un <strong>toucher doux et pratique<\/strong>.\u00a0Aussi, l&rsquo;acier dor\u00e9 est de <strong>tr\u00e8s belle qualit\u00e9<\/strong> et la grandeur du galet permet aux v\u00eatements d&rsquo;\u00e9viter de tomber au sol._x000D_n_x000D_n&nbsp;_x000D_n<\/p>\n<h3>Conseil d&rsquo;insertion d&rsquo;une pat\u00e8re acier dor\u00e9 dans un int\u00e9rieur<\/h3>\n<p>_x000D_nCette pat\u00e8re galet CHANTERELLE grand mod\u00e8le dor\u00e9 de la marque FERM LIVING comporte une <strong>base avec une tige viss\u00e9e de l&rsquo;int\u00e9rieur<\/strong>\u00a0et un syst\u00e8me d&rsquo;accrochage avec sa vis et sa cheville. La vis est non visible une fois mont\u00e9e. Ce mod\u00e8le est facile \u00e0 poser mais n\u00e9cessite une perceuse pour positionner la cheville._x000D_n_x000D_nCelle-ci s&rsquo;adaptera \u00e0 toutes les pi\u00e8ces de votre maison et plus particuli\u00e8rement dans l&rsquo;<a href=\"https:\/\/1001pateres.com\/univers\/sejours\/\">entr\u00e9e<\/a>. De plus, elle apportera une touche de <strong>modernit\u00e9<\/strong> \u00e0 votre univers. Bien s\u00fbr, il est aussi possible de l&rsquo;utiliser dans un bureau ou toute autre pi\u00e8ce <a href=\"https:\/\/1001pateres.com\/pro\/\">professionnelle<\/a>._x000D_n_x000D_nPour fini, voici ses dimensions:_x000D_n<\/p>\n<ul>_x000D_n \t<\/p>\n<li>Le galet dim 7 cm x 6 cm<\/li>\n<p>_x000D_n \t<\/p>\n<li>Ecartement du mur 3,2 cm<\/li>\n<p>_x000D_n<\/ul>\n","protected":false},"excerpt":{"rendered":"<p>Pat\u00e8re galet <strong>CHANTERELLE<\/strong> <em><strong>grand mod\u00e8le acier<\/strong>\u00a0dor\u00e9<\/em>\u00a0FERM LIVING. Jolie pat\u00e8re design en forme de galet pour un usage de porte-manteau, porte-serviette ou porte-chapeau.\u00a0Elle est originale et \u00e9pur\u00e9e avec une forme douce et pratique. Une fois pos\u00e9e au mur \u00e0 l&rsquo;aide d&rsquo;une perceuse, elle permet de r\u00e9sister \u00e0 un poids de 5 kg environ.<\/p>\n","protected":false},"featured_media":774,"comment_status":"closed","ping_status":"open","template":"","meta":[],"product_cat":[19,32,21,22,17],"product_tag":[26],"class_list":["post-483","product","type-product","status-publish","has-post-thumbnail","hentry","product_cat-collectivite","product_cat-entree-sejour","product_cat-entreprise","product_cat-pro","product_cat-salle-de-bain","product_tag-crochet-patere-patere-design-patere-murale-patere-porte-pateres-porte-serviette-porte-torchon","description-off"],"_links":{"self":[{"href":"https:\/\/roulettes.vaniseo.top\/index.php\/wp-json\/wp\/v2\/product\/483","targetHints":{"allow":["GET"]}}],"collection":[{"href":"https:\/\/roulettes.vaniseo.top\/index.php\/wp-json\/wp\/v2\/product"}],"about":[{"href":"https:\/\/roulettes.vaniseo.top\/index.php\/wp-json\/wp\/v2\/types\/product"}],"replies":[{"embeddable":true,"href":"https:\/\/roulettes.vaniseo.top\/index.php\/wp-json\/wp\/v2\/comments?post=483"}],"version-history":[{"count":0,"href":"https:\/\/roulettes.vaniseo.top\/index.php\/wp-json\/wp\/v2\/product\/483\/revisions"}],"wp:featuredmedia":[{"embeddable":true,"href":"https:\/\/roulettes.vaniseo.top\/index.php\/wp-json\/wp\/v2\/media\/774"}],"wp:attachment":[{"href":"https:\/\/roulettes.vaniseo.top\/index.php\/wp-json\/wp\/v2\/media?parent=483"}],"wp:term":[{"taxonomy":"product_cat","embeddable":true,"href":"https:\/\/roulettes.vaniseo.top\/index.php\/wp-json\/wp\/v2\/product_cat?post=483"},{"taxonomy":"product_tag","embeddable":true,"href":"https:\/\/roulettes.vaniseo.top\/index.php\/wp-json\/wp\/v2\/product_tag?post=483"}],"curies":[{"name":"wp","href":"https:\/\/api.w.org\/{rel}","templated":true}]}}