{"id":49,"date":"2022-04-04T16:20:06","date_gmt":"2022-04-04T14:20:06","guid":{"rendered":"https:\/\/roulettes.vaniseo.top\/index.php\/produit\/patere-color-design-aluminium-brun\/"},"modified":"2022-04-04T17:08:42","modified_gmt":"2022-04-04T15:08:42","slug":"patere-color-design-aluminium-brun","status":"publish","type":"product","link":"https:\/\/roulettes.vaniseo.top\/index.php\/produit\/patere-color-design-aluminium-brun\/","title":{"rendered":"Pat\u00e8re color design aluminium brun"},"content":{"rendered":"<h4>Crochet porte-manteau aluminium marron.<\/h4>\n<p>_x000D_nPat\u00e8re color design <strong>aluminium<\/strong> <em><strong>brun<\/strong><\/em>._x000D_n_x000D_nBelle pat\u00e8re de la s\u00e9rie \u00ab\u00a0color\u00a0\u00bb de couleur design en aluminium brun\u00a0qui peut servir de porte torchon, porte serviette, porte gant, porte manteau._x000D_n_x000D_nMurale au design \u00e9pur\u00e9e, elle comporte\u00a0une forme arrondie et est de tr\u00e8s belle qualit\u00e9._x000D_n_x000D_nElle comporte un crochet et un syst\u00e8me d&rsquo;accrochage avec ses vis, ses chevilles et sa clef allen, les vis sont non visibles._x000D_n_x000D_nDe couleur brun\u00a0brillant, elle conviendra parfaitement dans un univers moderne._x000D_n_x000D_nElle est facile \u00e0 poser mais n\u00e9cessite une per\u00e7euse pour positionner les chevilles._x000D_n<\/p>\n<h4>Dimensions :<\/h4>\n<p>_x000D_n<\/p>\n<ul>_x000D_n \t<\/p>\n<li>La pat\u00e8re 5 cm X 1,3 cm<\/li>\n<p>_x000D_n \t<\/p>\n<li>\u00e9cartement maxi 4\u00a0cm<\/li>\n<p>_x000D_n \t<\/p>\n<li>Vis de 2,3 cm<\/li>\n<p>_x000D_n<\/ul>\n","protected":false},"excerpt":{"rendered":"<p>Belle<strong> pat\u00e8re color design<\/strong> aluminium <em><strong>brun<\/strong><\/em>. Ce crochet poss\u00e8de un syst\u00e8me de fixation non visible et peut servir de porte torchon, porte serviette, porte gant, porte manteau.\u00a0Ce porte-manteau est mural au design \u00e9pur\u00e9 avec une forme arrondie. Sa fixation est facile mais n\u00e9cessite l&rsquo;usage d&rsquo;une perceuse.<\/p>\n","protected":false},"featured_media":807,"comment_status":"closed","ping_status":"open","template":"","meta":[],"product_cat":[19,20,21,22,17,23],"product_tag":[27],"class_list":["post-49","product","type-product","status-publish","has-post-thumbnail","hentry","product_cat-collectivite","product_cat-cuisine","product_cat-entreprise","product_cat-pro","product_cat-salle-de-bain","product_cat-toilette-wc","product_tag-crochet-patere-patere-design-patere-murale-patere-porte-pateres-porte-serviette-porte-torchon-vestiaire","description-off"],"_links":{"self":[{"href":"https:\/\/roulettes.vaniseo.top\/index.php\/wp-json\/wp\/v2\/product\/49","targetHints":{"allow":["GET"]}}],"collection":[{"href":"https:\/\/roulettes.vaniseo.top\/index.php\/wp-json\/wp\/v2\/product"}],"about":[{"href":"https:\/\/roulettes.vaniseo.top\/index.php\/wp-json\/wp\/v2\/types\/product"}],"replies":[{"embeddable":true,"href":"https:\/\/roulettes.vaniseo.top\/index.php\/wp-json\/wp\/v2\/comments?post=49"}],"version-history":[{"count":0,"href":"https:\/\/roulettes.vaniseo.top\/index.php\/wp-json\/wp\/v2\/product\/49\/revisions"}],"wp:featuredmedia":[{"embeddable":true,"href":"https:\/\/roulettes.vaniseo.top\/index.php\/wp-json\/wp\/v2\/media\/807"}],"wp:attachment":[{"href":"https:\/\/roulettes.vaniseo.top\/index.php\/wp-json\/wp\/v2\/media?parent=49"}],"wp:term":[{"taxonomy":"product_cat","embeddable":true,"href":"https:\/\/roulettes.vaniseo.top\/index.php\/wp-json\/wp\/v2\/product_cat?post=49"},{"taxonomy":"product_tag","embeddable":true,"href":"https:\/\/roulettes.vaniseo.top\/index.php\/wp-json\/wp\/v2\/product_tag?post=49"}],"curies":[{"name":"wp","href":"https:\/\/api.w.org\/{rel}","templated":true}]}}